{"version":"1.0","provider_name":"We Love Cinema","provider_url":"https:\/\/welovecinema.be\/nl\/","author_name":"fred","author_url":"https:\/\/welovecinema.be\/nl\/author\/fred\/","title":"Nieuwe trailer voor \u00abThe Social Reckoning\u00bb! - We Love Cinema","type":"rich","width":600,"height":338,"html":"<blockquote class=\"wp-embedded-content\" data-secret=\"l6Js9izPFQ\"><a href=\"https:\/\/welovecinema.be\/nl\/nieuwe-trailer-voor-the-social-reckoning\/\">Nieuwe trailer voor \u00abThe Social Reckoning\u00bb!<\/a><\/blockquote><iframe sandbox=\"allow-scripts\" security=\"restricted\" src=\"https:\/\/welovecinema.be\/nl\/nieuwe-trailer-voor-the-social-reckoning\/embed\/#?secret=l6Js9izPFQ\" width=\"600\" height=\"338\" title=\"&#8220;Nieuwe trailer voor \u00abThe Social Reckoning\u00bb!&#8221; &#8212; We Love Cinema\" data-secret=\"l6Js9izPFQ\" frameborder=\"0\" marginwidth=\"0\" marginheight=\"0\" scrolling=\"no\" class=\"wp-embedded-content\"><\/iframe><script>\n\/*! This file is auto-generated *\/\n!function(d,l){\"use strict\";l.querySelector&&d.addEventListener&&\"undefined\"!=typeof URL&&(d.wp=d.wp||{},d.wp.receiveEmbedMessage||(d.wp.receiveEmbedMessage=function(e){var t=e.data;if((t||t.secret||t.message||t.value)&&!\/[^a-zA-Z0-9]\/.test(t.secret)){for(var s,r,n,a=l.querySelectorAll('iframe[data-secret=\"'+t.secret+'\"]'),o=l.querySelectorAll('blockquote[data-secret=\"'+t.secret+'\"]'),c=new RegExp(\"^https?:$\",\"i\"),i=0;i<o.length;i++)o[i].style.display=\"none\";for(i=0;i<a.length;i++)s=a[i],e.source===s.contentWindow&&(s.removeAttribute(\"style\"),\"height\"===t.message?(1e3<(r=parseInt(t.value,10))?r=1e3:~~r<200&&(r=200),s.height=r):\"link\"===t.message&&(r=new URL(s.getAttribute(\"src\")),n=new URL(t.value),c.test(n.protocol))&&n.host===r.host&&l.activeElement===s&&(d.top.location.href=t.value))}},d.addEventListener(\"message\",d.wp.receiveEmbedMessage,!1),l.addEventListener(\"DOMContentLoaded\",function(){for(var e,t,s=l.querySelectorAll(\"iframe.wp-embedded-content\"),r=0;r<s.length;r++)(t=(e=s[r]).getAttribute(\"data-secret\"))||(t=Math.random().toString(36).substring(2,12),e.src+=\"#?secret=\"+t,e.setAttribute(\"data-secret\",t)),e.contentWindow.postMessage({message:\"ready\",secret:t},\"*\")},!1)))}(window,document);\n\/\/# sourceURL=https:\/\/welovecinema.be\/wp-includes\/js\/wp-embed.min.js\n<\/script>\n","thumbnail_url":"https:\/\/welovecinema.be\/wp-content\/uploads\/sites\/2\/2026\/09\/social-reckoning.jpg","thumbnail_width":2000,"thumbnail_height":1334,"description":"Zestien jaar geleden scoorde David Fincher \u00e9\u00e9n van de grootste hits uit zijn carri\u00e8re met The Social Network, over de begindagen van Facebook. Nu maakt Hollywood zich op het dossier rond die beruchte site en zijn moederbedrijf Meta nog eens open te slaan. The Social Reckoning heet de nieuwe film, en het wordt een dramatische &hellip;"}

Zestien jaar geleden scoorde David Fincher één van de grootste hits uit zijn carrière met The Social Network, over de begindagen van Facebook. Nu maakt Hollywood zich op het dossier rond die beruchte site en zijn moederbedrijf Meta nog eens open te slaan. The Social Reckoning heet de nieuwe film, en het wordt een dramatische &hellip;
