{"version":"1.0","provider_name":"We Love Cinema","provider_url":"https:\/\/welovecinema.be\/nl\/","author_name":"Kurt.Vandemaele","author_url":"https:\/\/welovecinema.be\/nl\/author\/kurt-vandemaele\/","title":"De gebroeders Dardenne willen een baby van u - We Love Cinema","type":"rich","width":600,"height":338,"html":"<blockquote class=\"wp-embedded-content\" data-secret=\"EnzVf47Tqw\"><a href=\"https:\/\/welovecinema.be\/nl\/de-gebroeders-dardenne-willen-een-baby-van-u\/\">De gebroeders Dardenne willen een baby van u<\/a><\/blockquote><iframe sandbox=\"allow-scripts\" security=\"restricted\" src=\"https:\/\/welovecinema.be\/nl\/de-gebroeders-dardenne-willen-een-baby-van-u\/embed\/#?secret=EnzVf47Tqw\" width=\"600\" height=\"338\" title=\"&#8220;De gebroeders Dardenne willen een baby van u&#8221; &#8212; We Love Cinema\" data-secret=\"EnzVf47Tqw\" frameborder=\"0\" marginwidth=\"0\" marginheight=\"0\" scrolling=\"no\" class=\"wp-embedded-content\"><\/iframe><script type=\"text\/javascript\">\n\/* <![CDATA[ *\/\n\/*! This file is auto-generated *\/\n!function(d,l){\"use strict\";l.querySelector&&d.addEventListener&&\"undefined\"!=typeof URL&&(d.wp=d.wp||{},d.wp.receiveEmbedMessage||(d.wp.receiveEmbedMessage=function(e){var t=e.data;if((t||t.secret||t.message||t.value)&&!\/[^a-zA-Z0-9]\/.test(t.secret)){for(var s,r,n,a=l.querySelectorAll('iframe[data-secret=\"'+t.secret+'\"]'),o=l.querySelectorAll('blockquote[data-secret=\"'+t.secret+'\"]'),c=new RegExp(\"^https?:$\",\"i\"),i=0;i<o.length;i++)o[i].style.display=\"none\";for(i=0;i<a.length;i++)s=a[i],e.source===s.contentWindow&&(s.removeAttribute(\"style\"),\"height\"===t.message?(1e3<(r=parseInt(t.value,10))?r=1e3:~~r<200&&(r=200),s.height=r):\"link\"===t.message&&(r=new URL(s.getAttribute(\"src\")),n=new URL(t.value),c.test(n.protocol))&&n.host===r.host&&l.activeElement===s&&(d.top.location.href=t.value))}},d.addEventListener(\"message\",d.wp.receiveEmbedMessage,!1),l.addEventListener(\"DOMContentLoaded\",function(){for(var e,t,s=l.querySelectorAll(\"iframe.wp-embedded-content\"),r=0;r<s.length;r++)(t=(e=s[r]).getAttribute(\"data-secret\"))||(t=Math.random().toString(36).substring(2,12),e.src+=\"#?secret=\"+t,e.setAttribute(\"data-secret\",t)),e.contentWindow.postMessage({message:\"ready\",secret:t},\"*\")},!1)))}(window,document);\n\/* ]]> *\/\n<\/script>\n","thumbnail_url":"https:\/\/welovecinema.be\/wp-content\/uploads\/sites\/2\/2013\/07\/pc-2-300x1691.jpg","thumbnail_width":300,"thumbnail_height":169,"description":"Emilie Dequenne, D\u00e9borah Fran\u00e7ois, Thomas Doret, J\u00e9r\u00e9mie Renier\u2026 Het zijn allemaal mensen die op jonge leeftijd hun carri\u00e8res door de gebroeders Dardenne gelanceerd zagen en inmiddels zijn uitgegroeid tot vaste waarden. Maar nu zoeken ze nog jonger talent en de taal speelt niet meteen een rol. \u00a0Een kans misschien om uw kind een filmcarri\u00e8re te &hellip;"}

Emilie Dequenne, Déborah François, Thomas Doret, Jérémie Renier… Het zijn allemaal mensen die op jonge leeftijd hun carrières door de gebroeders Dardenne gelanceerd zagen en inmiddels zijn uitgegroeid tot vaste waarden. Maar nu zoeken ze nog jonger talent en de taal speelt niet meteen een rol.  Een kans misschien om uw kind een filmcarrière te &hellip;
