{"version":"1.0","provider_name":"We Love Cinema","provider_url":"https:\/\/welovecinema.be\/nl\/","author_name":"Kurt.Vandemaele","author_url":"https:\/\/welovecinema.be\/nl\/author\/kurt-vandemaele\/","title":"B\u00fclent \u00d6zt\u00fcrk filmt niet in eigen taal - We Love Cinema","type":"rich","width":600,"height":338,"html":"<blockquote class=\"wp-embedded-content\" data-secret=\"pchl5uvKoy\"><a href=\"https:\/\/welovecinema.be\/nl\/bulent-ozturk-filmt-eigen-taal\/\">B\u00fclent \u00d6zt\u00fcrk filmt niet in eigen taal<\/a><\/blockquote><iframe sandbox=\"allow-scripts\" security=\"restricted\" src=\"https:\/\/welovecinema.be\/nl\/bulent-ozturk-filmt-eigen-taal\/embed\/#?secret=pchl5uvKoy\" width=\"600\" height=\"338\" title=\"&#8220;B\u00fclent \u00d6zt\u00fcrk filmt niet in eigen taal&#8221; &#8212; We Love Cinema\" data-secret=\"pchl5uvKoy\" frameborder=\"0\" marginwidth=\"0\" marginheight=\"0\" scrolling=\"no\" class=\"wp-embedded-content\"><\/iframe><script type=\"text\/javascript\">\n\/* <![CDATA[ *\/\n\/*! This file is auto-generated *\/\n!function(d,l){\"use strict\";l.querySelector&&d.addEventListener&&\"undefined\"!=typeof URL&&(d.wp=d.wp||{},d.wp.receiveEmbedMessage||(d.wp.receiveEmbedMessage=function(e){var t=e.data;if((t||t.secret||t.message||t.value)&&!\/[^a-zA-Z0-9]\/.test(t.secret)){for(var s,r,n,a=l.querySelectorAll('iframe[data-secret=\"'+t.secret+'\"]'),o=l.querySelectorAll('blockquote[data-secret=\"'+t.secret+'\"]'),c=new RegExp(\"^https?:$\",\"i\"),i=0;i<o.length;i++)o[i].style.display=\"none\";for(i=0;i<a.length;i++)s=a[i],e.source===s.contentWindow&&(s.removeAttribute(\"style\"),\"height\"===t.message?(1e3<(r=parseInt(t.value,10))?r=1e3:~~r<200&&(r=200),s.height=r):\"link\"===t.message&&(r=new URL(s.getAttribute(\"src\")),n=new URL(t.value),c.test(n.protocol))&&n.host===r.host&&l.activeElement===s&&(d.top.location.href=t.value))}},d.addEventListener(\"message\",d.wp.receiveEmbedMessage,!1),l.addEventListener(\"DOMContentLoaded\",function(){for(var e,t,s=l.querySelectorAll(\"iframe.wp-embedded-content\"),r=0;r<s.length;r++)(t=(e=s[r]).getAttribute(\"data-secret\"))||(t=Math.random().toString(36).substring(2,12),e.src+=\"#?secret=\"+t,e.setAttribute(\"data-secret\",t)),e.contentWindow.postMessage({message:\"ready\",secret:t},\"*\")},!1)))}(window,document);\n\/* ]]> *\/\n<\/script>\n","thumbnail_url":"https:\/\/welovecinema.be\/wp-content\/uploads\/sites\/2\/2017\/06\/IMG_9383-e1497962017708.jpg","thumbnail_width":618,"thumbnail_height":412,"description":"Als Koerdische Turk is het moeilijk om te weten wat je taal is. \u00a0Zijn moedertaal spreekt hij onvoldoende en de taal die hij op school geleerd heeft, beschouwt hij niet als de zijne. Maar heeft hij geen taal, hij heeft des te meer beelden. Intussen is hij Belg en drukt hij zich, zoals je kunt &hellip;"}

Bülent Öztürk filmt niet in eigen taal - We Love Cinema

<blockquote class="wp-embedded-content" data-secret="pchl5uvKoy"><a href="https://welovecinema.be/nl/bulent-ozturk-filmt-eigen-taal/">Bülent Öztürk filmt niet in eigen taal</a></blockquote><iframe sandbox="allow-scripts" security="restricted" src="https://welovecinema.be/nl/bulent-ozturk-filmt-eigen-taal/embed/#?secret=pchl5uvKoy" width="600" height="338" title="&#8220;Bülent Öztürk filmt niet in eigen taal&#8221; &#8212; We Love Cinema" data-secret="pchl5uvKoy" frameborder="0" marginwidth="0" marginheight="0" scrolling="no" class="wp-embedded-content"></iframe><script type="text/javascript">
/* <![CDATA[ */
/*! This file is auto-generated */
!function(d,l){"use strict";l.querySelector&&d.addEventListener&&"undefined"!=typeof URL&&(d.wp=d.wp||{},d.wp.receiveEmbedMessage||(d.wp.receiveEmbedMessage=function(e){var t=e.data;if((t||t.secret||t.message||t.value)&&!/[^a-zA-Z0-9]/.test(t.secret)){for(var s,r,n,a=l.querySelectorAll('iframe[data-secret="'+t.secret+'"]'),o=l.querySelectorAll('blockquote[data-secret="'+t.secret+'"]'),c=new RegExp("^https?:$","i"),i=0;i<o.length;i++)o[i].style.display="none";for(i=0;i<a.length;i++)s=a[i],e.source===s.contentWindow&&(s.removeAttribute("style"),"height"===t.message?(1e3<(r=parseInt(t.value,10))?r=1e3:~~r<200&&(r=200),s.height=r):"link"===t.message&&(r=new URL(s.getAttribute("src")),n=new URL(t.value),c.test(n.protocol))&&n.host===r.host&&l.activeElement===s&&(d.top.location.href=t.value))}},d.addEventListener("message",d.wp.receiveEmbedMessage,!1),l.addEventListener("DOMContentLoaded",function(){for(var e,t,s=l.querySelectorAll("iframe.wp-embedded-content"),r=0;r<s.length;r++)(t=(e=s[r]).getAttribute("data-secret"))||(t=Math.random().toString(36).substring(2,12),e.src+="#?secret="+t,e.setAttribute("data-secret",t)),e.contentWindow.postMessage({message:"ready",secret:t},"*")},!1)))}(window,document);
/* ]]> */
</script>
