{"version":"1.0","provider_name":"We Love Cinema","provider_url":"https:\/\/welovecinema.be\/fr\/","author_name":"Philippe.Pierquin","author_url":"https:\/\/welovecinema.be\/fr\/author\/philippe-pierquin\/","title":"Vu du FIFF  La politique pour les gourmets - We Love Cinema","type":"rich","width":600,"height":338,"html":"<blockquote class=\"wp-embedded-content\" data-secret=\"2APAdw1Px9\"><a href=\"https:\/\/welovecinema.be\/fr\/vu-du-fiff-la-politique-pour-les-gourmets\/\">Vu du FIFF <br> La politique pour les gourmets<\/a><\/blockquote><iframe sandbox=\"allow-scripts\" security=\"restricted\" src=\"https:\/\/welovecinema.be\/fr\/vu-du-fiff-la-politique-pour-les-gourmets\/embed\/#?secret=2APAdw1Px9\" width=\"600\" height=\"338\" title=\"\u00ab\u00a0Vu du FIFF &lt;br&gt; La politique pour les gourmets\u00a0\u00bb &#8212; We Love Cinema\" data-secret=\"2APAdw1Px9\" frameborder=\"0\" marginwidth=\"0\" marginheight=\"0\" scrolling=\"no\" class=\"wp-embedded-content\"><\/iframe><script type=\"text\/javascript\">\n\/* <![CDATA[ *\/\n\/*! This file is auto-generated *\/\n!function(d,l){\"use strict\";l.querySelector&&d.addEventListener&&\"undefined\"!=typeof URL&&(d.wp=d.wp||{},d.wp.receiveEmbedMessage||(d.wp.receiveEmbedMessage=function(e){var t=e.data;if((t||t.secret||t.message||t.value)&&!\/[^a-zA-Z0-9]\/.test(t.secret)){for(var s,r,n,a=l.querySelectorAll('iframe[data-secret=\"'+t.secret+'\"]'),o=l.querySelectorAll('blockquote[data-secret=\"'+t.secret+'\"]'),c=new RegExp(\"^https?:$\",\"i\"),i=0;i<o.length;i++)o[i].style.display=\"none\";for(i=0;i<a.length;i++)s=a[i],e.source===s.contentWindow&&(s.removeAttribute(\"style\"),\"height\"===t.message?(1e3<(r=parseInt(t.value,10))?r=1e3:~~r<200&&(r=200),s.height=r):\"link\"===t.message&&(r=new URL(s.getAttribute(\"src\")),n=new URL(t.value),c.test(n.protocol))&&n.host===r.host&&l.activeElement===s&&(d.top.location.href=t.value))}},d.addEventListener(\"message\",d.wp.receiveEmbedMessage,!1),l.addEventListener(\"DOMContentLoaded\",function(){for(var e,t,s=l.querySelectorAll(\"iframe.wp-embedded-content\"),r=0;r<s.length;r++)(t=(e=s[r]).getAttribute(\"data-secret\"))||(t=Math.random().toString(36).substring(2,12),e.src+=\"#?secret=\"+t,e.setAttribute(\"data-secret\",t)),e.contentWindow.postMessage({message:\"ready\",secret:t},\"*\")},!1)))}(window,document);\n\/* ]]> *\/\n<\/script>\n","thumbnail_url":"https:\/\/welovecinema.be\/wp-content\/uploads\/sites\/2\/2011\/10\/exercice-aff.jpg","thumbnail_width":"1027","thumbnail_height":"685","description":"Olivier Gourmet en ministre (des transports)\u00a0de la R\u00e9publique fran\u00e7aise, il fallait l&rsquo;imaginer. D&rsquo;apr\u00e8s ce que nous ont dit ses producteurs (Archipel 35 et Les Films du Fleuve), ce fut toujours le premier choix de Pierre Schoeller le r\u00e9alisateur que nous rencontrons demain et \u00e0 qui, bien s\u00fbr, nous poserons la question. Il n&#8217;emp\u00eache que cette &hellip;"}

Olivier Gourmet en ministre (des transports) de la République française, il fallait l&rsquo;imaginer. D&rsquo;après ce que nous ont dit ses producteurs (Archipel 35 et Les Films du Fleuve), ce fut toujours le premier choix de Pierre Schoeller le réalisateur que nous rencontrons demain et à qui, bien sûr, nous poserons la question. Il n&#8217;empêche que cette &hellip;
