{"version":"1.0","provider_name":"We Love Cinema","provider_url":"https:\/\/welovecinema.be\/fr\/","author_name":"Philippe.Pierquin","author_url":"https:\/\/welovecinema.be\/fr\/author\/philippe-pierquin\/","title":"Verdict positif \u00e0 Montr\u00e9al pour le cin\u00e9ma belge - We Love Cinema","type":"rich","width":600,"height":338,"html":"<blockquote class=\"wp-embedded-content\" data-secret=\"cqY6G8mwg8\"><a href=\"https:\/\/welovecinema.be\/fr\/verdict-positif-a-montreal-pour-le-cinema-belge\/\">Verdict positif \u00e0 Montr\u00e9al pour le cin\u00e9ma belge<\/a><\/blockquote><iframe sandbox=\"allow-scripts\" security=\"restricted\" src=\"https:\/\/welovecinema.be\/fr\/verdict-positif-a-montreal-pour-le-cinema-belge\/embed\/#?secret=cqY6G8mwg8\" width=\"600\" height=\"338\" title=\"\u00ab\u00a0Verdict positif \u00e0 Montr\u00e9al pour le cin\u00e9ma belge\u00a0\u00bb &#8212; We Love Cinema\" data-secret=\"cqY6G8mwg8\" frameborder=\"0\" marginwidth=\"0\" marginheight=\"0\" scrolling=\"no\" class=\"wp-embedded-content\"><\/iframe><script type=\"text\/javascript\">\n\/* <![CDATA[ *\/\n\/*! This file is auto-generated *\/\n!function(d,l){\"use strict\";l.querySelector&&d.addEventListener&&\"undefined\"!=typeof URL&&(d.wp=d.wp||{},d.wp.receiveEmbedMessage||(d.wp.receiveEmbedMessage=function(e){var t=e.data;if((t||t.secret||t.message||t.value)&&!\/[^a-zA-Z0-9]\/.test(t.secret)){for(var s,r,n,a=l.querySelectorAll('iframe[data-secret=\"'+t.secret+'\"]'),o=l.querySelectorAll('blockquote[data-secret=\"'+t.secret+'\"]'),c=new RegExp(\"^https?:$\",\"i\"),i=0;i<o.length;i++)o[i].style.display=\"none\";for(i=0;i<a.length;i++)s=a[i],e.source===s.contentWindow&&(s.removeAttribute(\"style\"),\"height\"===t.message?(1e3<(r=parseInt(t.value,10))?r=1e3:~~r<200&&(r=200),s.height=r):\"link\"===t.message&&(r=new URL(s.getAttribute(\"src\")),n=new URL(t.value),c.test(n.protocol))&&n.host===r.host&&l.activeElement===s&&(d.top.location.href=t.value))}},d.addEventListener(\"message\",d.wp.receiveEmbedMessage,!1),l.addEventListener(\"DOMContentLoaded\",function(){for(var e,t,s=l.querySelectorAll(\"iframe.wp-embedded-content\"),r=0;r<s.length;r++)(t=(e=s[r]).getAttribute(\"data-secret\"))||(t=Math.random().toString(36).substring(2,12),e.src+=\"#?secret=\"+t,e.setAttribute(\"data-secret\",t)),e.contentWindow.postMessage({message:\"ready\",secret:t},\"*\")},!1)))}(window,document);\n\/* ]]> *\/\n<\/script>\n","thumbnail_url":"https:\/\/welovecinema.be\/wp-content\/uploads\/sites\/2\/2013\/09\/1737vkoen-de-bouw-acteur-jan-verheyen-realisateur-jappe-claes-acteur-het-vonnis-le-verdict-belgique-sylvainlegare-ffm.jpg","thumbnail_width":800,"thumbnail_height":533,"description":"Nous avons eu le nez fin hier soir en laissant entendre sur notre page Facebook que Het Vonnis pourrait bien se distinguer au Festival des Films du Monde Montr\u00e9al. La vid\u00e9o que nous avons publi\u00e9e (voir ICI) \u00e9tait, il est vrai, assez \u00e9loquente. Quelques heures plus tard (d\u00e9calage horaire oblige), lors de la c\u00e9r\u00e9monie de &hellip;"}

Verdict positif à Montréal pour le cinéma belge - We Love Cinema

<blockquote class="wp-embedded-content" data-secret="cqY6G8mwg8"><a href="https://welovecinema.be/fr/verdict-positif-a-montreal-pour-le-cinema-belge/">Verdict positif à Montréal pour le cinéma belge</a></blockquote><iframe sandbox="allow-scripts" security="restricted" src="https://welovecinema.be/fr/verdict-positif-a-montreal-pour-le-cinema-belge/embed/#?secret=cqY6G8mwg8" width="600" height="338" title="« Verdict positif à Montréal pour le cinéma belge » &#8212; We Love Cinema" data-secret="cqY6G8mwg8" frameborder="0" marginwidth="0" marginheight="0" scrolling="no" class="wp-embedded-content"></iframe><script type="text/javascript">
/* <![CDATA[ */
/*! This file is auto-generated */
!function(d,l){"use strict";l.querySelector&&d.addEventListener&&"undefined"!=typeof URL&&(d.wp=d.wp||{},d.wp.receiveEmbedMessage||(d.wp.receiveEmbedMessage=function(e){var t=e.data;if((t||t.secret||t.message||t.value)&&!/[^a-zA-Z0-9]/.test(t.secret)){for(var s,r,n,a=l.querySelectorAll('iframe[data-secret="'+t.secret+'"]'),o=l.querySelectorAll('blockquote[data-secret="'+t.secret+'"]'),c=new RegExp("^https?:$","i"),i=0;i<o.length;i++)o[i].style.display="none";for(i=0;i<a.length;i++)s=a[i],e.source===s.contentWindow&&(s.removeAttribute("style"),"height"===t.message?(1e3<(r=parseInt(t.value,10))?r=1e3:~~r<200&&(r=200),s.height=r):"link"===t.message&&(r=new URL(s.getAttribute("src")),n=new URL(t.value),c.test(n.protocol))&&n.host===r.host&&l.activeElement===s&&(d.top.location.href=t.value))}},d.addEventListener("message",d.wp.receiveEmbedMessage,!1),l.addEventListener("DOMContentLoaded",function(){for(var e,t,s=l.querySelectorAll("iframe.wp-embedded-content"),r=0;r<s.length;r++)(t=(e=s[r]).getAttribute("data-secret"))||(t=Math.random().toString(36).substring(2,12),e.src+="#?secret="+t,e.setAttribute("data-secret",t)),e.contentWindow.postMessage({message:"ready",secret:t},"*")},!1)))}(window,document);
/* ]]> */
</script>

Nous avons eu le nez fin hier soir en laissant entendre sur notre page Facebook que Het Vonnis pourrait bien se distinguer au Festival des Films du Monde Montréal. La vidéo que nous avons publiée (voir ICI) était, il est vrai, assez éloquente. Quelques heures plus tard (décalage horaire oblige), lors de la cérémonie de &hellip;
