{"version":"1.0","provider_name":"We Love Cinema","provider_url":"https:\/\/welovecinema.be\/fr\/","author_name":"Philippe.Pierquin","author_url":"https:\/\/welovecinema.be\/fr\/author\/philippe-pierquin\/","title":"Un jeune Belge, jur\u00e9 \u00e0 Cannes - We Love Cinema","type":"rich","width":600,"height":338,"html":"<blockquote class=\"wp-embedded-content\" data-secret=\"VpMyYkq7zw\"><a href=\"https:\/\/welovecinema.be\/fr\/un-jeune-belge-jure-a-cannes\/\">Un jeune Belge, jur\u00e9 \u00e0 Cannes<\/a><\/blockquote><iframe sandbox=\"allow-scripts\" security=\"restricted\" src=\"https:\/\/welovecinema.be\/fr\/un-jeune-belge-jure-a-cannes\/embed\/#?secret=VpMyYkq7zw\" width=\"600\" height=\"338\" title=\"\u00ab\u00a0Un jeune Belge, jur\u00e9 \u00e0 Cannes\u00a0\u00bb &#8212; We Love Cinema\" data-secret=\"VpMyYkq7zw\" frameborder=\"0\" marginwidth=\"0\" marginheight=\"0\" scrolling=\"no\" class=\"wp-embedded-content\"><\/iframe><script type=\"text\/javascript\">\n\/* <![CDATA[ *\/\n\/*! This file is auto-generated *\/\n!function(d,l){\"use strict\";l.querySelector&&d.addEventListener&&\"undefined\"!=typeof URL&&(d.wp=d.wp||{},d.wp.receiveEmbedMessage||(d.wp.receiveEmbedMessage=function(e){var t=e.data;if((t||t.secret||t.message||t.value)&&!\/[^a-zA-Z0-9]\/.test(t.secret)){for(var s,r,n,a=l.querySelectorAll('iframe[data-secret=\"'+t.secret+'\"]'),o=l.querySelectorAll('blockquote[data-secret=\"'+t.secret+'\"]'),c=new RegExp(\"^https?:$\",\"i\"),i=0;i<o.length;i++)o[i].style.display=\"none\";for(i=0;i<a.length;i++)s=a[i],e.source===s.contentWindow&&(s.removeAttribute(\"style\"),\"height\"===t.message?(1e3<(r=parseInt(t.value,10))?r=1e3:~~r<200&&(r=200),s.height=r):\"link\"===t.message&&(r=new URL(s.getAttribute(\"src\")),n=new URL(t.value),c.test(n.protocol))&&n.host===r.host&&l.activeElement===s&&(d.top.location.href=t.value))}},d.addEventListener(\"message\",d.wp.receiveEmbedMessage,!1),l.addEventListener(\"DOMContentLoaded\",function(){for(var e,t,s=l.querySelectorAll(\"iframe.wp-embedded-content\"),r=0;r<s.length;r++)(t=(e=s[r]).getAttribute(\"data-secret\"))||(t=Math.random().toString(36).substring(2,12),e.src+=\"#?secret=\"+t,e.setAttribute(\"data-secret\",t)),e.contentWindow.postMessage({message:\"ready\",secret:t},\"*\")},!1)))}(window,document);\n\/* ]]> *\/\n<\/script>\n","thumbnail_url":"https:\/\/welovecinema.be\/wp-content\/uploads\/sites\/2\/2012\/05\/semaine-critique-affiche.jpg","thumbnail_width":"532","thumbnail_height":"351","description":"\u00c0 Cannes, la semaine internationale de la critique a institu\u00e9 cette ann\u00e9e un tout nouveau prix. Le jury qui le d\u00e9cernera sera pr\u00e9sid\u00e9 par C\u00e9line Sciamma, la r\u00e9alisatrice \u00e0 succ\u00e8s de La Naissance des Pieuvres et Tomboy. Dans son \u00e9quipe, Victor-Emmanuel Boinem, un jeune li\u00e9geois"}

Un jeune Belge, juré à Cannes - We Love Cinema

<blockquote class="wp-embedded-content" data-secret="VpMyYkq7zw"><a href="https://welovecinema.be/fr/un-jeune-belge-jure-a-cannes/">Un jeune Belge, juré à Cannes</a></blockquote><iframe sandbox="allow-scripts" security="restricted" src="https://welovecinema.be/fr/un-jeune-belge-jure-a-cannes/embed/#?secret=VpMyYkq7zw" width="600" height="338" title="« Un jeune Belge, juré à Cannes » &#8212; We Love Cinema" data-secret="VpMyYkq7zw" frameborder="0" marginwidth="0" marginheight="0" scrolling="no" class="wp-embedded-content"></iframe><script type="text/javascript">
/* <![CDATA[ */
/*! This file is auto-generated */
!function(d,l){"use strict";l.querySelector&&d.addEventListener&&"undefined"!=typeof URL&&(d.wp=d.wp||{},d.wp.receiveEmbedMessage||(d.wp.receiveEmbedMessage=function(e){var t=e.data;if((t||t.secret||t.message||t.value)&&!/[^a-zA-Z0-9]/.test(t.secret)){for(var s,r,n,a=l.querySelectorAll('iframe[data-secret="'+t.secret+'"]'),o=l.querySelectorAll('blockquote[data-secret="'+t.secret+'"]'),c=new RegExp("^https?:$","i"),i=0;i<o.length;i++)o[i].style.display="none";for(i=0;i<a.length;i++)s=a[i],e.source===s.contentWindow&&(s.removeAttribute("style"),"height"===t.message?(1e3<(r=parseInt(t.value,10))?r=1e3:~~r<200&&(r=200),s.height=r):"link"===t.message&&(r=new URL(s.getAttribute("src")),n=new URL(t.value),c.test(n.protocol))&&n.host===r.host&&l.activeElement===s&&(d.top.location.href=t.value))}},d.addEventListener("message",d.wp.receiveEmbedMessage,!1),l.addEventListener("DOMContentLoaded",function(){for(var e,t,s=l.querySelectorAll("iframe.wp-embedded-content"),r=0;r<s.length;r++)(t=(e=s[r]).getAttribute("data-secret"))||(t=Math.random().toString(36).substring(2,12),e.src+="#?secret="+t,e.setAttribute("data-secret",t)),e.contentWindow.postMessage({message:"ready",secret:t},"*")},!1)))}(window,document);
/* ]]> */
</script>

À Cannes, la semaine internationale de la critique a institué cette année un tout nouveau prix. Le jury qui le décernera sera présidé par Céline Sciamma, la réalisatrice à succès de La Naissance des Pieuvres et Tomboy. Dans son équipe, Victor-Emmanuel Boinem, un jeune liégeois
