{"version":"1.0","provider_name":"We Love Cinema","provider_url":"https:\/\/welovecinema.be\/fr\/","author_name":"Aurore Engelen","author_url":"https:\/\/welovecinema.be\/fr\/author\/aurore-engelen\/","title":"\"Un divan sur la colline\": grandir en Cisjordanie - We Love Cinema","type":"rich","width":600,"height":338,"html":"<blockquote class=\"wp-embedded-content\" data-secret=\"gQKbb3aT1p\"><a href=\"https:\/\/welovecinema.be\/fr\/un-divan-sur-la-colline-grandir-en-cisjordanie\/\">\u00ab\u00a0Un divan sur la colline\u00a0\u00bb: grandir en Cisjordanie<\/a><\/blockquote><iframe sandbox=\"allow-scripts\" security=\"restricted\" src=\"https:\/\/welovecinema.be\/fr\/un-divan-sur-la-colline-grandir-en-cisjordanie\/embed\/#?secret=gQKbb3aT1p\" width=\"600\" height=\"338\" title=\"\u00ab\u00a0\u00ab\u00a0Un divan sur la colline\u00a0\u00bb: grandir en Cisjordanie\u00a0\u00bb &#8212; We Love Cinema\" data-secret=\"gQKbb3aT1p\" frameborder=\"0\" marginwidth=\"0\" marginheight=\"0\" scrolling=\"no\" class=\"wp-embedded-content\"><\/iframe><script type=\"text\/javascript\">\n\/* <![CDATA[ *\/\n\/*! This file is auto-generated *\/\n!function(d,l){\"use strict\";l.querySelector&&d.addEventListener&&\"undefined\"!=typeof URL&&(d.wp=d.wp||{},d.wp.receiveEmbedMessage||(d.wp.receiveEmbedMessage=function(e){var t=e.data;if((t||t.secret||t.message||t.value)&&!\/[^a-zA-Z0-9]\/.test(t.secret)){for(var s,r,n,a=l.querySelectorAll('iframe[data-secret=\"'+t.secret+'\"]'),o=l.querySelectorAll('blockquote[data-secret=\"'+t.secret+'\"]'),c=new RegExp(\"^https?:$\",\"i\"),i=0;i<o.length;i++)o[i].style.display=\"none\";for(i=0;i<a.length;i++)s=a[i],e.source===s.contentWindow&&(s.removeAttribute(\"style\"),\"height\"===t.message?(1e3<(r=parseInt(t.value,10))?r=1e3:~~r<200&&(r=200),s.height=r):\"link\"===t.message&&(r=new URL(s.getAttribute(\"src\")),n=new URL(t.value),c.test(n.protocol))&&n.host===r.host&&l.activeElement===s&&(d.top.location.href=t.value))}},d.addEventListener(\"message\",d.wp.receiveEmbedMessage,!1),l.addEventListener(\"DOMContentLoaded\",function(){for(var e,t,s=l.querySelectorAll(\"iframe.wp-embedded-content\"),r=0;r<s.length;r++)(t=(e=s[r]).getAttribute(\"data-secret\"))||(t=Math.random().toString(36).substring(2,12),e.src+=\"#?secret=\"+t,e.setAttribute(\"data-secret\",t)),e.contentWindow.postMessage({message:\"ready\",secret:t},\"*\")},!1)))}(window,document);\n\/* ]]> *\/\n<\/script>\n","thumbnail_url":"https:\/\/welovecinema.be\/wp-content\/uploads\/sites\/2\/2023\/11\/Un-divan-sur-la-colline.jpeg","thumbnail_width":1920,"thumbnail_height":1080,"description":"Dans Un divan sur la colline, Fran\u00e7ois Ducat suit le difficile passage \u00e0 l&rsquo;\u00e2ge adulte de trois jeunes Palestinien\u00b7nes originaires de Battir, petit village au pied du mur de Cisjordanie.\u00a0 Tout commence en 2015, au pied du mur. Litt\u00e9ralement, au pied du mur de s\u00e9paration entre Isra\u00ebl et la Palestine. M\u00e9taphoriquement, au pied du mur &hellip;"}

Dans Un divan sur la colline, François Ducat suit le difficile passage à l&rsquo;âge adulte de trois jeunes Palestinien·nes originaires de Battir, petit village au pied du mur de Cisjordanie.  Tout commence en 2015, au pied du mur. Littéralement, au pied du mur de séparation entre Israël et la Palestine. Métaphoriquement, au pied du mur &hellip;
