{"version":"1.0","provider_name":"We Love Cinema","provider_url":"https:\/\/welovecinema.be\/fr\/","author_name":"Aurore Engelen","author_url":"https:\/\/welovecinema.be\/fr\/author\/aurore-engelen\/","title":"\"Tout court\" du 17 f\u00e9vrier, sp\u00e9cial Anima - We Love Cinema","type":"rich","width":600,"height":338,"html":"<blockquote class=\"wp-embedded-content\" data-secret=\"eqefgFF9IA\"><a href=\"https:\/\/welovecinema.be\/fr\/tout-court-du-17-fevrier-special-anima\/\">\u00ab\u00a0Tout court\u00a0\u00bb du 17 f\u00e9vrier, sp\u00e9cial Anima<\/a><\/blockquote><iframe sandbox=\"allow-scripts\" security=\"restricted\" src=\"https:\/\/welovecinema.be\/fr\/tout-court-du-17-fevrier-special-anima\/embed\/#?secret=eqefgFF9IA\" width=\"600\" height=\"338\" title=\"\u00ab\u00a0\u00ab\u00a0Tout court\u00a0\u00bb du 17 f\u00e9vrier, sp\u00e9cial Anima\u00a0\u00bb &#8212; We Love Cinema\" data-secret=\"eqefgFF9IA\" frameborder=\"0\" marginwidth=\"0\" marginheight=\"0\" scrolling=\"no\" class=\"wp-embedded-content\"><\/iframe><script type=\"text\/javascript\">\n\/* <![CDATA[ *\/\n\/*! This file is auto-generated *\/\n!function(d,l){\"use strict\";l.querySelector&&d.addEventListener&&\"undefined\"!=typeof URL&&(d.wp=d.wp||{},d.wp.receiveEmbedMessage||(d.wp.receiveEmbedMessage=function(e){var t=e.data;if((t||t.secret||t.message||t.value)&&!\/[^a-zA-Z0-9]\/.test(t.secret)){for(var s,r,n,a=l.querySelectorAll('iframe[data-secret=\"'+t.secret+'\"]'),o=l.querySelectorAll('blockquote[data-secret=\"'+t.secret+'\"]'),c=new RegExp(\"^https?:$\",\"i\"),i=0;i<o.length;i++)o[i].style.display=\"none\";for(i=0;i<a.length;i++)s=a[i],e.source===s.contentWindow&&(s.removeAttribute(\"style\"),\"height\"===t.message?(1e3<(r=parseInt(t.value,10))?r=1e3:~~r<200&&(r=200),s.height=r):\"link\"===t.message&&(r=new URL(s.getAttribute(\"src\")),n=new URL(t.value),c.test(n.protocol))&&n.host===r.host&&l.activeElement===s&&(d.top.location.href=t.value))}},d.addEventListener(\"message\",d.wp.receiveEmbedMessage,!1),l.addEventListener(\"DOMContentLoaded\",function(){for(var e,t,s=l.querySelectorAll(\"iframe.wp-embedded-content\"),r=0;r<s.length;r++)(t=(e=s[r]).getAttribute(\"data-secret\"))||(t=Math.random().toString(36).substring(2,12),e.src+=\"#?secret=\"+t,e.setAttribute(\"data-secret\",t)),e.contentWindow.postMessage({message:\"ready\",secret:t},\"*\")},!1)))}(window,document);\n\/* ]]> *\/\n<\/script>\n","thumbnail_url":"https:\/\/welovecinema.be\/wp-content\/uploads\/sites\/2\/2021\/02\/FotoJet-2.jpg","thumbnail_width":1200,"thumbnail_height":600,"description":"Au programme de \u00ab\u00a0Tout court\u00a0\u00bb ce soir, une sp\u00e9ciale Anima, et deux courts hyper anim\u00e9s! T\u00eate de linotte de Gaspar Chabaud Un enfant confront\u00e9 \u00e0 un probl\u00e8me de math\u00e9matiques, \u00e0 ses propres probl\u00e8mes de concentration, accompagn\u00e9 d&rsquo;une m\u00e8re perdant doucement mais s\u00fbrement sa patience. L&rsquo;\u00e9cume de la ville de Pierre Watteyne C\u00e9lestin est un vieux &hellip;"}

"Tout court" du 17 février, spécial Anima - We Love Cinema

<blockquote class="wp-embedded-content" data-secret="eqefgFF9IA"><a href="https://welovecinema.be/fr/tout-court-du-17-fevrier-special-anima/">« Tout court » du 17 février, spécial Anima</a></blockquote><iframe sandbox="allow-scripts" security="restricted" src="https://welovecinema.be/fr/tout-court-du-17-fevrier-special-anima/embed/#?secret=eqefgFF9IA" width="600" height="338" title="« « Tout court » du 17 février, spécial Anima » &#8212; We Love Cinema" data-secret="eqefgFF9IA" frameborder="0" marginwidth="0" marginheight="0" scrolling="no" class="wp-embedded-content"></iframe><script type="text/javascript">
/* <![CDATA[ */
/*! This file is auto-generated */
!function(d,l){"use strict";l.querySelector&&d.addEventListener&&"undefined"!=typeof URL&&(d.wp=d.wp||{},d.wp.receiveEmbedMessage||(d.wp.receiveEmbedMessage=function(e){var t=e.data;if((t||t.secret||t.message||t.value)&&!/[^a-zA-Z0-9]/.test(t.secret)){for(var s,r,n,a=l.querySelectorAll('iframe[data-secret="'+t.secret+'"]'),o=l.querySelectorAll('blockquote[data-secret="'+t.secret+'"]'),c=new RegExp("^https?:$","i"),i=0;i<o.length;i++)o[i].style.display="none";for(i=0;i<a.length;i++)s=a[i],e.source===s.contentWindow&&(s.removeAttribute("style"),"height"===t.message?(1e3<(r=parseInt(t.value,10))?r=1e3:~~r<200&&(r=200),s.height=r):"link"===t.message&&(r=new URL(s.getAttribute("src")),n=new URL(t.value),c.test(n.protocol))&&n.host===r.host&&l.activeElement===s&&(d.top.location.href=t.value))}},d.addEventListener("message",d.wp.receiveEmbedMessage,!1),l.addEventListener("DOMContentLoaded",function(){for(var e,t,s=l.querySelectorAll("iframe.wp-embedded-content"),r=0;r<s.length;r++)(t=(e=s[r]).getAttribute("data-secret"))||(t=Math.random().toString(36).substring(2,12),e.src+="#?secret="+t,e.setAttribute("data-secret",t)),e.contentWindow.postMessage({message:"ready",secret:t},"*")},!1)))}(window,document);
/* ]]> */
</script>

Au programme de « Tout court » ce soir, une spéciale Anima, et deux courts hyper animés! Tête de linotte de Gaspar Chabaud Un enfant confronté à un problème de mathématiques, à ses propres problèmes de concentration, accompagné d&rsquo;une mère perdant doucement mais sûrement sa patience. L&rsquo;écume de la ville de Pierre Watteyne Célestin est un vieux &hellip;
