{"version":"1.0","provider_name":"We Love Cinema","provider_url":"https:\/\/welovecinema.be\/fr\/","author_name":"fred","author_url":"https:\/\/welovecinema.be\/fr\/author\/fred\/","title":"Tom Cruise va reprendre le volant\u00a0! - We Love Cinema","type":"rich","width":600,"height":338,"html":"<blockquote class=\"wp-embedded-content\" data-secret=\"tqLtskT5fl\"><a href=\"https:\/\/welovecinema.be\/fr\/tom-cruise-va-reprendre-le-volant\/\">Tom Cruise va reprendre le volant\u00a0!<\/a><\/blockquote><iframe sandbox=\"allow-scripts\" security=\"restricted\" src=\"https:\/\/welovecinema.be\/fr\/tom-cruise-va-reprendre-le-volant\/embed\/#?secret=tqLtskT5fl\" width=\"600\" height=\"338\" title=\"\u00ab\u00a0Tom Cruise va reprendre le volant\u00a0!\u00a0\u00bb &#8212; We Love Cinema\" data-secret=\"tqLtskT5fl\" frameborder=\"0\" marginwidth=\"0\" marginheight=\"0\" scrolling=\"no\" class=\"wp-embedded-content\"><\/iframe><script>\n\/*! This file is auto-generated *\/\n!function(d,l){\"use strict\";l.querySelector&&d.addEventListener&&\"undefined\"!=typeof URL&&(d.wp=d.wp||{},d.wp.receiveEmbedMessage||(d.wp.receiveEmbedMessage=function(e){var t=e.data;if((t||t.secret||t.message||t.value)&&!\/[^a-zA-Z0-9]\/.test(t.secret)){for(var s,r,n,a=l.querySelectorAll('iframe[data-secret=\"'+t.secret+'\"]'),o=l.querySelectorAll('blockquote[data-secret=\"'+t.secret+'\"]'),c=new RegExp(\"^https?:$\",\"i\"),i=0;i<o.length;i++)o[i].style.display=\"none\";for(i=0;i<a.length;i++)s=a[i],e.source===s.contentWindow&&(s.removeAttribute(\"style\"),\"height\"===t.message?(1e3<(r=parseInt(t.value,10))?r=1e3:~~r<200&&(r=200),s.height=r):\"link\"===t.message&&(r=new URL(s.getAttribute(\"src\")),n=new URL(t.value),c.test(n.protocol))&&n.host===r.host&&l.activeElement===s&&(d.top.location.href=t.value))}},d.addEventListener(\"message\",d.wp.receiveEmbedMessage,!1),l.addEventListener(\"DOMContentLoaded\",function(){for(var e,t,s=l.querySelectorAll(\"iframe.wp-embedded-content\"),r=0;r<s.length;r++)(t=(e=s[r]).getAttribute(\"data-secret\"))||(t=Math.random().toString(36).substring(2,12),e.src+=\"#?secret=\"+t,e.setAttribute(\"data-secret\",t)),e.contentWindow.postMessage({message:\"ready\",secret:t},\"*\")},!1)))}(window,document);\n\/\/# sourceURL=https:\/\/welovecinema.be\/wp-includes\/js\/wp-embed.min.js\n<\/script>\n","thumbnail_url":"https:\/\/welovecinema.be\/wp-content\/uploads\/sites\/2\/2026\/08\/days-of-thunder-2.jpeg","thumbnail_width":1100,"thumbnail_height":868,"description":"L&rsquo;annonce officielle est tomb\u00e9e: trente-huit ans apr\u00e8s la sortie du film original devenu culte Tom Cruise s&rsquo;appr\u00eate \u00e0 renfiler sa combinaison de pilote. L&rsquo;acteur hollywoodien a confirm\u00e9 la pr\u00e9paration d&rsquo;une suite directe \u00e0\u00a0Jours de tonnerre (Days of Thunder), dont la sortie en salles est d\u00e9j\u00e0 programm\u00e9e pour l&rsquo;\u00e9t\u00e9 2028. Surfant sur le succ\u00e8s retentissant de\u00a0Top &hellip;"}

L&rsquo;annonce officielle est tombée: trente-huit ans après la sortie du film original devenu culte Tom Cruise s&rsquo;apprête à renfiler sa combinaison de pilote. L&rsquo;acteur hollywoodien a confirmé la préparation d&rsquo;une suite directe à Jours de tonnerre (Days of Thunder), dont la sortie en salles est déjà programmée pour l&rsquo;été 2028. Surfant sur le succès retentissant de Top &hellip;
