{"version":"1.0","provider_name":"We Love Cinema","provider_url":"https:\/\/welovecinema.be\/fr\/","author_name":"Aurore Engelen","author_url":"https:\/\/welovecinema.be\/fr\/author\/aurore-engelen\/","title":"\"The Wall\" de Philippe Van Leeuw: tournage imminent - We Love Cinema","type":"rich","width":600,"height":338,"html":"<blockquote class=\"wp-embedded-content\" data-secret=\"qEIV7g1tp1\"><a href=\"https:\/\/welovecinema.be\/fr\/the-wall-de-philippe-van-leeuw-tournage-imminent\/\">\u00ab\u00a0The Wall\u00a0\u00bb de Philippe Van Leeuw: tournage imminent<\/a><\/blockquote><iframe sandbox=\"allow-scripts\" security=\"restricted\" src=\"https:\/\/welovecinema.be\/fr\/the-wall-de-philippe-van-leeuw-tournage-imminent\/embed\/#?secret=qEIV7g1tp1\" width=\"600\" height=\"338\" title=\"\u00ab\u00a0\u00ab\u00a0The Wall\u00a0\u00bb de Philippe Van Leeuw: tournage imminent\u00a0\u00bb &#8212; We Love Cinema\" data-secret=\"qEIV7g1tp1\" frameborder=\"0\" marginwidth=\"0\" marginheight=\"0\" scrolling=\"no\" class=\"wp-embedded-content\"><\/iframe><script type=\"text\/javascript\">\n\/* <![CDATA[ *\/\n\/*! This file is auto-generated *\/\n!function(d,l){\"use strict\";l.querySelector&&d.addEventListener&&\"undefined\"!=typeof URL&&(d.wp=d.wp||{},d.wp.receiveEmbedMessage||(d.wp.receiveEmbedMessage=function(e){var t=e.data;if((t||t.secret||t.message||t.value)&&!\/[^a-zA-Z0-9]\/.test(t.secret)){for(var s,r,n,a=l.querySelectorAll('iframe[data-secret=\"'+t.secret+'\"]'),o=l.querySelectorAll('blockquote[data-secret=\"'+t.secret+'\"]'),c=new RegExp(\"^https?:$\",\"i\"),i=0;i<o.length;i++)o[i].style.display=\"none\";for(i=0;i<a.length;i++)s=a[i],e.source===s.contentWindow&&(s.removeAttribute(\"style\"),\"height\"===t.message?(1e3<(r=parseInt(t.value,10))?r=1e3:~~r<200&&(r=200),s.height=r):\"link\"===t.message&&(r=new URL(s.getAttribute(\"src\")),n=new URL(t.value),c.test(n.protocol))&&n.host===r.host&&l.activeElement===s&&(d.top.location.href=t.value))}},d.addEventListener(\"message\",d.wp.receiveEmbedMessage,!1),l.addEventListener(\"DOMContentLoaded\",function(){for(var e,t,s=l.querySelectorAll(\"iframe.wp-embedded-content\"),r=0;r<s.length;r++)(t=(e=s[r]).getAttribute(\"data-secret\"))||(t=Math.random().toString(36).substring(2,12),e.src+=\"#?secret=\"+t,e.setAttribute(\"data-secret\",t)),e.contentWindow.postMessage({message:\"ready\",secret:t},\"*\")},!1)))}(window,document);\n\/* ]]> *\/\n<\/script>\n","thumbnail_url":"https:\/\/welovecinema.be\/wp-content\/uploads\/sites\/2\/2021\/11\/IMG_0845.jpeg","thumbnail_width":1280,"thumbnail_height":960,"description":"Le cin\u00e9aste belge Philippe Van Leeuw s&rsquo;appr\u00eate \u00e0 d\u00e9buter le tournage de son troisi\u00e8me long m\u00e9trage, dans la r\u00e9gion de Tucson, Arizona. Apr\u00e8s avoir explor\u00e9 le conflit rwandais dans Le Jour o\u00f9 Dieu est parti en voyage, \u00e0 travers la fuite au coeur de la jungle d&rsquo;une jeune m\u00e8re dont les enfants ont \u00e9t\u00e9 massacr\u00e9s, &hellip;"}

Le cinéaste belge Philippe Van Leeuw s&rsquo;apprête à débuter le tournage de son troisième long métrage, dans la région de Tucson, Arizona. Après avoir exploré le conflit rwandais dans Le Jour où Dieu est parti en voyage, à travers la fuite au coeur de la jungle d&rsquo;une jeune mère dont les enfants ont été massacrés, &hellip;
