{"version":"1.0","provider_name":"We Love Cinema","provider_url":"https:\/\/welovecinema.be\/fr\/","author_name":"Philippe.Pierquin","author_url":"https:\/\/welovecinema.be\/fr\/author\/philippe-pierquin\/","title":"The Missing - premi\u00e8re bande-annonce - We Love Cinema","type":"rich","width":600,"height":338,"html":"<blockquote class=\"wp-embedded-content\" data-secret=\"pMAxQri34L\"><a href=\"https:\/\/welovecinema.be\/fr\/the-missing-premiere-bande-annocne\/\">The Missing &#8211; premi\u00e8re bande-annonce<\/a><\/blockquote><iframe sandbox=\"allow-scripts\" security=\"restricted\" src=\"https:\/\/welovecinema.be\/fr\/the-missing-premiere-bande-annocne\/embed\/#?secret=pMAxQri34L\" width=\"600\" height=\"338\" title=\"\u00ab\u00a0The Missing &#8211; premi\u00e8re bande-annonce\u00a0\u00bb &#8212; We Love Cinema\" data-secret=\"pMAxQri34L\" frameborder=\"0\" marginwidth=\"0\" marginheight=\"0\" scrolling=\"no\" class=\"wp-embedded-content\"><\/iframe><script type=\"text\/javascript\">\n\/* <![CDATA[ *\/\n\/*! This file is auto-generated *\/\n!function(d,l){\"use strict\";l.querySelector&&d.addEventListener&&\"undefined\"!=typeof URL&&(d.wp=d.wp||{},d.wp.receiveEmbedMessage||(d.wp.receiveEmbedMessage=function(e){var t=e.data;if((t||t.secret||t.message||t.value)&&!\/[^a-zA-Z0-9]\/.test(t.secret)){for(var s,r,n,a=l.querySelectorAll('iframe[data-secret=\"'+t.secret+'\"]'),o=l.querySelectorAll('blockquote[data-secret=\"'+t.secret+'\"]'),c=new RegExp(\"^https?:$\",\"i\"),i=0;i<o.length;i++)o[i].style.display=\"none\";for(i=0;i<a.length;i++)s=a[i],e.source===s.contentWindow&&(s.removeAttribute(\"style\"),\"height\"===t.message?(1e3<(r=parseInt(t.value,10))?r=1e3:~~r<200&&(r=200),s.height=r):\"link\"===t.message&&(r=new URL(s.getAttribute(\"src\")),n=new URL(t.value),c.test(n.protocol))&&n.host===r.host&&l.activeElement===s&&(d.top.location.href=t.value))}},d.addEventListener(\"message\",d.wp.receiveEmbedMessage,!1),l.addEventListener(\"DOMContentLoaded\",function(){for(var e,t,s=l.querySelectorAll(\"iframe.wp-embedded-content\"),r=0;r<s.length;r++)(t=(e=s[r]).getAttribute(\"data-secret\"))||(t=Math.random().toString(36).substring(2,12),e.src+=\"#?secret=\"+t,e.setAttribute(\"data-secret\",t)),e.contentWindow.postMessage({message:\"ready\",secret:t},\"*\")},!1)))}(window,document);\n\/* ]]> *\/\n<\/script>\n","thumbnail_url":"https:\/\/welovecinema.be\/wp-content\/uploads\/sites\/2\/2014\/08\/2014-08-31_09h02_44.jpg","thumbnail_width":844,"thumbnail_height":460,"description":"La s\u00e9rie anglo-saxonne The Missing, essentiellement tourn\u00e9e en Belgique? sera prochainement diffus\u00e9e sur la cha\u00eene am\u00e9ricaine Starz. Il s&rsquo;agit d&rsquo;une\u00a0collaboration entre les Anglais de New Pictures et Company Pictures (The White Queen) et les Belges de Czar TV avec Two Brothers Pictures et Playground. La s\u00e9rie sera aussi visible en Angleterre, en Belgique, en France, &hellip;"}

The Missing - première bande-annonce - We Love Cinema

<blockquote class="wp-embedded-content" data-secret="pMAxQri34L"><a href="https://welovecinema.be/fr/the-missing-premiere-bande-annocne/">The Missing &#8211; première bande-annonce</a></blockquote><iframe sandbox="allow-scripts" security="restricted" src="https://welovecinema.be/fr/the-missing-premiere-bande-annocne/embed/#?secret=pMAxQri34L" width="600" height="338" title="« The Missing &#8211; première bande-annonce » &#8212; We Love Cinema" data-secret="pMAxQri34L" frameborder="0" marginwidth="0" marginheight="0" scrolling="no" class="wp-embedded-content"></iframe><script type="text/javascript">
/* <![CDATA[ */
/*! This file is auto-generated */
!function(d,l){"use strict";l.querySelector&&d.addEventListener&&"undefined"!=typeof URL&&(d.wp=d.wp||{},d.wp.receiveEmbedMessage||(d.wp.receiveEmbedMessage=function(e){var t=e.data;if((t||t.secret||t.message||t.value)&&!/[^a-zA-Z0-9]/.test(t.secret)){for(var s,r,n,a=l.querySelectorAll('iframe[data-secret="'+t.secret+'"]'),o=l.querySelectorAll('blockquote[data-secret="'+t.secret+'"]'),c=new RegExp("^https?:$","i"),i=0;i<o.length;i++)o[i].style.display="none";for(i=0;i<a.length;i++)s=a[i],e.source===s.contentWindow&&(s.removeAttribute("style"),"height"===t.message?(1e3<(r=parseInt(t.value,10))?r=1e3:~~r<200&&(r=200),s.height=r):"link"===t.message&&(r=new URL(s.getAttribute("src")),n=new URL(t.value),c.test(n.protocol))&&n.host===r.host&&l.activeElement===s&&(d.top.location.href=t.value))}},d.addEventListener("message",d.wp.receiveEmbedMessage,!1),l.addEventListener("DOMContentLoaded",function(){for(var e,t,s=l.querySelectorAll("iframe.wp-embedded-content"),r=0;r<s.length;r++)(t=(e=s[r]).getAttribute("data-secret"))||(t=Math.random().toString(36).substring(2,12),e.src+="#?secret="+t,e.setAttribute("data-secret",t)),e.contentWindow.postMessage({message:"ready",secret:t},"*")},!1)))}(window,document);
/* ]]> */
</script>

La série anglo-saxonne The Missing, essentiellement tournée en Belgique? sera prochainement diffusée sur la chaîne américaine Starz. Il s&rsquo;agit d&rsquo;une collaboration entre les Anglais de New Pictures et Company Pictures (The White Queen) et les Belges de Czar TV avec Two Brothers Pictures et Playground. La série sera aussi visible en Angleterre, en Belgique, en France, &hellip;
