{"version":"1.0","provider_name":"We Love Cinema","provider_url":"https:\/\/welovecinema.be\/fr\/","author_name":"Aurore Engelen","author_url":"https:\/\/welovecinema.be\/fr\/author\/aurore-engelen\/","title":"\"Tengo sue\u00f1os el\u00e9ctricos\", \u00e9lectrique adolescence - We Love Cinema","type":"rich","width":600,"height":338,"html":"<blockquote class=\"wp-embedded-content\" data-secret=\"L0NQUA5SFH\"><a href=\"https:\/\/welovecinema.be\/fr\/tengo-suenos-electricos-electrique-adolescence\/\">\u00ab\u00a0Tengo sue\u00f1os el\u00e9ctricos\u00a0\u00bb, \u00e9lectrique adolescence<\/a><\/blockquote><iframe sandbox=\"allow-scripts\" security=\"restricted\" src=\"https:\/\/welovecinema.be\/fr\/tengo-suenos-electricos-electrique-adolescence\/embed\/#?secret=L0NQUA5SFH\" width=\"600\" height=\"338\" title=\"\u00ab\u00a0\u00ab\u00a0Tengo sue\u00f1os el\u00e9ctricos\u00a0\u00bb, \u00e9lectrique adolescence\u00a0\u00bb &#8212; We Love Cinema\" data-secret=\"L0NQUA5SFH\" frameborder=\"0\" marginwidth=\"0\" marginheight=\"0\" scrolling=\"no\" class=\"wp-embedded-content\"><\/iframe><script>\n\/*! This file is auto-generated *\/\n!function(d,l){\"use strict\";l.querySelector&&d.addEventListener&&\"undefined\"!=typeof URL&&(d.wp=d.wp||{},d.wp.receiveEmbedMessage||(d.wp.receiveEmbedMessage=function(e){var t=e.data;if((t||t.secret||t.message||t.value)&&!\/[^a-zA-Z0-9]\/.test(t.secret)){for(var s,r,n,a=l.querySelectorAll('iframe[data-secret=\"'+t.secret+'\"]'),o=l.querySelectorAll('blockquote[data-secret=\"'+t.secret+'\"]'),c=new RegExp(\"^https?:$\",\"i\"),i=0;i<o.length;i++)o[i].style.display=\"none\";for(i=0;i<a.length;i++)s=a[i],e.source===s.contentWindow&&(s.removeAttribute(\"style\"),\"height\"===t.message?(1e3<(r=parseInt(t.value,10))?r=1e3:~~r<200&&(r=200),s.height=r):\"link\"===t.message&&(r=new URL(s.getAttribute(\"src\")),n=new URL(t.value),c.test(n.protocol))&&n.host===r.host&&l.activeElement===s&&(d.top.location.href=t.value))}},d.addEventListener(\"message\",d.wp.receiveEmbedMessage,!1),l.addEventListener(\"DOMContentLoaded\",function(){for(var e,t,s=l.querySelectorAll(\"iframe.wp-embedded-content\"),r=0;r<s.length;r++)(t=(e=s[r]).getAttribute(\"data-secret\"))||(t=Math.random().toString(36).substring(2,12),e.src+=\"#?secret=\"+t,e.setAttribute(\"data-secret\",t)),e.contentWindow.postMessage({message:\"ready\",secret:t},\"*\")},!1)))}(window,document);\n\/\/# sourceURL=https:\/\/welovecinema.be\/wp-includes\/js\/wp-embed.min.js\n<\/script>\n","thumbnail_url":"https:\/\/welovecinema.be\/wp-content\/uploads\/sites\/2\/2022\/08\/Tengo-suenos-electricos.jpg","thumbnail_width":1000,"thumbnail_height":563,"description":"\u00ab&nbsp;Je fais des r\u00eaves \u00e9lectriques&nbsp;\u00bb. Remarqu\u00e9e gr\u00e2ce \u00e0 ses courts m\u00e9trages Paul est l\u00e0 (premier Prix de la Cin\u00e9fondation \u00e0 Cannes en 2017) et Lucia en el limbo (s\u00e9lectionn\u00e9 \u00e0 la Semaine de la Critique de Cannes en 2019), Valentina Maurel passe brillamment le cap du premier long m\u00e9trage avec Tengo sue\u00f1os el\u00e9ctricos qui sort &hellip;"}

"Tengo sueños eléctricos", électrique adolescence - We Love Cinema

<blockquote class="wp-embedded-content" data-secret="L0NQUA5SFH"><a href="https://welovecinema.be/fr/tengo-suenos-electricos-electrique-adolescence/">« Tengo sueños eléctricos », électrique adolescence</a></blockquote><iframe sandbox="allow-scripts" security="restricted" src="https://welovecinema.be/fr/tengo-suenos-electricos-electrique-adolescence/embed/#?secret=L0NQUA5SFH" width="600" height="338" title="« « Tengo sueños eléctricos », électrique adolescence » &#8212; We Love Cinema" data-secret="L0NQUA5SFH" frameborder="0" marginwidth="0" marginheight="0" scrolling="no" class="wp-embedded-content"></iframe><script>
/*! This file is auto-generated */
!function(d,l){"use strict";l.querySelector&&d.addEventListener&&"undefined"!=typeof URL&&(d.wp=d.wp||{},d.wp.receiveEmbedMessage||(d.wp.receiveEmbedMessage=function(e){var t=e.data;if((t||t.secret||t.message||t.value)&&!/[^a-zA-Z0-9]/.test(t.secret)){for(var s,r,n,a=l.querySelectorAll('iframe[data-secret="'+t.secret+'"]'),o=l.querySelectorAll('blockquote[data-secret="'+t.secret+'"]'),c=new RegExp("^https?:$","i"),i=0;i<o.length;i++)o[i].style.display="none";for(i=0;i<a.length;i++)s=a[i],e.source===s.contentWindow&&(s.removeAttribute("style"),"height"===t.message?(1e3<(r=parseInt(t.value,10))?r=1e3:~~r<200&&(r=200),s.height=r):"link"===t.message&&(r=new URL(s.getAttribute("src")),n=new URL(t.value),c.test(n.protocol))&&n.host===r.host&&l.activeElement===s&&(d.top.location.href=t.value))}},d.addEventListener("message",d.wp.receiveEmbedMessage,!1),l.addEventListener("DOMContentLoaded",function(){for(var e,t,s=l.querySelectorAll("iframe.wp-embedded-content"),r=0;r<s.length;r++)(t=(e=s[r]).getAttribute("data-secret"))||(t=Math.random().toString(36).substring(2,12),e.src+="#?secret="+t,e.setAttribute("data-secret",t)),e.contentWindow.postMessage({message:"ready",secret:t},"*")},!1)))}(window,document);
//# sourceURL=https://welovecinema.be/wp-includes/js/wp-embed.min.js
</script>

«&nbsp;Je fais des rêves électriques&nbsp;». Remarquée grâce à ses courts métrages Paul est là (premier Prix de la Cinéfondation à Cannes en 2017) et Lucia en el limbo (sélectionné à la Semaine de la Critique de Cannes en 2019), Valentina Maurel passe brillamment le cap du premier long métrage avec Tengo sueños eléctricos qui sort &hellip;
