{"version":"1.0","provider_name":"We Love Cinema","provider_url":"https:\/\/welovecinema.be\/fr\/","author_name":"Aurore Engelen","author_url":"https:\/\/welovecinema.be\/fr\/author\/aurore-engelen\/","title":"Sur le tournage de... \"La vocation\" - We Love Cinema","type":"rich","width":600,"height":338,"html":"<blockquote class=\"wp-embedded-content\" data-secret=\"pMFd6SymIL\"><a href=\"https:\/\/welovecinema.be\/fr\/sur-le-tournage-de-la-vocation\/\">Sur le tournage de&#8230; \u00ab\u00a0La vocation\u00a0\u00bb<\/a><\/blockquote><iframe sandbox=\"allow-scripts\" security=\"restricted\" src=\"https:\/\/welovecinema.be\/fr\/sur-le-tournage-de-la-vocation\/embed\/#?secret=pMFd6SymIL\" width=\"600\" height=\"338\" title=\"\u00ab\u00a0Sur le tournage de&#8230; \u00ab\u00a0La vocation\u00a0\u00bb\u00a0\u00bb &#8212; We Love Cinema\" data-secret=\"pMFd6SymIL\" frameborder=\"0\" marginwidth=\"0\" marginheight=\"0\" scrolling=\"no\" class=\"wp-embedded-content\"><\/iframe><script type=\"text\/javascript\">\n\/* <![CDATA[ *\/\n\/*! This file is auto-generated *\/\n!function(d,l){\"use strict\";l.querySelector&&d.addEventListener&&\"undefined\"!=typeof URL&&(d.wp=d.wp||{},d.wp.receiveEmbedMessage||(d.wp.receiveEmbedMessage=function(e){var t=e.data;if((t||t.secret||t.message||t.value)&&!\/[^a-zA-Z0-9]\/.test(t.secret)){for(var s,r,n,a=l.querySelectorAll('iframe[data-secret=\"'+t.secret+'\"]'),o=l.querySelectorAll('blockquote[data-secret=\"'+t.secret+'\"]'),c=new RegExp(\"^https?:$\",\"i\"),i=0;i<o.length;i++)o[i].style.display=\"none\";for(i=0;i<a.length;i++)s=a[i],e.source===s.contentWindow&&(s.removeAttribute(\"style\"),\"height\"===t.message?(1e3<(r=parseInt(t.value,10))?r=1e3:~~r<200&&(r=200),s.height=r):\"link\"===t.message&&(r=new URL(s.getAttribute(\"src\")),n=new URL(t.value),c.test(n.protocol))&&n.host===r.host&&l.activeElement===s&&(d.top.location.href=t.value))}},d.addEventListener(\"message\",d.wp.receiveEmbedMessage,!1),l.addEventListener(\"DOMContentLoaded\",function(){for(var e,t,s=l.querySelectorAll(\"iframe.wp-embedded-content\"),r=0;r<s.length;r++)(t=(e=s[r]).getAttribute(\"data-secret\"))||(t=Math.random().toString(36).substring(2,12),e.src+=\"#?secret=\"+t,e.setAttribute(\"data-secret\",t)),e.contentWindow.postMessage({message:\"ready\",secret:t},\"*\")},!1)))}(window,document);\n\/* ]]> *\/\n<\/script>\n","thumbnail_url":"https:\/\/welovecinema.be\/wp-content\/uploads\/sites\/2\/2023\/07\/Tournage-La-Vocation-scaled.jpg","thumbnail_width":2560,"thumbnail_height":1920,"description":"Visite \u00e9clair sur le tournage de La vocation de Sophie Muselle et Gu\u00e9rin Van de Vorst, avec Mara Taquin et Sasha Deprez. Bruxelles, fin juin 2023, Centre Hospitalier Jean Titeca \u00e0 Schaerbeek. L&rsquo;\u00e9quipe de La vocation, install\u00e9e l\u00e0 depuis plusieurs semaines maintenant, s&rsquo;appr\u00eate \u00e0 quitter les lieux. Mais avant cela, il reste quelques sc\u00e8nes \u00e0 &hellip;"}

Visite éclair sur le tournage de La vocation de Sophie Muselle et Guérin Van de Vorst, avec Mara Taquin et Sasha Deprez. Bruxelles, fin juin 2023, Centre Hospitalier Jean Titeca à Schaerbeek. L&rsquo;équipe de La vocation, installée là depuis plusieurs semaines maintenant, s&rsquo;apprête à quitter les lieux. Mais avant cela, il reste quelques scènes à &hellip;
