{"version":"1.0","provider_name":"We Love Cinema","provider_url":"https:\/\/welovecinema.be\/fr\/","author_name":"Philippe.Pierquin","author_url":"https:\/\/welovecinema.be\/fr\/author\/philippe-pierquin\/","title":"St\u00e9phane et Dany font du ski. - We Love Cinema","type":"rich","width":600,"height":338,"html":"<blockquote class=\"wp-embedded-content\" data-secret=\"afd4qZhEsX\"><a href=\"https:\/\/welovecinema.be\/fr\/stephane-et-dany-font-du-ski\/\">St\u00e9phane et Dany font du ski.<\/a><\/blockquote><iframe sandbox=\"allow-scripts\" security=\"restricted\" src=\"https:\/\/welovecinema.be\/fr\/stephane-et-dany-font-du-ski\/embed\/#?secret=afd4qZhEsX\" width=\"600\" height=\"338\" title=\"\u00ab\u00a0St\u00e9phane et Dany font du ski.\u00a0\u00bb &#8212; We Love Cinema\" data-secret=\"afd4qZhEsX\" frameborder=\"0\" marginwidth=\"0\" marginheight=\"0\" scrolling=\"no\" class=\"wp-embedded-content\"><\/iframe><script type=\"text\/javascript\">\n\/* <![CDATA[ *\/\n\/*! This file is auto-generated *\/\n!function(d,l){\"use strict\";l.querySelector&&d.addEventListener&&\"undefined\"!=typeof URL&&(d.wp=d.wp||{},d.wp.receiveEmbedMessage||(d.wp.receiveEmbedMessage=function(e){var t=e.data;if((t||t.secret||t.message||t.value)&&!\/[^a-zA-Z0-9]\/.test(t.secret)){for(var s,r,n,a=l.querySelectorAll('iframe[data-secret=\"'+t.secret+'\"]'),o=l.querySelectorAll('blockquote[data-secret=\"'+t.secret+'\"]'),c=new RegExp(\"^https?:$\",\"i\"),i=0;i<o.length;i++)o[i].style.display=\"none\";for(i=0;i<a.length;i++)s=a[i],e.source===s.contentWindow&&(s.removeAttribute(\"style\"),\"height\"===t.message?(1e3<(r=parseInt(t.value,10))?r=1e3:~~r<200&&(r=200),s.height=r):\"link\"===t.message&&(r=new URL(s.getAttribute(\"src\")),n=new URL(t.value),c.test(n.protocol))&&n.host===r.host&&l.activeElement===s&&(d.top.location.href=t.value))}},d.addEventListener(\"message\",d.wp.receiveEmbedMessage,!1),l.addEventListener(\"DOMContentLoaded\",function(){for(var e,t,s=l.querySelectorAll(\"iframe.wp-embedded-content\"),r=0;r<s.length;r++)(t=(e=s[r]).getAttribute(\"data-secret\"))||(t=Math.random().toString(36).substring(2,12),e.src+=\"#?secret=\"+t,e.setAttribute(\"data-secret\",t)),e.contentWindow.postMessage({message:\"ready\",secret:t},\"*\")},!1)))}(window,document);\n\/* ]]> *\/\n<\/script>\n","thumbnail_url":"https:\/\/welovecinema.be\/wp-content\/uploads\/sites\/2\/2010\/11\/sdg-off.jpg","thumbnail_width":1280,"thumbnail_height":910,"description":"Il a de la chance St\u00e9phane de Groodt : c\u2019est confirm\u00e9, il fera partie du jury du 17e Festival International du Film de Com\u00e9die de l\u2019Alpe d\u2019Huez, un des plus conviviaux et amusants (forc\u00e9ment) qui soient. L\u2019humoriste belge qui n\u2019en finit pas de s\u00e9duire les m\u00e9dias et le public fran\u00e7ais y retrouvera un pr\u00e9sident qu\u2019il &hellip;"}

Stéphane et Dany font du ski. - We Love Cinema

<blockquote class="wp-embedded-content" data-secret="afd4qZhEsX"><a href="https://welovecinema.be/fr/stephane-et-dany-font-du-ski/">Stéphane et Dany font du ski.</a></blockquote><iframe sandbox="allow-scripts" security="restricted" src="https://welovecinema.be/fr/stephane-et-dany-font-du-ski/embed/#?secret=afd4qZhEsX" width="600" height="338" title="« Stéphane et Dany font du ski. » &#8212; We Love Cinema" data-secret="afd4qZhEsX" frameborder="0" marginwidth="0" marginheight="0" scrolling="no" class="wp-embedded-content"></iframe><script type="text/javascript">
/* <![CDATA[ */
/*! This file is auto-generated */
!function(d,l){"use strict";l.querySelector&&d.addEventListener&&"undefined"!=typeof URL&&(d.wp=d.wp||{},d.wp.receiveEmbedMessage||(d.wp.receiveEmbedMessage=function(e){var t=e.data;if((t||t.secret||t.message||t.value)&&!/[^a-zA-Z0-9]/.test(t.secret)){for(var s,r,n,a=l.querySelectorAll('iframe[data-secret="'+t.secret+'"]'),o=l.querySelectorAll('blockquote[data-secret="'+t.secret+'"]'),c=new RegExp("^https?:$","i"),i=0;i<o.length;i++)o[i].style.display="none";for(i=0;i<a.length;i++)s=a[i],e.source===s.contentWindow&&(s.removeAttribute("style"),"height"===t.message?(1e3<(r=parseInt(t.value,10))?r=1e3:~~r<200&&(r=200),s.height=r):"link"===t.message&&(r=new URL(s.getAttribute("src")),n=new URL(t.value),c.test(n.protocol))&&n.host===r.host&&l.activeElement===s&&(d.top.location.href=t.value))}},d.addEventListener("message",d.wp.receiveEmbedMessage,!1),l.addEventListener("DOMContentLoaded",function(){for(var e,t,s=l.querySelectorAll("iframe.wp-embedded-content"),r=0;r<s.length;r++)(t=(e=s[r]).getAttribute("data-secret"))||(t=Math.random().toString(36).substring(2,12),e.src+="#?secret="+t,e.setAttribute("data-secret",t)),e.contentWindow.postMessage({message:"ready",secret:t},"*")},!1)))}(window,document);
/* ]]> */
</script>

Il a de la chance Stéphane de Groodt : c’est confirmé, il fera partie du jury du 17e Festival International du Film de Comédie de l’Alpe d’Huez, un des plus conviviaux et amusants (forcément) qui soient. L’humoriste belge qui n’en finit pas de séduire les médias et le public français y retrouvera un président qu’il &hellip;
