{"version":"1.0","provider_name":"We Love Cinema","provider_url":"https:\/\/welovecinema.be\/fr\/","author_name":"Aurore Engelen","author_url":"https:\/\/welovecinema.be\/fr\/author\/aurore-engelen\/","title":"Semaine du cin\u00e9ma belge sur la RTBF, deuxi\u00e8me! - We Love Cinema","type":"rich","width":600,"height":338,"html":"<blockquote class=\"wp-embedded-content\" data-secret=\"khrFgFzGwf\"><a href=\"https:\/\/welovecinema.be\/fr\/semaine-du-cinema-belge-sur-la-rtbf-deuxieme\/\">Semaine du cin\u00e9ma belge sur la RTBF, deuxi\u00e8me!<\/a><\/blockquote><iframe sandbox=\"allow-scripts\" security=\"restricted\" src=\"https:\/\/welovecinema.be\/fr\/semaine-du-cinema-belge-sur-la-rtbf-deuxieme\/embed\/#?secret=khrFgFzGwf\" width=\"600\" height=\"338\" title=\"\u00ab\u00a0Semaine du cin\u00e9ma belge sur la RTBF, deuxi\u00e8me!\u00a0\u00bb &#8212; We Love Cinema\" data-secret=\"khrFgFzGwf\" frameborder=\"0\" marginwidth=\"0\" marginheight=\"0\" scrolling=\"no\" class=\"wp-embedded-content\"><\/iframe><script type=\"text\/javascript\">\n\/* <![CDATA[ *\/\n\/*! This file is auto-generated *\/\n!function(d,l){\"use strict\";l.querySelector&&d.addEventListener&&\"undefined\"!=typeof URL&&(d.wp=d.wp||{},d.wp.receiveEmbedMessage||(d.wp.receiveEmbedMessage=function(e){var t=e.data;if((t||t.secret||t.message||t.value)&&!\/[^a-zA-Z0-9]\/.test(t.secret)){for(var s,r,n,a=l.querySelectorAll('iframe[data-secret=\"'+t.secret+'\"]'),o=l.querySelectorAll('blockquote[data-secret=\"'+t.secret+'\"]'),c=new RegExp(\"^https?:$\",\"i\"),i=0;i<o.length;i++)o[i].style.display=\"none\";for(i=0;i<a.length;i++)s=a[i],e.source===s.contentWindow&&(s.removeAttribute(\"style\"),\"height\"===t.message?(1e3<(r=parseInt(t.value,10))?r=1e3:~~r<200&&(r=200),s.height=r):\"link\"===t.message&&(r=new URL(s.getAttribute(\"src\")),n=new URL(t.value),c.test(n.protocol))&&n.host===r.host&&l.activeElement===s&&(d.top.location.href=t.value))}},d.addEventListener(\"message\",d.wp.receiveEmbedMessage,!1),l.addEventListener(\"DOMContentLoaded\",function(){for(var e,t,s=l.querySelectorAll(\"iframe.wp-embedded-content\"),r=0;r<s.length;r++)(t=(e=s[r]).getAttribute(\"data-secret\"))||(t=Math.random().toString(36).substring(2,12),e.src+=\"#?secret=\"+t,e.setAttribute(\"data-secret\",t)),e.contentWindow.postMessage({message:\"ready\",secret:t},\"*\")},!1)))}(window,document);\n\/* ]]> *\/\n<\/script>\n","thumbnail_url":"https:\/\/welovecinema.be\/wp-content\/uploads\/sites\/2\/2022\/01\/FotoJet-1.jpg","thumbnail_width":1200,"thumbnail_height":600,"description":"L&rsquo;ann\u00e9e derni\u00e8re, faute de pouvoir diffuser la c\u00e9r\u00e9monie des Magritte du Cin\u00e9ma, la RTBF avait consacr\u00e9 une semaine \u00e0 la force et la vitalit\u00e9 du cin\u00e9ma belge, aussi bien via une programmation renforc\u00e9e de films belges, que via la pr\u00e9sence de talents du cin\u00e9ma belge dans les diff\u00e9rentes \u00e9missions de ses diff\u00e9rentes cha\u00eenes. La chaine &hellip;"}

Semaine du cinéma belge sur la RTBF, deuxième! - We Love Cinema

<blockquote class="wp-embedded-content" data-secret="khrFgFzGwf"><a href="https://welovecinema.be/fr/semaine-du-cinema-belge-sur-la-rtbf-deuxieme/">Semaine du cinéma belge sur la RTBF, deuxième!</a></blockquote><iframe sandbox="allow-scripts" security="restricted" src="https://welovecinema.be/fr/semaine-du-cinema-belge-sur-la-rtbf-deuxieme/embed/#?secret=khrFgFzGwf" width="600" height="338" title="« Semaine du cinéma belge sur la RTBF, deuxième! » &#8212; We Love Cinema" data-secret="khrFgFzGwf" frameborder="0" marginwidth="0" marginheight="0" scrolling="no" class="wp-embedded-content"></iframe><script type="text/javascript">
/* <![CDATA[ */
/*! This file is auto-generated */
!function(d,l){"use strict";l.querySelector&&d.addEventListener&&"undefined"!=typeof URL&&(d.wp=d.wp||{},d.wp.receiveEmbedMessage||(d.wp.receiveEmbedMessage=function(e){var t=e.data;if((t||t.secret||t.message||t.value)&&!/[^a-zA-Z0-9]/.test(t.secret)){for(var s,r,n,a=l.querySelectorAll('iframe[data-secret="'+t.secret+'"]'),o=l.querySelectorAll('blockquote[data-secret="'+t.secret+'"]'),c=new RegExp("^https?:$","i"),i=0;i<o.length;i++)o[i].style.display="none";for(i=0;i<a.length;i++)s=a[i],e.source===s.contentWindow&&(s.removeAttribute("style"),"height"===t.message?(1e3<(r=parseInt(t.value,10))?r=1e3:~~r<200&&(r=200),s.height=r):"link"===t.message&&(r=new URL(s.getAttribute("src")),n=new URL(t.value),c.test(n.protocol))&&n.host===r.host&&l.activeElement===s&&(d.top.location.href=t.value))}},d.addEventListener("message",d.wp.receiveEmbedMessage,!1),l.addEventListener("DOMContentLoaded",function(){for(var e,t,s=l.querySelectorAll("iframe.wp-embedded-content"),r=0;r<s.length;r++)(t=(e=s[r]).getAttribute("data-secret"))||(t=Math.random().toString(36).substring(2,12),e.src+="#?secret="+t,e.setAttribute("data-secret",t)),e.contentWindow.postMessage({message:"ready",secret:t},"*")},!1)))}(window,document);
/* ]]> */
</script>

L&rsquo;année dernière, faute de pouvoir diffuser la cérémonie des Magritte du Cinéma, la RTBF avait consacré une semaine à la force et la vitalité du cinéma belge, aussi bien via une programmation renforcée de films belges, que via la présence de talents du cinéma belge dans les différentes émissions de ses différentes chaînes. La chaine &hellip;
