{"version":"1.0","provider_name":"We Love Cinema","provider_url":"https:\/\/welovecinema.be\/fr\/","author_name":"Philippe.Pierquin","author_url":"https:\/\/welovecinema.be\/fr\/author\/philippe-pierquin\/","title":"Apr\u00e8s \"La tr\u00eave\", rien ne sera plus vraiment comme avant - We Love Cinema","type":"rich","width":600,"height":338,"html":"<blockquote class=\"wp-embedded-content\" data-secret=\"9eHBlMAkzR\"><a href=\"https:\/\/welovecinema.be\/fr\/rien-ne-sera-plus-vraiment-comme-avant\/\">Apr\u00e8s \u00ab\u00a0La tr\u00eave\u00a0\u00bb, rien ne sera plus vraiment comme avant<\/a><\/blockquote><iframe sandbox=\"allow-scripts\" security=\"restricted\" src=\"https:\/\/welovecinema.be\/fr\/rien-ne-sera-plus-vraiment-comme-avant\/embed\/#?secret=9eHBlMAkzR\" width=\"600\" height=\"338\" title=\"\u00ab\u00a0Apr\u00e8s \u00ab\u00a0La tr\u00eave\u00a0\u00bb, rien ne sera plus vraiment comme avant\u00a0\u00bb &#8212; We Love Cinema\" data-secret=\"9eHBlMAkzR\" frameborder=\"0\" marginwidth=\"0\" marginheight=\"0\" scrolling=\"no\" class=\"wp-embedded-content\"><\/iframe><script type=\"text\/javascript\">\n\/* <![CDATA[ *\/\n\/*! This file is auto-generated *\/\n!function(d,l){\"use strict\";l.querySelector&&d.addEventListener&&\"undefined\"!=typeof URL&&(d.wp=d.wp||{},d.wp.receiveEmbedMessage||(d.wp.receiveEmbedMessage=function(e){var t=e.data;if((t||t.secret||t.message||t.value)&&!\/[^a-zA-Z0-9]\/.test(t.secret)){for(var s,r,n,a=l.querySelectorAll('iframe[data-secret=\"'+t.secret+'\"]'),o=l.querySelectorAll('blockquote[data-secret=\"'+t.secret+'\"]'),c=new RegExp(\"^https?:$\",\"i\"),i=0;i<o.length;i++)o[i].style.display=\"none\";for(i=0;i<a.length;i++)s=a[i],e.source===s.contentWindow&&(s.removeAttribute(\"style\"),\"height\"===t.message?(1e3<(r=parseInt(t.value,10))?r=1e3:~~r<200&&(r=200),s.height=r):\"link\"===t.message&&(r=new URL(s.getAttribute(\"src\")),n=new URL(t.value),c.test(n.protocol))&&n.host===r.host&&l.activeElement===s&&(d.top.location.href=t.value))}},d.addEventListener(\"message\",d.wp.receiveEmbedMessage,!1),l.addEventListener(\"DOMContentLoaded\",function(){for(var e,t,s=l.querySelectorAll(\"iframe.wp-embedded-content\"),r=0;r<s.length;r++)(t=(e=s[r]).getAttribute(\"data-secret\"))||(t=Math.random().toString(36).substring(2,12),e.src+=\"#?secret=\"+t,e.setAttribute(\"data-secret\",t)),e.contentWindow.postMessage({message:\"ready\",secret:t},\"*\")},!1)))}(window,document);\n\/* ]]> *\/\n<\/script>\n","thumbnail_url":"https:\/\/welovecinema.be\/wp-content\/uploads\/sites\/2\/2016\/03\/EP07_LA-TREVE_FALAISE.jpg","thumbnail_width":1024,"thumbnail_height":576,"description":"On ne va pas vous mentir\u00a0: dimanche prochain sur le coup de 23h, vous allez vous sentir mal. Lorsqu\u2019aura d\u00e9fil\u00e9 pour la derni\u00e8re fois le g\u00e9n\u00e9rique de La Tr\u00eave, que le 10e \u00e9pisode se sera achev\u00e9 sur une envol\u00e9e de la cam\u00e9ra vers le ciel (zut, on a spoil\u00e9\u00a0\ud83d\ude09 ), vous allez ressentir un profond &hellip;"}

Après "La trêve", rien ne sera plus vraiment comme avant - We Love Cinema

<blockquote class="wp-embedded-content" data-secret="9eHBlMAkzR"><a href="https://welovecinema.be/fr/rien-ne-sera-plus-vraiment-comme-avant/">Après « La trêve », rien ne sera plus vraiment comme avant</a></blockquote><iframe sandbox="allow-scripts" security="restricted" src="https://welovecinema.be/fr/rien-ne-sera-plus-vraiment-comme-avant/embed/#?secret=9eHBlMAkzR" width="600" height="338" title="« Après « La trêve », rien ne sera plus vraiment comme avant » &#8212; We Love Cinema" data-secret="9eHBlMAkzR" frameborder="0" marginwidth="0" marginheight="0" scrolling="no" class="wp-embedded-content"></iframe><script type="text/javascript">
/* <![CDATA[ */
/*! This file is auto-generated */
!function(d,l){"use strict";l.querySelector&&d.addEventListener&&"undefined"!=typeof URL&&(d.wp=d.wp||{},d.wp.receiveEmbedMessage||(d.wp.receiveEmbedMessage=function(e){var t=e.data;if((t||t.secret||t.message||t.value)&&!/[^a-zA-Z0-9]/.test(t.secret)){for(var s,r,n,a=l.querySelectorAll('iframe[data-secret="'+t.secret+'"]'),o=l.querySelectorAll('blockquote[data-secret="'+t.secret+'"]'),c=new RegExp("^https?:$","i"),i=0;i<o.length;i++)o[i].style.display="none";for(i=0;i<a.length;i++)s=a[i],e.source===s.contentWindow&&(s.removeAttribute("style"),"height"===t.message?(1e3<(r=parseInt(t.value,10))?r=1e3:~~r<200&&(r=200),s.height=r):"link"===t.message&&(r=new URL(s.getAttribute("src")),n=new URL(t.value),c.test(n.protocol))&&n.host===r.host&&l.activeElement===s&&(d.top.location.href=t.value))}},d.addEventListener("message",d.wp.receiveEmbedMessage,!1),l.addEventListener("DOMContentLoaded",function(){for(var e,t,s=l.querySelectorAll("iframe.wp-embedded-content"),r=0;r<s.length;r++)(t=(e=s[r]).getAttribute("data-secret"))||(t=Math.random().toString(36).substring(2,12),e.src+="#?secret="+t,e.setAttribute("data-secret",t)),e.contentWindow.postMessage({message:"ready",secret:t},"*")},!1)))}(window,document);
/* ]]> */
</script>

On ne va pas vous mentir : dimanche prochain sur le coup de 23h, vous allez vous sentir mal. Lorsqu’aura défilé pour la dernière fois le générique de La Trêve, que le 10e épisode se sera achevé sur une envolée de la caméra vers le ciel (zut, on a spoilé 😉 ), vous allez ressentir un profond &hellip;
