{"version":"1.0","provider_name":"We Love Cinema","provider_url":"https:\/\/welovecinema.be\/fr\/","author_name":"Aurore Engelen","author_url":"https:\/\/welovecinema.be\/fr\/author\/aurore-engelen\/","title":"Rendez-vous au BRIFF et au BSFF! - We Love Cinema","type":"rich","width":600,"height":338,"html":"<blockquote class=\"wp-embedded-content\" data-secret=\"tOxSD5Wrez\"><a href=\"https:\/\/welovecinema.be\/fr\/rendez-vous-au-brif-et-au-bsff\/\">Rendez-vous au BRIFF et au BSFF!<\/a><\/blockquote><iframe sandbox=\"allow-scripts\" security=\"restricted\" src=\"https:\/\/welovecinema.be\/fr\/rendez-vous-au-brif-et-au-bsff\/embed\/#?secret=tOxSD5Wrez\" width=\"600\" height=\"338\" title=\"\u00ab\u00a0Rendez-vous au BRIFF et au BSFF!\u00a0\u00bb &#8212; We Love Cinema\" data-secret=\"tOxSD5Wrez\" frameborder=\"0\" marginwidth=\"0\" marginheight=\"0\" scrolling=\"no\" class=\"wp-embedded-content\"><\/iframe><script type=\"text\/javascript\">\n\/* <![CDATA[ *\/\n\/*! This file is auto-generated *\/\n!function(d,l){\"use strict\";l.querySelector&&d.addEventListener&&\"undefined\"!=typeof URL&&(d.wp=d.wp||{},d.wp.receiveEmbedMessage||(d.wp.receiveEmbedMessage=function(e){var t=e.data;if((t||t.secret||t.message||t.value)&&!\/[^a-zA-Z0-9]\/.test(t.secret)){for(var s,r,n,a=l.querySelectorAll('iframe[data-secret=\"'+t.secret+'\"]'),o=l.querySelectorAll('blockquote[data-secret=\"'+t.secret+'\"]'),c=new RegExp(\"^https?:$\",\"i\"),i=0;i<o.length;i++)o[i].style.display=\"none\";for(i=0;i<a.length;i++)s=a[i],e.source===s.contentWindow&&(s.removeAttribute(\"style\"),\"height\"===t.message?(1e3<(r=parseInt(t.value,10))?r=1e3:~~r<200&&(r=200),s.height=r):\"link\"===t.message&&(r=new URL(s.getAttribute(\"src\")),n=new URL(t.value),c.test(n.protocol))&&n.host===r.host&&l.activeElement===s&&(d.top.location.href=t.value))}},d.addEventListener(\"message\",d.wp.receiveEmbedMessage,!1),l.addEventListener(\"DOMContentLoaded\",function(){for(var e,t,s=l.querySelectorAll(\"iframe.wp-embedded-content\"),r=0;r<s.length;r++)(t=(e=s[r]).getAttribute(\"data-secret\"))||(t=Math.random().toString(36).substring(2,12),e.src+=\"#?secret=\"+t,e.setAttribute(\"data-secret\",t)),e.contentWindow.postMessage({message:\"ready\",secret:t},\"*\")},!1)))}(window,document);\n\/* ]]> *\/\n<\/script>\n","thumbnail_url":"https:\/\/welovecinema.be\/wp-content\/uploads\/sites\/2\/2020\/08\/65283906_1232023520308371_4945894925720879104_o_1232023513641705.jpg","thumbnail_width":1380,"thumbnail_height":920,"description":"L&rsquo;asbl Un soir un grain, organisatrice du Brussels International Film Festival et du Brussels Short Film Festival tenait ce matin une conf\u00e9rence de presse visant \u00e0 pr\u00e9senter le programme de ces deux festivals, qui se tiendront du 2 au 13 septembre prochains, envers et contre tout! A situations exceptionnelle, mesures exceptionnelles. Apr\u00e8s les diff\u00e9rentes initiatives &hellip;"}

L&rsquo;asbl Un soir un grain, organisatrice du Brussels International Film Festival et du Brussels Short Film Festival tenait ce matin une conférence de presse visant à présenter le programme de ces deux festivals, qui se tiendront du 2 au 13 septembre prochains, envers et contre tout! A situations exceptionnelle, mesures exceptionnelles. Après les différentes initiatives &hellip;
