{"version":"1.0","provider_name":"We Love Cinema","provider_url":"https:\/\/welovecinema.be\/fr\/","author_name":"Philippe.Pierquin","author_url":"https:\/\/welovecinema.be\/fr\/author\/philippe-pierquin\/","title":"La photo du jour - Vendredi 6 juin 2014 - We Love Cinema","type":"rich","width":600,"height":338,"html":"<blockquote class=\"wp-embedded-content\" data-secret=\"0Ysxr6IoZg\"><a href=\"https:\/\/welovecinema.be\/fr\/photo-du-jour-vendredi-6-juin-2014\/\">La photo du jour &#8211; Vendredi 6 juin 2014<\/a><\/blockquote><iframe sandbox=\"allow-scripts\" security=\"restricted\" src=\"https:\/\/welovecinema.be\/fr\/photo-du-jour-vendredi-6-juin-2014\/embed\/#?secret=0Ysxr6IoZg\" width=\"600\" height=\"338\" title=\"\u00ab\u00a0La photo du jour &#8211; Vendredi 6 juin 2014\u00a0\u00bb &#8212; We Love Cinema\" data-secret=\"0Ysxr6IoZg\" frameborder=\"0\" marginwidth=\"0\" marginheight=\"0\" scrolling=\"no\" class=\"wp-embedded-content\"><\/iframe><script type=\"text\/javascript\">\n\/* <![CDATA[ *\/\n\/*! This file is auto-generated *\/\n!function(d,l){\"use strict\";l.querySelector&&d.addEventListener&&\"undefined\"!=typeof URL&&(d.wp=d.wp||{},d.wp.receiveEmbedMessage||(d.wp.receiveEmbedMessage=function(e){var t=e.data;if((t||t.secret||t.message||t.value)&&!\/[^a-zA-Z0-9]\/.test(t.secret)){for(var s,r,n,a=l.querySelectorAll('iframe[data-secret=\"'+t.secret+'\"]'),o=l.querySelectorAll('blockquote[data-secret=\"'+t.secret+'\"]'),c=new RegExp(\"^https?:$\",\"i\"),i=0;i<o.length;i++)o[i].style.display=\"none\";for(i=0;i<a.length;i++)s=a[i],e.source===s.contentWindow&&(s.removeAttribute(\"style\"),\"height\"===t.message?(1e3<(r=parseInt(t.value,10))?r=1e3:~~r<200&&(r=200),s.height=r):\"link\"===t.message&&(r=new URL(s.getAttribute(\"src\")),n=new URL(t.value),c.test(n.protocol))&&n.host===r.host&&l.activeElement===s&&(d.top.location.href=t.value))}},d.addEventListener(\"message\",d.wp.receiveEmbedMessage,!1),l.addEventListener(\"DOMContentLoaded\",function(){for(var e,t,s=l.querySelectorAll(\"iframe.wp-embedded-content\"),r=0;r<s.length;r++)(t=(e=s[r]).getAttribute(\"data-secret\"))||(t=Math.random().toString(36).substring(2,12),e.src+=\"#?secret=\"+t,e.setAttribute(\"data-secret\",t)),e.contentWindow.postMessage({message:\"ready\",secret:t},\"*\")},!1)))}(window,document);\n\/* ]]> *\/\n<\/script>\n","thumbnail_url":"https:\/\/welovecinema.be\/wp-content\/uploads\/sites\/2\/2014\/06\/app2.jpg","thumbnail_width":1536,"thumbnail_height":1024,"description":"A Flagey aussi, le 6 juin est synonyme de d\u00e9barquement. D\u00e8s ce soir, le Brussels Film Festival accueille 25 salopards et 25 smeerlappen du cin\u00e9ma belge. Et en plus, ils resteront sur place pendant toute la dur\u00e9e de la manifestation Vernissage aujourd&rsquo;hui, ouverture de l&rsquo;expo au grand public demain Y&rsquo;a plus qu&rsquo;\u00e0 quoi&#8230;"}

A Flagey aussi, le 6 juin est synonyme de débarquement. Dès ce soir, le Brussels Film Festival accueille 25 salopards et 25 smeerlappen du cinéma belge. Et en plus, ils resteront sur place pendant toute la durée de la manifestation Vernissage aujourd&rsquo;hui, ouverture de l&rsquo;expo au grand public demain Y&rsquo;a plus qu&rsquo;à quoi&#8230;
