{"version":"1.0","provider_name":"We Love Cinema","provider_url":"https:\/\/welovecinema.be\/fr\/","author_name":"Philippe.Pierquin","author_url":"https:\/\/welovecinema.be\/fr\/author\/philippe-pierquin\/","title":"La photo du jour - Mercredi 11 juin 2014 - We Love Cinema","type":"rich","width":600,"height":338,"html":"<blockquote class=\"wp-embedded-content\" data-secret=\"DByBv3oucl\"><a href=\"https:\/\/welovecinema.be\/fr\/photo-du-jour-mercredi-11-juin-2014\/\">La photo du jour &#8211; Mercredi 11 juin 2014<\/a><\/blockquote><iframe sandbox=\"allow-scripts\" security=\"restricted\" src=\"https:\/\/welovecinema.be\/fr\/photo-du-jour-mercredi-11-juin-2014\/embed\/#?secret=DByBv3oucl\" width=\"600\" height=\"338\" title=\"\u00ab\u00a0La photo du jour &#8211; Mercredi 11 juin 2014\u00a0\u00bb &#8212; We Love Cinema\" data-secret=\"DByBv3oucl\" frameborder=\"0\" marginwidth=\"0\" marginheight=\"0\" scrolling=\"no\" class=\"wp-embedded-content\"><\/iframe><script type=\"text\/javascript\">\n\/* <![CDATA[ *\/\n\/*! This file is auto-generated *\/\n!function(d,l){\"use strict\";l.querySelector&&d.addEventListener&&\"undefined\"!=typeof URL&&(d.wp=d.wp||{},d.wp.receiveEmbedMessage||(d.wp.receiveEmbedMessage=function(e){var t=e.data;if((t||t.secret||t.message||t.value)&&!\/[^a-zA-Z0-9]\/.test(t.secret)){for(var s,r,n,a=l.querySelectorAll('iframe[data-secret=\"'+t.secret+'\"]'),o=l.querySelectorAll('blockquote[data-secret=\"'+t.secret+'\"]'),c=new RegExp(\"^https?:$\",\"i\"),i=0;i<o.length;i++)o[i].style.display=\"none\";for(i=0;i<a.length;i++)s=a[i],e.source===s.contentWindow&&(s.removeAttribute(\"style\"),\"height\"===t.message?(1e3<(r=parseInt(t.value,10))?r=1e3:~~r<200&&(r=200),s.height=r):\"link\"===t.message&&(r=new URL(s.getAttribute(\"src\")),n=new URL(t.value),c.test(n.protocol))&&n.host===r.host&&l.activeElement===s&&(d.top.location.href=t.value))}},d.addEventListener(\"message\",d.wp.receiveEmbedMessage,!1),l.addEventListener(\"DOMContentLoaded\",function(){for(var e,t,s=l.querySelectorAll(\"iframe.wp-embedded-content\"),r=0;r<s.length;r++)(t=(e=s[r]).getAttribute(\"data-secret\"))||(t=Math.random().toString(36).substring(2,12),e.src+=\"#?secret=\"+t,e.setAttribute(\"data-secret\",t)),e.contentWindow.postMessage({message:\"ready\",secret:t},\"*\")},!1)))}(window,document);\n\/* ]]> *\/\n<\/script>\n","thumbnail_url":"https:\/\/welovecinema.be\/wp-content\/uploads\/sites\/2\/2010\/06\/app2.jpg","thumbnail_width":1536,"thumbnail_height":1024,"description":"La premi\u00e8re partie du tournage d&rsquo;Un homme \u00e0 la mer (voir ici) est termin\u00e9e. Dans les chouettes photos publi\u00e9es par Val\u00e9rie Houdart\u00a0sur la page officielle du film (ici), nous avons crois\u00e9 un visage connu, une com\u00e9dienne d\u00e9j\u00e0 pr\u00e9sente dans De Leur vivant, le pr\u00e9c\u00e9dent long m\u00e9trage de G\u00e9raldine Doignon. Elle a aussi re\u00e7u un Magritte &hellip;"}

La première partie du tournage d&rsquo;Un homme à la mer (voir ici) est terminée. Dans les chouettes photos publiées par Valérie Houdart sur la page officielle du film (ici), nous avons croisé un visage connu, une comédienne déjà présente dans De Leur vivant, le précédent long métrage de Géraldine Doignon. Elle a aussi reçu un Magritte &hellip;
