{"version":"1.0","provider_name":"We Love Cinema","provider_url":"https:\/\/welovecinema.be\/fr\/","author_name":"Aurore Engelen","author_url":"https:\/\/welovecinema.be\/fr\/author\/aurore-engelen\/","title":"Passez de courtes nuits \u00e0 Li\u00e8ge et Huy! - We Love Cinema","type":"rich","width":600,"height":338,"html":"<blockquote class=\"wp-embedded-content\" data-secret=\"yGapqaN2Ej\"><a href=\"https:\/\/welovecinema.be\/fr\/passez-de-courtes-nuits-a-liege-huy\/\">Passez de courtes nuits \u00e0 Li\u00e8ge et Huy!<\/a><\/blockquote><iframe sandbox=\"allow-scripts\" security=\"restricted\" src=\"https:\/\/welovecinema.be\/fr\/passez-de-courtes-nuits-a-liege-huy\/embed\/#?secret=yGapqaN2Ej\" width=\"600\" height=\"338\" title=\"\u00ab\u00a0Passez de courtes nuits \u00e0 Li\u00e8ge et Huy!\u00a0\u00bb &#8212; We Love Cinema\" data-secret=\"yGapqaN2Ej\" frameborder=\"0\" marginwidth=\"0\" marginheight=\"0\" scrolling=\"no\" class=\"wp-embedded-content\"><\/iframe><script type=\"text\/javascript\">\n\/* <![CDATA[ *\/\n\/*! This file is auto-generated *\/\n!function(d,l){\"use strict\";l.querySelector&&d.addEventListener&&\"undefined\"!=typeof URL&&(d.wp=d.wp||{},d.wp.receiveEmbedMessage||(d.wp.receiveEmbedMessage=function(e){var t=e.data;if((t||t.secret||t.message||t.value)&&!\/[^a-zA-Z0-9]\/.test(t.secret)){for(var s,r,n,a=l.querySelectorAll('iframe[data-secret=\"'+t.secret+'\"]'),o=l.querySelectorAll('blockquote[data-secret=\"'+t.secret+'\"]'),c=new RegExp(\"^https?:$\",\"i\"),i=0;i<o.length;i++)o[i].style.display=\"none\";for(i=0;i<a.length;i++)s=a[i],e.source===s.contentWindow&&(s.removeAttribute(\"style\"),\"height\"===t.message?(1e3<(r=parseInt(t.value,10))?r=1e3:~~r<200&&(r=200),s.height=r):\"link\"===t.message&&(r=new URL(s.getAttribute(\"src\")),n=new URL(t.value),c.test(n.protocol))&&n.host===r.host&&l.activeElement===s&&(d.top.location.href=t.value))}},d.addEventListener(\"message\",d.wp.receiveEmbedMessage,!1),l.addEventListener(\"DOMContentLoaded\",function(){for(var e,t,s=l.querySelectorAll(\"iframe.wp-embedded-content\"),r=0;r<s.length;r++)(t=(e=s[r]).getAttribute(\"data-secret\"))||(t=Math.random().toString(36).substring(2,12),e.src+=\"#?secret=\"+t,e.setAttribute(\"data-secret\",t)),e.contentWindow.postMessage({message:\"ready\",secret:t},\"*\")},!1)))}(window,document);\n\/* ]]> *\/\n<\/script>\n","thumbnail_url":"https:\/\/welovecinema.be\/wp-content\/uploads\/sites\/2\/2017\/06\/Nuit-Du-COurt.jpg","thumbnail_width":1000,"thumbnail_height":666,"description":"Le Festival Les Enfants Terribles, consacr\u00e9 aux courts m\u00e9trages europ\u00e9ens, organise \u00e0 Huy le samedi 1er juillet prochain sa 3\u00e8me Nuit du Court M\u00e9trage, l&rsquo;occasion de savourer en plein air avec ses voisins de transat quelques courts m\u00e9trages belges incontournables. La veille, le vendredi 30 juin, retrouvez La Nuit du Court M\u00e9trage sur la Place &hellip;"}

Passez de courtes nuits à Liège et Huy! - We Love Cinema

<blockquote class="wp-embedded-content" data-secret="yGapqaN2Ej"><a href="https://welovecinema.be/fr/passez-de-courtes-nuits-a-liege-huy/">Passez de courtes nuits à Liège et Huy!</a></blockquote><iframe sandbox="allow-scripts" security="restricted" src="https://welovecinema.be/fr/passez-de-courtes-nuits-a-liege-huy/embed/#?secret=yGapqaN2Ej" width="600" height="338" title="« Passez de courtes nuits à Liège et Huy! » &#8212; We Love Cinema" data-secret="yGapqaN2Ej" frameborder="0" marginwidth="0" marginheight="0" scrolling="no" class="wp-embedded-content"></iframe><script type="text/javascript">
/* <![CDATA[ */
/*! This file is auto-generated */
!function(d,l){"use strict";l.querySelector&&d.addEventListener&&"undefined"!=typeof URL&&(d.wp=d.wp||{},d.wp.receiveEmbedMessage||(d.wp.receiveEmbedMessage=function(e){var t=e.data;if((t||t.secret||t.message||t.value)&&!/[^a-zA-Z0-9]/.test(t.secret)){for(var s,r,n,a=l.querySelectorAll('iframe[data-secret="'+t.secret+'"]'),o=l.querySelectorAll('blockquote[data-secret="'+t.secret+'"]'),c=new RegExp("^https?:$","i"),i=0;i<o.length;i++)o[i].style.display="none";for(i=0;i<a.length;i++)s=a[i],e.source===s.contentWindow&&(s.removeAttribute("style"),"height"===t.message?(1e3<(r=parseInt(t.value,10))?r=1e3:~~r<200&&(r=200),s.height=r):"link"===t.message&&(r=new URL(s.getAttribute("src")),n=new URL(t.value),c.test(n.protocol))&&n.host===r.host&&l.activeElement===s&&(d.top.location.href=t.value))}},d.addEventListener("message",d.wp.receiveEmbedMessage,!1),l.addEventListener("DOMContentLoaded",function(){for(var e,t,s=l.querySelectorAll("iframe.wp-embedded-content"),r=0;r<s.length;r++)(t=(e=s[r]).getAttribute("data-secret"))||(t=Math.random().toString(36).substring(2,12),e.src+="#?secret="+t,e.setAttribute("data-secret",t)),e.contentWindow.postMessage({message:"ready",secret:t},"*")},!1)))}(window,document);
/* ]]> */
</script>

Le Festival Les Enfants Terribles, consacré aux courts métrages européens, organise à Huy le samedi 1er juillet prochain sa 3ème Nuit du Court Métrage, l&rsquo;occasion de savourer en plein air avec ses voisins de transat quelques courts métrages belges incontournables. La veille, le vendredi 30 juin, retrouvez La Nuit du Court Métrage sur la Place &hellip;
