{"version":"1.0","provider_name":"We Love Cinema","provider_url":"https:\/\/welovecinema.be\/fr\/","author_name":"Laurent","author_url":"https:\/\/welovecinema.be\/fr\/author\/laurent-jans\/","title":"Les fr\u00e8res Dardenne :  Parce qu'ils le valent bien. - We Love Cinema","type":"rich","width":600,"height":338,"html":"<blockquote class=\"wp-embedded-content\" data-secret=\"CdEy6K0nrR\"><a href=\"https:\/\/welovecinema.be\/fr\/parce-quils-le-valent-bien\/\">Les fr\u00e8res Dardenne : <br> Parce qu&rsquo;ils le valent bien.<\/a><\/blockquote><iframe sandbox=\"allow-scripts\" security=\"restricted\" src=\"https:\/\/welovecinema.be\/fr\/parce-quils-le-valent-bien\/embed\/#?secret=CdEy6K0nrR\" width=\"600\" height=\"338\" title=\"\u00ab\u00a0Les fr\u00e8res Dardenne : &lt;br&gt; Parce qu&rsquo;ils le valent bien.\u00a0\u00bb &#8212; We Love Cinema\" data-secret=\"CdEy6K0nrR\" frameborder=\"0\" marginwidth=\"0\" marginheight=\"0\" scrolling=\"no\" class=\"wp-embedded-content\"><\/iframe><script type=\"text\/javascript\">\n\/* <![CDATA[ *\/\n\/*! This file is auto-generated *\/\n!function(d,l){\"use strict\";l.querySelector&&d.addEventListener&&\"undefined\"!=typeof URL&&(d.wp=d.wp||{},d.wp.receiveEmbedMessage||(d.wp.receiveEmbedMessage=function(e){var t=e.data;if((t||t.secret||t.message||t.value)&&!\/[^a-zA-Z0-9]\/.test(t.secret)){for(var s,r,n,a=l.querySelectorAll('iframe[data-secret=\"'+t.secret+'\"]'),o=l.querySelectorAll('blockquote[data-secret=\"'+t.secret+'\"]'),c=new RegExp(\"^https?:$\",\"i\"),i=0;i<o.length;i++)o[i].style.display=\"none\";for(i=0;i<a.length;i++)s=a[i],e.source===s.contentWindow&&(s.removeAttribute(\"style\"),\"height\"===t.message?(1e3<(r=parseInt(t.value,10))?r=1e3:~~r<200&&(r=200),s.height=r):\"link\"===t.message&&(r=new URL(s.getAttribute(\"src\")),n=new URL(t.value),c.test(n.protocol))&&n.host===r.host&&l.activeElement===s&&(d.top.location.href=t.value))}},d.addEventListener(\"message\",d.wp.receiveEmbedMessage,!1),l.addEventListener(\"DOMContentLoaded\",function(){for(var e,t,s=l.querySelectorAll(\"iframe.wp-embedded-content\"),r=0;r<s.length;r++)(t=(e=s[r]).getAttribute(\"data-secret\"))||(t=Math.random().toString(36).substring(2,12),e.src+=\"#?secret=\"+t,e.setAttribute(\"data-secret\",t)),e.contentWindow.postMessage({message:\"ready\",secret:t},\"*\")},!1)))}(window,document);\n\/* ]]> *\/\n<\/script>\n","description":"Un beau jour de mai 1999, les fr\u00e8res Dardenne sont devenus les porte-drapeaux de notre cin\u00e9ma. Pour la premi\u00e8re fois, sur la Croisette, un film belge remportait une Palme d&rsquo;Or : Rosetta entrait dans la l\u00e9gende. Bien s\u00fbr, il y avait eu avant cela un prix d&rsquo;interpr\u00e9tation pour Pascal Duquenne (partag\u00e9 avec Daniel Auteuil)\u00a0 dans &hellip;","thumbnail_url":"http:\/\/www.cinevox.be\/wp-content\/uploads\/sites\/2\/2011\/04\/renier-dardenne1-406x270.jpg"}

Les frères Dardenne :  Parce qu'ils le valent bien. - We Love Cinema

<blockquote class="wp-embedded-content" data-secret="CdEy6K0nrR"><a href="https://welovecinema.be/fr/parce-quils-le-valent-bien/">Les frères Dardenne : <br> Parce qu&rsquo;ils le valent bien.</a></blockquote><iframe sandbox="allow-scripts" security="restricted" src="https://welovecinema.be/fr/parce-quils-le-valent-bien/embed/#?secret=CdEy6K0nrR" width="600" height="338" title="« Les frères Dardenne : &lt;br&gt; Parce qu&rsquo;ils le valent bien. » &#8212; We Love Cinema" data-secret="CdEy6K0nrR" frameborder="0" marginwidth="0" marginheight="0" scrolling="no" class="wp-embedded-content"></iframe><script type="text/javascript">
/* <![CDATA[ */
/*! This file is auto-generated */
!function(d,l){"use strict";l.querySelector&&d.addEventListener&&"undefined"!=typeof URL&&(d.wp=d.wp||{},d.wp.receiveEmbedMessage||(d.wp.receiveEmbedMessage=function(e){var t=e.data;if((t||t.secret||t.message||t.value)&&!/[^a-zA-Z0-9]/.test(t.secret)){for(var s,r,n,a=l.querySelectorAll('iframe[data-secret="'+t.secret+'"]'),o=l.querySelectorAll('blockquote[data-secret="'+t.secret+'"]'),c=new RegExp("^https?:$","i"),i=0;i<o.length;i++)o[i].style.display="none";for(i=0;i<a.length;i++)s=a[i],e.source===s.contentWindow&&(s.removeAttribute("style"),"height"===t.message?(1e3<(r=parseInt(t.value,10))?r=1e3:~~r<200&&(r=200),s.height=r):"link"===t.message&&(r=new URL(s.getAttribute("src")),n=new URL(t.value),c.test(n.protocol))&&n.host===r.host&&l.activeElement===s&&(d.top.location.href=t.value))}},d.addEventListener("message",d.wp.receiveEmbedMessage,!1),l.addEventListener("DOMContentLoaded",function(){for(var e,t,s=l.querySelectorAll("iframe.wp-embedded-content"),r=0;r<s.length;r++)(t=(e=s[r]).getAttribute("data-secret"))||(t=Math.random().toString(36).substring(2,12),e.src+="#?secret="+t,e.setAttribute("data-secret",t)),e.contentWindow.postMessage({message:"ready",secret:t},"*")},!1)))}(window,document);
/* ]]> */
</script>

Un beau jour de mai 1999, les frères Dardenne sont devenus les porte-drapeaux de notre cinéma. Pour la première fois, sur la Croisette, un film belge remportait une Palme d&rsquo;Or : Rosetta entrait dans la légende. Bien sûr, il y avait eu avant cela un prix d&rsquo;interprétation pour Pascal Duquenne (partagé avec Daniel Auteuil)  dans &hellip;
