{"version":"1.0","provider_name":"We Love Cinema","provider_url":"https:\/\/welovecinema.be\/fr\/","author_name":"Laurent","author_url":"https:\/\/welovecinema.be\/fr\/author\/laurent\/","title":"Matthias Schoenaerts : il ne parle pas, il tourne - We Love Cinema","type":"rich","width":600,"height":338,"html":"<blockquote class=\"wp-embedded-content\" data-secret=\"p2rblW7t6K\"><a href=\"https:\/\/welovecinema.be\/fr\/matthias-schoenaerts-il-ne-parle-pas-il-tourne\/\">Matthias Schoenaerts : il ne parle pas, il tourne<\/a><\/blockquote><iframe sandbox=\"allow-scripts\" security=\"restricted\" src=\"https:\/\/welovecinema.be\/fr\/matthias-schoenaerts-il-ne-parle-pas-il-tourne\/embed\/#?secret=p2rblW7t6K\" width=\"600\" height=\"338\" title=\"\u00ab\u00a0Matthias Schoenaerts : il ne parle pas, il tourne\u00a0\u00bb &#8212; We Love Cinema\" data-secret=\"p2rblW7t6K\" frameborder=\"0\" marginwidth=\"0\" marginheight=\"0\" scrolling=\"no\" class=\"wp-embedded-content\"><\/iframe><script type=\"text\/javascript\">\n\/* <![CDATA[ *\/\n\/*! This file is auto-generated *\/\n!function(d,l){\"use strict\";l.querySelector&&d.addEventListener&&\"undefined\"!=typeof URL&&(d.wp=d.wp||{},d.wp.receiveEmbedMessage||(d.wp.receiveEmbedMessage=function(e){var t=e.data;if((t||t.secret||t.message||t.value)&&!\/[^a-zA-Z0-9]\/.test(t.secret)){for(var s,r,n,a=l.querySelectorAll('iframe[data-secret=\"'+t.secret+'\"]'),o=l.querySelectorAll('blockquote[data-secret=\"'+t.secret+'\"]'),c=new RegExp(\"^https?:$\",\"i\"),i=0;i<o.length;i++)o[i].style.display=\"none\";for(i=0;i<a.length;i++)s=a[i],e.source===s.contentWindow&&(s.removeAttribute(\"style\"),\"height\"===t.message?(1e3<(r=parseInt(t.value,10))?r=1e3:~~r<200&&(r=200),s.height=r):\"link\"===t.message&&(r=new URL(s.getAttribute(\"src\")),n=new URL(t.value),c.test(n.protocol))&&n.host===r.host&&l.activeElement===s&&(d.top.location.href=t.value))}},d.addEventListener(\"message\",d.wp.receiveEmbedMessage,!1),l.addEventListener(\"DOMContentLoaded\",function(){for(var e,t,s=l.querySelectorAll(\"iframe.wp-embedded-content\"),r=0;r<s.length;r++)(t=(e=s[r]).getAttribute(\"data-secret\"))||(t=Math.random().toString(36).substring(2,12),e.src+=\"#?secret=\"+t,e.setAttribute(\"data-secret\",t)),e.contentWindow.postMessage({message:\"ready\",secret:t},\"*\")},!1)))}(window,document);\n\/* ]]> *\/\n<\/script>\n","thumbnail_url":"https:\/\/welovecinema.be\/wp-content\/uploads\/sites\/2\/2013\/05\/mBT-300x2251.jpg","thumbnail_width":300,"thumbnail_height":225,"description":"On l\u2019a r\u00e9cemment annonc\u00e9: Matthias Schoenaerts effectuera bient\u00f4t son retour \u00e0 Cannes, un an tout juste apr\u00e8s la projection de De Rouille et d\u2019Os. Il sera en tous cas pr\u00e9sent sur l\u2019\u00e9cran avec Blood Ties, pr\u00e9sent\u00e9 hors comp\u00e9tition, car si on en croit les plannings d\u2019interviews d\u00e9j\u00e0 propos\u00e9s aux journalistes, il ne rencontrera pas la &hellip;"}

On l’a récemment annoncé: Matthias Schoenaerts effectuera bientôt son retour à Cannes, un an tout juste après la projection de De Rouille et d’Os. Il sera en tous cas présent sur l’écran avec Blood Ties, présenté hors compétition, car si on en croit les plannings d’interviews déjà proposés aux journalistes, il ne rencontrera pas la &hellip;
