{"version":"1.0","provider_name":"We Love Cinema","provider_url":"https:\/\/welovecinema.be\/fr\/","author_name":"Philippe.Pierquin","author_url":"https:\/\/welovecinema.be\/fr\/author\/philippe-pierquin\/","title":"Marieke Marieke loves Bruxelles (et vice-versa)  - We Love Cinema","type":"rich","width":600,"height":338,"html":"<blockquote class=\"wp-embedded-content\" data-secret=\"iQGNDJncwi\"><a href=\"https:\/\/welovecinema.be\/fr\/marieke-marieke-loves-bruxelles-et-vice-versa\/\">Marieke Marieke loves Bruxelles (et vice-versa)<\/a><\/blockquote><iframe sandbox=\"allow-scripts\" security=\"restricted\" src=\"https:\/\/welovecinema.be\/fr\/marieke-marieke-loves-bruxelles-et-vice-versa\/embed\/#?secret=iQGNDJncwi\" width=\"600\" height=\"338\" title=\"\u00ab\u00a0Marieke Marieke loves Bruxelles (et vice-versa)\u00a0\u00bb &#8212; We Love Cinema\" data-secret=\"iQGNDJncwi\" frameborder=\"0\" marginwidth=\"0\" marginheight=\"0\" scrolling=\"no\" class=\"wp-embedded-content\"><\/iframe><script type=\"text\/javascript\">\n\/* <![CDATA[ *\/\n\/*! This file is auto-generated *\/\n!function(d,l){\"use strict\";l.querySelector&&d.addEventListener&&\"undefined\"!=typeof URL&&(d.wp=d.wp||{},d.wp.receiveEmbedMessage||(d.wp.receiveEmbedMessage=function(e){var t=e.data;if((t||t.secret||t.message||t.value)&&!\/[^a-zA-Z0-9]\/.test(t.secret)){for(var s,r,n,a=l.querySelectorAll('iframe[data-secret=\"'+t.secret+'\"]'),o=l.querySelectorAll('blockquote[data-secret=\"'+t.secret+'\"]'),c=new RegExp(\"^https?:$\",\"i\"),i=0;i<o.length;i++)o[i].style.display=\"none\";for(i=0;i<a.length;i++)s=a[i],e.source===s.contentWindow&&(s.removeAttribute(\"style\"),\"height\"===t.message?(1e3<(r=parseInt(t.value,10))?r=1e3:~~r<200&&(r=200),s.height=r):\"link\"===t.message&&(r=new URL(s.getAttribute(\"src\")),n=new URL(t.value),c.test(n.protocol))&&n.host===r.host&&l.activeElement===s&&(d.top.location.href=t.value))}},d.addEventListener(\"message\",d.wp.receiveEmbedMessage,!1),l.addEventListener(\"DOMContentLoaded\",function(){for(var e,t,s=l.querySelectorAll(\"iframe.wp-embedded-content\"),r=0;r<s.length;r++)(t=(e=s[r]).getAttribute(\"data-secret\"))||(t=Math.random().toString(36).substring(2,12),e.src+=\"#?secret=\"+t,e.setAttribute(\"data-secret\",t)),e.contentWindow.postMessage({message:\"ready\",secret:t},\"*\")},!1)))}(window,document);\n\/* ]]> *\/\n<\/script>\n","thumbnail_url":"https:\/\/welovecinema.be\/wp-content\/uploads\/sites\/2\/2014\/11\/marieke4.jpg","thumbnail_width":1024,"thumbnail_height":768,"description":"L\u2019espace bruxellois. Espace habit\u00e9, travers\u00e9, aim\u00e9, mal aim\u00e9 parfois, d\u00e9clencheur de sentiments fortement contrast\u00e9s\u2009; espace urbain beau et laid \u00e0 la fois, o\u00f9 la femme et l\u2019homme sont parfois broy\u00e9s par le poids d\u00e9shumanisant des multiples institutions et organismes anonymes, mais o\u00f9 l\u2019artiste revendique une place forte pour l\u2019humain. &nbsp; Pour remettre les pendules \u00e0 &hellip;"}

L’espace bruxellois. Espace habité, traversé, aimé, mal aimé parfois, déclencheur de sentiments fortement contrastés ; espace urbain beau et laid à la fois, où la femme et l’homme sont parfois broyés par le poids déshumanisant des multiples institutions et organismes anonymes, mais où l’artiste revendique une place forte pour l’humain. &nbsp; Pour remettre les pendules à &hellip;
