{"version":"1.0","provider_name":"We Love Cinema","provider_url":"https:\/\/welovecinema.be\/fr\/","author_name":"Aurore Engelen","author_url":"https:\/\/welovecinema.be\/fr\/author\/aurore-engelen\/","title":"\"L'Int\u00e9r\u00eat d'Adam\": thriller humain - We Love Cinema","type":"rich","width":600,"height":338,"html":"<blockquote class=\"wp-embedded-content\" data-secret=\"1Jqlf1WsrA\"><a href=\"https:\/\/welovecinema.be\/fr\/linteret-dadam-thriller-humain\/\">\u00ab\u00a0L&rsquo;Int\u00e9r\u00eat d&rsquo;Adam\u00a0\u00bb: thriller humain<\/a><\/blockquote><iframe sandbox=\"allow-scripts\" security=\"restricted\" src=\"https:\/\/welovecinema.be\/fr\/linteret-dadam-thriller-humain\/embed\/#?secret=1Jqlf1WsrA\" width=\"600\" height=\"338\" title=\"\u00ab\u00a0\u00ab\u00a0L&rsquo;Int\u00e9r\u00eat d&rsquo;Adam\u00a0\u00bb: thriller humain\u00a0\u00bb &#8212; We Love Cinema\" data-secret=\"1Jqlf1WsrA\" frameborder=\"0\" marginwidth=\"0\" marginheight=\"0\" scrolling=\"no\" class=\"wp-embedded-content\"><\/iframe><script type=\"text\/javascript\">\n\/* <![CDATA[ *\/\n\/*! This file is auto-generated *\/\n!function(d,l){\"use strict\";l.querySelector&&d.addEventListener&&\"undefined\"!=typeof URL&&(d.wp=d.wp||{},d.wp.receiveEmbedMessage||(d.wp.receiveEmbedMessage=function(e){var t=e.data;if((t||t.secret||t.message||t.value)&&!\/[^a-zA-Z0-9]\/.test(t.secret)){for(var s,r,n,a=l.querySelectorAll('iframe[data-secret=\"'+t.secret+'\"]'),o=l.querySelectorAll('blockquote[data-secret=\"'+t.secret+'\"]'),c=new RegExp(\"^https?:$\",\"i\"),i=0;i<o.length;i++)o[i].style.display=\"none\";for(i=0;i<a.length;i++)s=a[i],e.source===s.contentWindow&&(s.removeAttribute(\"style\"),\"height\"===t.message?(1e3<(r=parseInt(t.value,10))?r=1e3:~~r<200&&(r=200),s.height=r):\"link\"===t.message&&(r=new URL(s.getAttribute(\"src\")),n=new URL(t.value),c.test(n.protocol))&&n.host===r.host&&l.activeElement===s&&(d.top.location.href=t.value))}},d.addEventListener(\"message\",d.wp.receiveEmbedMessage,!1),l.addEventListener(\"DOMContentLoaded\",function(){for(var e,t,s=l.querySelectorAll(\"iframe.wp-embedded-content\"),r=0;r<s.length;r++)(t=(e=s[r]).getAttribute(\"data-secret\"))||(t=Math.random().toString(36).substring(2,12),e.src+=\"#?secret=\"+t,e.setAttribute(\"data-secret\",t)),e.contentWindow.postMessage({message:\"ready\",secret:t},\"*\")},!1)))}(window,document);\n\/* ]]> *\/\n<\/script>\n","thumbnail_url":"https:\/\/welovecinema.be\/wp-content\/uploads\/sites\/2\/2025\/04\/L-interet-d-adam\u00a9-Maxence-Dedry-scaled.jpg","thumbnail_width":2560,"thumbnail_height":1441,"description":"Laura Wandel pr\u00e9sente ce jeudi en avant-premi\u00e8re belge au Festival de Gand son deuxi\u00e8me long m\u00e9trage, \u00ab\u00a0L\u2019Int\u00e9r\u00eat d\u2019Adam\u00a0\u00bb, portrait visc\u00e9ral d\u2019un infirmi\u00e8re qui lutte sans rel\u00e2che contre l\u2019impuissance que lui conf\u00e8re l\u2019institution, d\u00e9voil\u00e9 en premi\u00e8re mondiale en mai dernier en ouverture de la Semaine de la Critique de Cannes.\u00a0 Lucie (spectaculaire Lea Drucker) est infirmi\u00e8re &hellip;"}

"L'Intérêt d'Adam": thriller humain - We Love Cinema

<blockquote class="wp-embedded-content" data-secret="1Jqlf1WsrA"><a href="https://welovecinema.be/fr/linteret-dadam-thriller-humain/">« L&rsquo;Intérêt d&rsquo;Adam »: thriller humain</a></blockquote><iframe sandbox="allow-scripts" security="restricted" src="https://welovecinema.be/fr/linteret-dadam-thriller-humain/embed/#?secret=1Jqlf1WsrA" width="600" height="338" title="« « L&rsquo;Intérêt d&rsquo;Adam »: thriller humain » &#8212; We Love Cinema" data-secret="1Jqlf1WsrA" frameborder="0" marginwidth="0" marginheight="0" scrolling="no" class="wp-embedded-content"></iframe><script type="text/javascript">
/* <![CDATA[ */
/*! This file is auto-generated */
!function(d,l){"use strict";l.querySelector&&d.addEventListener&&"undefined"!=typeof URL&&(d.wp=d.wp||{},d.wp.receiveEmbedMessage||(d.wp.receiveEmbedMessage=function(e){var t=e.data;if((t||t.secret||t.message||t.value)&&!/[^a-zA-Z0-9]/.test(t.secret)){for(var s,r,n,a=l.querySelectorAll('iframe[data-secret="'+t.secret+'"]'),o=l.querySelectorAll('blockquote[data-secret="'+t.secret+'"]'),c=new RegExp("^https?:$","i"),i=0;i<o.length;i++)o[i].style.display="none";for(i=0;i<a.length;i++)s=a[i],e.source===s.contentWindow&&(s.removeAttribute("style"),"height"===t.message?(1e3<(r=parseInt(t.value,10))?r=1e3:~~r<200&&(r=200),s.height=r):"link"===t.message&&(r=new URL(s.getAttribute("src")),n=new URL(t.value),c.test(n.protocol))&&n.host===r.host&&l.activeElement===s&&(d.top.location.href=t.value))}},d.addEventListener("message",d.wp.receiveEmbedMessage,!1),l.addEventListener("DOMContentLoaded",function(){for(var e,t,s=l.querySelectorAll("iframe.wp-embedded-content"),r=0;r<s.length;r++)(t=(e=s[r]).getAttribute("data-secret"))||(t=Math.random().toString(36).substring(2,12),e.src+="#?secret="+t,e.setAttribute("data-secret",t)),e.contentWindow.postMessage({message:"ready",secret:t},"*")},!1)))}(window,document);
/* ]]> */
</script>

Laura Wandel présente ce jeudi en avant-première belge au Festival de Gand son deuxième long métrage, « L’Intérêt d’Adam », portrait viscéral d’un infirmière qui lutte sans relâche contre l’impuissance que lui confère l’institution, dévoilé en première mondiale en mai dernier en ouverture de la Semaine de la Critique de Cannes.  Lucie (spectaculaire Lea Drucker) est infirmière &hellip;
