{"version":"1.0","provider_name":"We Love Cinema","provider_url":"https:\/\/welovecinema.be\/fr\/","author_name":"Aurore Engelen","author_url":"https:\/\/welovecinema.be\/fr\/author\/aurore-engelen\/","title":"\"Les Pas Perdus\", un jour au tribunal - We Love Cinema","type":"rich","width":600,"height":338,"html":"<blockquote class=\"wp-embedded-content\" data-secret=\"3pyNHUsPrG\"><a href=\"https:\/\/welovecinema.be\/fr\/les-pas-perdus\/\">\u00ab\u00a0Les Pas Perdus\u00a0\u00bb, un jour au tribunal<\/a><\/blockquote><iframe sandbox=\"allow-scripts\" security=\"restricted\" src=\"https:\/\/welovecinema.be\/fr\/les-pas-perdus\/embed\/#?secret=3pyNHUsPrG\" width=\"600\" height=\"338\" title=\"\u00ab\u00a0\u00ab\u00a0Les Pas Perdus\u00a0\u00bb, un jour au tribunal\u00a0\u00bb &#8212; We Love Cinema\" data-secret=\"3pyNHUsPrG\" frameborder=\"0\" marginwidth=\"0\" marginheight=\"0\" scrolling=\"no\" class=\"wp-embedded-content\"><\/iframe><script type=\"text\/javascript\">\n\/* <![CDATA[ *\/\n\/*! This file is auto-generated *\/\n!function(d,l){\"use strict\";l.querySelector&&d.addEventListener&&\"undefined\"!=typeof URL&&(d.wp=d.wp||{},d.wp.receiveEmbedMessage||(d.wp.receiveEmbedMessage=function(e){var t=e.data;if((t||t.secret||t.message||t.value)&&!\/[^a-zA-Z0-9]\/.test(t.secret)){for(var s,r,n,a=l.querySelectorAll('iframe[data-secret=\"'+t.secret+'\"]'),o=l.querySelectorAll('blockquote[data-secret=\"'+t.secret+'\"]'),c=new RegExp(\"^https?:$\",\"i\"),i=0;i<o.length;i++)o[i].style.display=\"none\";for(i=0;i<a.length;i++)s=a[i],e.source===s.contentWindow&&(s.removeAttribute(\"style\"),\"height\"===t.message?(1e3<(r=parseInt(t.value,10))?r=1e3:~~r<200&&(r=200),s.height=r):\"link\"===t.message&&(r=new URL(s.getAttribute(\"src\")),n=new URL(t.value),c.test(n.protocol))&&n.host===r.host&&l.activeElement===s&&(d.top.location.href=t.value))}},d.addEventListener(\"message\",d.wp.receiveEmbedMessage,!1),l.addEventListener(\"DOMContentLoaded\",function(){for(var e,t,s=l.querySelectorAll(\"iframe.wp-embedded-content\"),r=0;r<s.length;r++)(t=(e=s[r]).getAttribute(\"data-secret\"))||(t=Math.random().toString(36).substring(2,12),e.src+=\"#?secret=\"+t,e.setAttribute(\"data-secret\",t)),e.contentWindow.postMessage({message:\"ready\",secret:t},\"*\")},!1)))}(window,document);\n\/* ]]> *\/\n<\/script>\n","thumbnail_url":"https:\/\/welovecinema.be\/wp-content\/uploads\/sites\/2\/2024\/01\/csm_les-pas-perdus_c661b2cf21.jpg","thumbnail_width":1920,"thumbnail_height":1080,"description":"Roda Fawaz et Thibaut Wohlfahrt pr\u00e9sentent leur premier long m\u00e9trage, Les Pas Perdus, immersion, le temps d\u2019un journ\u00e9e, au coeur d\u2019un Palais de justice quelque part en Belgique. Le film sera projet\u00e9 \u00e0 Tournai (Imagix le 11\/04), avant de sortir \u00e0 l&rsquo;Aventure (Bruxelles) le 15\/04. A retrouver \u00e9galement fin avril \u00e0 Li\u00e8ge et Nivelles. Roda &hellip;"}

Roda Fawaz et Thibaut Wohlfahrt présentent leur premier long métrage, Les Pas Perdus, immersion, le temps d’un journée, au coeur d’un Palais de justice quelque part en Belgique. Le film sera projeté à Tournai (Imagix le 11/04), avant de sortir à l&rsquo;Aventure (Bruxelles) le 15/04. A retrouver également fin avril à Liège et Nivelles. Roda &hellip;
