{"version":"1.0","provider_name":"We Love Cinema","provider_url":"https:\/\/welovecinema.be\/fr\/","author_name":"Laurent","author_url":"https:\/\/welovecinema.be\/fr\/author\/laurent-jans\/","title":"Les Belges adorent la Croisette (et vice-versa). - We Love Cinema","type":"rich","width":600,"height":338,"html":"<blockquote class=\"wp-embedded-content\" data-secret=\"EyYW2X2WMU\"><a href=\"https:\/\/welovecinema.be\/fr\/les-belges-adorent-la-croisette-et-vice-versa\/\">Les Belges adorent la Croisette (et vice-versa).<\/a><\/blockquote><iframe sandbox=\"allow-scripts\" security=\"restricted\" src=\"https:\/\/welovecinema.be\/fr\/les-belges-adorent-la-croisette-et-vice-versa\/embed\/#?secret=EyYW2X2WMU\" width=\"600\" height=\"338\" title=\"\u00ab\u00a0Les Belges adorent la Croisette (et vice-versa).\u00a0\u00bb &#8212; We Love Cinema\" data-secret=\"EyYW2X2WMU\" frameborder=\"0\" marginwidth=\"0\" marginheight=\"0\" scrolling=\"no\" class=\"wp-embedded-content\"><\/iframe><script type=\"text\/javascript\">\n\/* <![CDATA[ *\/\n\/*! This file is auto-generated *\/\n!function(d,l){\"use strict\";l.querySelector&&d.addEventListener&&\"undefined\"!=typeof URL&&(d.wp=d.wp||{},d.wp.receiveEmbedMessage||(d.wp.receiveEmbedMessage=function(e){var t=e.data;if((t||t.secret||t.message||t.value)&&!\/[^a-zA-Z0-9]\/.test(t.secret)){for(var s,r,n,a=l.querySelectorAll('iframe[data-secret=\"'+t.secret+'\"]'),o=l.querySelectorAll('blockquote[data-secret=\"'+t.secret+'\"]'),c=new RegExp(\"^https?:$\",\"i\"),i=0;i<o.length;i++)o[i].style.display=\"none\";for(i=0;i<a.length;i++)s=a[i],e.source===s.contentWindow&&(s.removeAttribute(\"style\"),\"height\"===t.message?(1e3<(r=parseInt(t.value,10))?r=1e3:~~r<200&&(r=200),s.height=r):\"link\"===t.message&&(r=new URL(s.getAttribute(\"src\")),n=new URL(t.value),c.test(n.protocol))&&n.host===r.host&&l.activeElement===s&&(d.top.location.href=t.value))}},d.addEventListener(\"message\",d.wp.receiveEmbedMessage,!1),l.addEventListener(\"DOMContentLoaded\",function(){for(var e,t,s=l.querySelectorAll(\"iframe.wp-embedded-content\"),r=0;r<s.length;r++)(t=(e=s[r]).getAttribute(\"data-secret\"))||(t=Math.random().toString(36).substring(2,12),e.src+=\"#?secret=\"+t,e.setAttribute(\"data-secret\",t)),e.contentWindow.postMessage({message:\"ready\",secret:t},\"*\")},!1)))}(window,document);\n\/* ]]> *\/\n<\/script>\n","thumbnail_url":"https:\/\/welovecinema.be\/wp-content\/uploads\/sites\/2\/2011\/04\/03C003C004175878-photo-l-affiche-du-64eme-festival-de-cannes-2011.jpg","thumbnail_width":"717","thumbnail_height":"478","description":"Le Festival de Cannes d\u00e9bute ce 11 mai et quelques films, r\u00e9alisateurs, actrices ou acteurs belges risquent \u00e0 nouveau d&rsquo;y jouer un r\u00f4le en vue. En comp\u00e9tition officielle, les Fr\u00e8res Dardenne pr\u00e9sentent Le Gamin au V\u00e9lo, leur nouveau film ensoleill\u00e9, avec une exceptionnelle C\u00e9cile de France. Si les fr\u00e8res, d\u00e9j\u00e0 deux fois couronn\u00e9s, remportaient une &hellip;"}

Le Festival de Cannes débute ce 11 mai et quelques films, réalisateurs, actrices ou acteurs belges risquent à nouveau d&rsquo;y jouer un rôle en vue. En compétition officielle, les Frères Dardenne présentent Le Gamin au Vélo, leur nouveau film ensoleillé, avec une exceptionnelle Cécile de France. Si les frères, déjà deux fois couronnés, remportaient une &hellip;
