{"version":"1.0","provider_name":"We Love Cinema","provider_url":"https:\/\/welovecinema.be\/fr\/","author_name":"Aurore Engelen","author_url":"https:\/\/welovecinema.be\/fr\/author\/aurore-engelen\/","title":"Le court du lundi: \"Aube\" de Valentine Lapi\u00e8re - We Love Cinema","type":"rich","width":600,"height":338,"html":"<blockquote class=\"wp-embedded-content\" data-secret=\"u8aGN1h3z4\"><a href=\"https:\/\/welovecinema.be\/fr\/le-court-du-lundi-aube-de-valentine-lapiere\/\">Le court du lundi: \u00ab\u00a0Aube\u00a0\u00bb de Valentine Lapi\u00e8re<\/a><\/blockquote><iframe sandbox=\"allow-scripts\" security=\"restricted\" src=\"https:\/\/welovecinema.be\/fr\/le-court-du-lundi-aube-de-valentine-lapiere\/embed\/#?secret=u8aGN1h3z4\" width=\"600\" height=\"338\" title=\"\u00ab\u00a0Le court du lundi: \u00ab\u00a0Aube\u00a0\u00bb de Valentine Lapi\u00e8re\u00a0\u00bb &#8212; We Love Cinema\" data-secret=\"u8aGN1h3z4\" frameborder=\"0\" marginwidth=\"0\" marginheight=\"0\" scrolling=\"no\" class=\"wp-embedded-content\"><\/iframe><script type=\"text\/javascript\">\n\/* <![CDATA[ *\/\n\/*! This file is auto-generated *\/\n!function(d,l){\"use strict\";l.querySelector&&d.addEventListener&&\"undefined\"!=typeof URL&&(d.wp=d.wp||{},d.wp.receiveEmbedMessage||(d.wp.receiveEmbedMessage=function(e){var t=e.data;if((t||t.secret||t.message||t.value)&&!\/[^a-zA-Z0-9]\/.test(t.secret)){for(var s,r,n,a=l.querySelectorAll('iframe[data-secret=\"'+t.secret+'\"]'),o=l.querySelectorAll('blockquote[data-secret=\"'+t.secret+'\"]'),c=new RegExp(\"^https?:$\",\"i\"),i=0;i<o.length;i++)o[i].style.display=\"none\";for(i=0;i<a.length;i++)s=a[i],e.source===s.contentWindow&&(s.removeAttribute(\"style\"),\"height\"===t.message?(1e3<(r=parseInt(t.value,10))?r=1e3:~~r<200&&(r=200),s.height=r):\"link\"===t.message&&(r=new URL(s.getAttribute(\"src\")),n=new URL(t.value),c.test(n.protocol))&&n.host===r.host&&l.activeElement===s&&(d.top.location.href=t.value))}},d.addEventListener(\"message\",d.wp.receiveEmbedMessage,!1),l.addEventListener(\"DOMContentLoaded\",function(){for(var e,t,s=l.querySelectorAll(\"iframe.wp-embedded-content\"),r=0;r<s.length;r++)(t=(e=s[r]).getAttribute(\"data-secret\"))||(t=Math.random().toString(36).substring(2,12),e.src+=\"#?secret=\"+t,e.setAttribute(\"data-secret\",t)),e.contentWindow.postMessage({message:\"ready\",secret:t},\"*\")},!1)))}(window,document);\n\/* ]]> *\/\n<\/script>\n","thumbnail_url":"https:\/\/welovecinema.be\/wp-content\/uploads\/sites\/2\/2021\/07\/Capture-de\u0301cran-2021-07-12-a\u0300-09.47.31-800x454.png","thumbnail_width":800,"thumbnail_height":454,"description":"Au programme du court du lundi ce soir \u00e0 21h43 sur Tipik, Aube de Valentine Lapi\u00e8re. Aube de Valentine Lapi\u00e8re \u00e0 22h50 Avec Anouk Rubens, Val\u00e9rie Gimenez, Jean-Benoit Ugeux, Pitcho Wamba Konga, Ilana Sidaoui, Fatoumata Bah, Johanna Nuez Soriano, Monia Douieb Kim, une jeune fille de 14 ans, est\u00a0plac\u00e9e\u00a0en IPPJ pour la premi\u00e8re fois. Priv\u00e9e &hellip;"}

Le court du lundi: "Aube" de Valentine Lapière - We Love Cinema

<blockquote class="wp-embedded-content" data-secret="u8aGN1h3z4"><a href="https://welovecinema.be/fr/le-court-du-lundi-aube-de-valentine-lapiere/">Le court du lundi: « Aube » de Valentine Lapière</a></blockquote><iframe sandbox="allow-scripts" security="restricted" src="https://welovecinema.be/fr/le-court-du-lundi-aube-de-valentine-lapiere/embed/#?secret=u8aGN1h3z4" width="600" height="338" title="« Le court du lundi: « Aube » de Valentine Lapière » &#8212; We Love Cinema" data-secret="u8aGN1h3z4" frameborder="0" marginwidth="0" marginheight="0" scrolling="no" class="wp-embedded-content"></iframe><script type="text/javascript">
/* <![CDATA[ */
/*! This file is auto-generated */
!function(d,l){"use strict";l.querySelector&&d.addEventListener&&"undefined"!=typeof URL&&(d.wp=d.wp||{},d.wp.receiveEmbedMessage||(d.wp.receiveEmbedMessage=function(e){var t=e.data;if((t||t.secret||t.message||t.value)&&!/[^a-zA-Z0-9]/.test(t.secret)){for(var s,r,n,a=l.querySelectorAll('iframe[data-secret="'+t.secret+'"]'),o=l.querySelectorAll('blockquote[data-secret="'+t.secret+'"]'),c=new RegExp("^https?:$","i"),i=0;i<o.length;i++)o[i].style.display="none";for(i=0;i<a.length;i++)s=a[i],e.source===s.contentWindow&&(s.removeAttribute("style"),"height"===t.message?(1e3<(r=parseInt(t.value,10))?r=1e3:~~r<200&&(r=200),s.height=r):"link"===t.message&&(r=new URL(s.getAttribute("src")),n=new URL(t.value),c.test(n.protocol))&&n.host===r.host&&l.activeElement===s&&(d.top.location.href=t.value))}},d.addEventListener("message",d.wp.receiveEmbedMessage,!1),l.addEventListener("DOMContentLoaded",function(){for(var e,t,s=l.querySelectorAll("iframe.wp-embedded-content"),r=0;r<s.length;r++)(t=(e=s[r]).getAttribute("data-secret"))||(t=Math.random().toString(36).substring(2,12),e.src+="#?secret="+t,e.setAttribute("data-secret",t)),e.contentWindow.postMessage({message:"ready",secret:t},"*")},!1)))}(window,document);
/* ]]> */
</script>

Au programme du court du lundi ce soir à 21h43 sur Tipik, Aube de Valentine Lapière. Aube de Valentine Lapière à 22h50 Avec Anouk Rubens, Valérie Gimenez, Jean-Benoit Ugeux, Pitcho Wamba Konga, Ilana Sidaoui, Fatoumata Bah, Johanna Nuez Soriano, Monia Douieb Kim, une jeune fille de 14 ans, est placée en IPPJ pour la première fois. Privée &hellip;
