{"version":"1.0","provider_name":"We Love Cinema","provider_url":"https:\/\/welovecinema.be\/fr\/","author_name":"Philippe.Pierquin","author_url":"https:\/\/welovecinema.be\/fr\/author\/philippe-pierquin\/","title":"Le cin\u00e9ma belge omnipr\u00e9sent \u00e0 Toronto - We Love Cinema","type":"rich","width":600,"height":338,"html":"<blockquote class=\"wp-embedded-content\" data-secret=\"em0jLuszQO\"><a href=\"https:\/\/welovecinema.be\/fr\/le-cinema-belge-omnipresent-a-toronto\/\">Le cin\u00e9ma belge omnipr\u00e9sent \u00e0 Toronto<\/a><\/blockquote><iframe sandbox=\"allow-scripts\" security=\"restricted\" src=\"https:\/\/welovecinema.be\/fr\/le-cinema-belge-omnipresent-a-toronto\/embed\/#?secret=em0jLuszQO\" width=\"600\" height=\"338\" title=\"\u00ab\u00a0Le cin\u00e9ma belge omnipr\u00e9sent \u00e0 Toronto\u00a0\u00bb &#8212; We Love Cinema\" data-secret=\"em0jLuszQO\" frameborder=\"0\" marginwidth=\"0\" marginheight=\"0\" scrolling=\"no\" class=\"wp-embedded-content\"><\/iframe><script type=\"text\/javascript\">\n\/* <![CDATA[ *\/\n\/*! This file is auto-generated *\/\n!function(d,l){\"use strict\";l.querySelector&&d.addEventListener&&\"undefined\"!=typeof URL&&(d.wp=d.wp||{},d.wp.receiveEmbedMessage||(d.wp.receiveEmbedMessage=function(e){var t=e.data;if((t||t.secret||t.message||t.value)&&!\/[^a-zA-Z0-9]\/.test(t.secret)){for(var s,r,n,a=l.querySelectorAll('iframe[data-secret=\"'+t.secret+'\"]'),o=l.querySelectorAll('blockquote[data-secret=\"'+t.secret+'\"]'),c=new RegExp(\"^https?:$\",\"i\"),i=0;i<o.length;i++)o[i].style.display=\"none\";for(i=0;i<a.length;i++)s=a[i],e.source===s.contentWindow&&(s.removeAttribute(\"style\"),\"height\"===t.message?(1e3<(r=parseInt(t.value,10))?r=1e3:~~r<200&&(r=200),s.height=r):\"link\"===t.message&&(r=new URL(s.getAttribute(\"src\")),n=new URL(t.value),c.test(n.protocol))&&n.host===r.host&&l.activeElement===s&&(d.top.location.href=t.value))}},d.addEventListener(\"message\",d.wp.receiveEmbedMessage,!1),l.addEventListener(\"DOMContentLoaded\",function(){for(var e,t,s=l.querySelectorAll(\"iframe.wp-embedded-content\"),r=0;r<s.length;r++)(t=(e=s[r]).getAttribute(\"data-secret\"))||(t=Math.random().toString(36).substring(2,12),e.src+=\"#?secret=\"+t,e.setAttribute(\"data-secret\",t)),e.contentWindow.postMessage({message:\"ready\",secret:t},\"*\")},!1)))}(window,document);\n\/* ]]> *\/\n<\/script>\n","thumbnail_url":"https:\/\/welovecinema.be\/wp-content\/uploads\/sites\/2\/2016\/08\/tiff-entrance.jpg","thumbnail_width":1920,"thumbnail_height":931,"description":"Il y a dix ans \u00e0 peine, n\u2019importe quel cin\u00e9phile vous aurait dit que les trois plus grands festivals du monde \u00e9taient Cannes, Berlin et Venise. Point barre. Si les trois manifestations europ\u00e9ennes n\u2019ont rien perdu de leur lustre, elles doivent aujourd\u2019hui composer avec l\u2019irr\u00e9sistible ascension d\u2019un \u00e9v\u00e9nement canadien qui, s\u2019appuyant sur un march\u00e9 du &hellip;"}

Le cinéma belge omniprésent à Toronto - We Love Cinema

<blockquote class="wp-embedded-content" data-secret="em0jLuszQO"><a href="https://welovecinema.be/fr/le-cinema-belge-omnipresent-a-toronto/">Le cinéma belge omniprésent à Toronto</a></blockquote><iframe sandbox="allow-scripts" security="restricted" src="https://welovecinema.be/fr/le-cinema-belge-omnipresent-a-toronto/embed/#?secret=em0jLuszQO" width="600" height="338" title="« Le cinéma belge omniprésent à Toronto » &#8212; We Love Cinema" data-secret="em0jLuszQO" frameborder="0" marginwidth="0" marginheight="0" scrolling="no" class="wp-embedded-content"></iframe><script type="text/javascript">
/* <![CDATA[ */
/*! This file is auto-generated */
!function(d,l){"use strict";l.querySelector&&d.addEventListener&&"undefined"!=typeof URL&&(d.wp=d.wp||{},d.wp.receiveEmbedMessage||(d.wp.receiveEmbedMessage=function(e){var t=e.data;if((t||t.secret||t.message||t.value)&&!/[^a-zA-Z0-9]/.test(t.secret)){for(var s,r,n,a=l.querySelectorAll('iframe[data-secret="'+t.secret+'"]'),o=l.querySelectorAll('blockquote[data-secret="'+t.secret+'"]'),c=new RegExp("^https?:$","i"),i=0;i<o.length;i++)o[i].style.display="none";for(i=0;i<a.length;i++)s=a[i],e.source===s.contentWindow&&(s.removeAttribute("style"),"height"===t.message?(1e3<(r=parseInt(t.value,10))?r=1e3:~~r<200&&(r=200),s.height=r):"link"===t.message&&(r=new URL(s.getAttribute("src")),n=new URL(t.value),c.test(n.protocol))&&n.host===r.host&&l.activeElement===s&&(d.top.location.href=t.value))}},d.addEventListener("message",d.wp.receiveEmbedMessage,!1),l.addEventListener("DOMContentLoaded",function(){for(var e,t,s=l.querySelectorAll("iframe.wp-embedded-content"),r=0;r<s.length;r++)(t=(e=s[r]).getAttribute("data-secret"))||(t=Math.random().toString(36).substring(2,12),e.src+="#?secret="+t,e.setAttribute("data-secret",t)),e.contentWindow.postMessage({message:"ready",secret:t},"*")},!1)))}(window,document);
/* ]]> */
</script>

Il y a dix ans à peine, n’importe quel cinéphile vous aurait dit que les trois plus grands festivals du monde étaient Cannes, Berlin et Venise. Point barre. Si les trois manifestations européennes n’ont rien perdu de leur lustre, elles doivent aujourd’hui composer avec l’irrésistible ascension d’un événement canadien qui, s’appuyant sur un marché du &hellip;
