{"version":"1.0","provider_name":"We Love Cinema","provider_url":"https:\/\/welovecinema.be\/fr\/","author_name":"Aurore Engelen","author_url":"https:\/\/welovecinema.be\/fr\/author\/aurore-engelen\/","title":"\"Le balai lib\u00e9r\u00e9\": prendre son travail en main? - We Love Cinema","type":"rich","width":600,"height":338,"html":"<blockquote class=\"wp-embedded-content\" data-secret=\"RJVZDQdoTR\"><a href=\"https:\/\/welovecinema.be\/fr\/le-balai-libere-prendre-son-travail-en-main\/\">\u00ab\u00a0Le balai lib\u00e9r\u00e9\u00a0\u00bb: prendre son travail en main?<\/a><\/blockquote><iframe sandbox=\"allow-scripts\" security=\"restricted\" src=\"https:\/\/welovecinema.be\/fr\/le-balai-libere-prendre-son-travail-en-main\/embed\/#?secret=RJVZDQdoTR\" width=\"600\" height=\"338\" title=\"\u00ab\u00a0\u00ab\u00a0Le balai lib\u00e9r\u00e9\u00a0\u00bb: prendre son travail en main?\u00a0\u00bb &#8212; We Love Cinema\" data-secret=\"RJVZDQdoTR\" frameborder=\"0\" marginwidth=\"0\" marginheight=\"0\" scrolling=\"no\" class=\"wp-embedded-content\"><\/iframe><script type=\"text\/javascript\">\n\/* <![CDATA[ *\/\n\/*! This file is auto-generated *\/\n!function(d,l){\"use strict\";l.querySelector&&d.addEventListener&&\"undefined\"!=typeof URL&&(d.wp=d.wp||{},d.wp.receiveEmbedMessage||(d.wp.receiveEmbedMessage=function(e){var t=e.data;if((t||t.secret||t.message||t.value)&&!\/[^a-zA-Z0-9]\/.test(t.secret)){for(var s,r,n,a=l.querySelectorAll('iframe[data-secret=\"'+t.secret+'\"]'),o=l.querySelectorAll('blockquote[data-secret=\"'+t.secret+'\"]'),c=new RegExp(\"^https?:$\",\"i\"),i=0;i<o.length;i++)o[i].style.display=\"none\";for(i=0;i<a.length;i++)s=a[i],e.source===s.contentWindow&&(s.removeAttribute(\"style\"),\"height\"===t.message?(1e3<(r=parseInt(t.value,10))?r=1e3:~~r<200&&(r=200),s.height=r):\"link\"===t.message&&(r=new URL(s.getAttribute(\"src\")),n=new URL(t.value),c.test(n.protocol))&&n.host===r.host&&l.activeElement===s&&(d.top.location.href=t.value))}},d.addEventListener(\"message\",d.wp.receiveEmbedMessage,!1),l.addEventListener(\"DOMContentLoaded\",function(){for(var e,t,s=l.querySelectorAll(\"iframe.wp-embedded-content\"),r=0;r<s.length;r++)(t=(e=s[r]).getAttribute(\"data-secret\"))||(t=Math.random().toString(36).substring(2,12),e.src+=\"#?secret=\"+t,e.setAttribute(\"data-secret\",t)),e.contentWindow.postMessage({message:\"ready\",secret:t},\"*\")},!1)))}(window,document);\n\/* ]]> *\/\n<\/script>\n","thumbnail_url":"https:\/\/welovecinema.be\/wp-content\/uploads\/sites\/2\/2023\/04\/LeBalaiLibere_FB-banner_820x360x2.jpg","thumbnail_width":1640,"thumbnail_height":720,"description":"Demain soir aura lieu l&rsquo;avant-premi\u00e8re du film de Coline Grando, Le balai lib\u00e9r\u00e9, nouvel opus promu par le site documentaire transmedia du Centre Video de Bruxelles nosfuturs.net Le sujet? Dans les ann\u00e9es 70, les femmes de m\u00e9nage de L\u2019Universit\u00e9 Catholique de Louvain mettent leur patron \u00e0 la porte et cr\u00e9ent leur coop\u00e9rative de nettoyage, Le &hellip;"}

"Le balai libéré": prendre son travail en main? - We Love Cinema

<blockquote class="wp-embedded-content" data-secret="RJVZDQdoTR"><a href="https://welovecinema.be/fr/le-balai-libere-prendre-son-travail-en-main/">« Le balai libéré »: prendre son travail en main?</a></blockquote><iframe sandbox="allow-scripts" security="restricted" src="https://welovecinema.be/fr/le-balai-libere-prendre-son-travail-en-main/embed/#?secret=RJVZDQdoTR" width="600" height="338" title="« « Le balai libéré »: prendre son travail en main? » &#8212; We Love Cinema" data-secret="RJVZDQdoTR" frameborder="0" marginwidth="0" marginheight="0" scrolling="no" class="wp-embedded-content"></iframe><script type="text/javascript">
/* <![CDATA[ */
/*! This file is auto-generated */
!function(d,l){"use strict";l.querySelector&&d.addEventListener&&"undefined"!=typeof URL&&(d.wp=d.wp||{},d.wp.receiveEmbedMessage||(d.wp.receiveEmbedMessage=function(e){var t=e.data;if((t||t.secret||t.message||t.value)&&!/[^a-zA-Z0-9]/.test(t.secret)){for(var s,r,n,a=l.querySelectorAll('iframe[data-secret="'+t.secret+'"]'),o=l.querySelectorAll('blockquote[data-secret="'+t.secret+'"]'),c=new RegExp("^https?:$","i"),i=0;i<o.length;i++)o[i].style.display="none";for(i=0;i<a.length;i++)s=a[i],e.source===s.contentWindow&&(s.removeAttribute("style"),"height"===t.message?(1e3<(r=parseInt(t.value,10))?r=1e3:~~r<200&&(r=200),s.height=r):"link"===t.message&&(r=new URL(s.getAttribute("src")),n=new URL(t.value),c.test(n.protocol))&&n.host===r.host&&l.activeElement===s&&(d.top.location.href=t.value))}},d.addEventListener("message",d.wp.receiveEmbedMessage,!1),l.addEventListener("DOMContentLoaded",function(){for(var e,t,s=l.querySelectorAll("iframe.wp-embedded-content"),r=0;r<s.length;r++)(t=(e=s[r]).getAttribute("data-secret"))||(t=Math.random().toString(36).substring(2,12),e.src+="#?secret="+t,e.setAttribute("data-secret",t)),e.contentWindow.postMessage({message:"ready",secret:t},"*")},!1)))}(window,document);
/* ]]> */
</script>

Demain soir aura lieu l&rsquo;avant-première du film de Coline Grando, Le balai libéré, nouvel opus promu par le site documentaire transmedia du Centre Video de Bruxelles nosfuturs.net Le sujet? Dans les années 70, les femmes de ménage de L’Université Catholique de Louvain mettent leur patron à la porte et créent leur coopérative de nettoyage, Le &hellip;
