{"version":"1.0","provider_name":"We Love Cinema","provider_url":"https:\/\/welovecinema.be\/fr\/","author_name":"Philippe.Pierquin","author_url":"https:\/\/welovecinema.be\/fr\/author\/philippe-pierquin\/","title":"La photo du jour - vendredi 20 f\u00e9vrier 2015 - We Love Cinema","type":"rich","width":600,"height":338,"html":"<blockquote class=\"wp-embedded-content\" data-secret=\"UMXO9yTeM4\"><a href=\"https:\/\/welovecinema.be\/fr\/la-photo-du-jour-vendredi-20-fevrier-2015\/\">La photo du jour &#8211; vendredi 20 f\u00e9vrier 2015<\/a><\/blockquote><iframe sandbox=\"allow-scripts\" security=\"restricted\" src=\"https:\/\/welovecinema.be\/fr\/la-photo-du-jour-vendredi-20-fevrier-2015\/embed\/#?secret=UMXO9yTeM4\" width=\"600\" height=\"338\" title=\"\u00ab\u00a0La photo du jour &#8211; vendredi 20 f\u00e9vrier 2015\u00a0\u00bb &#8212; We Love Cinema\" data-secret=\"UMXO9yTeM4\" frameborder=\"0\" marginwidth=\"0\" marginheight=\"0\" scrolling=\"no\" class=\"wp-embedded-content\"><\/iframe><script type=\"text\/javascript\">\n\/* <![CDATA[ *\/\n\/*! This file is auto-generated *\/\n!function(d,l){\"use strict\";l.querySelector&&d.addEventListener&&\"undefined\"!=typeof URL&&(d.wp=d.wp||{},d.wp.receiveEmbedMessage||(d.wp.receiveEmbedMessage=function(e){var t=e.data;if((t||t.secret||t.message||t.value)&&!\/[^a-zA-Z0-9]\/.test(t.secret)){for(var s,r,n,a=l.querySelectorAll('iframe[data-secret=\"'+t.secret+'\"]'),o=l.querySelectorAll('blockquote[data-secret=\"'+t.secret+'\"]'),c=new RegExp(\"^https?:$\",\"i\"),i=0;i<o.length;i++)o[i].style.display=\"none\";for(i=0;i<a.length;i++)s=a[i],e.source===s.contentWindow&&(s.removeAttribute(\"style\"),\"height\"===t.message?(1e3<(r=parseInt(t.value,10))?r=1e3:~~r<200&&(r=200),s.height=r):\"link\"===t.message&&(r=new URL(s.getAttribute(\"src\")),n=new URL(t.value),c.test(n.protocol))&&n.host===r.host&&l.activeElement===s&&(d.top.location.href=t.value))}},d.addEventListener(\"message\",d.wp.receiveEmbedMessage,!1),l.addEventListener(\"DOMContentLoaded\",function(){for(var e,t,s=l.querySelectorAll(\"iframe.wp-embedded-content\"),r=0;r<s.length;r++)(t=(e=s[r]).getAttribute(\"data-secret\"))||(t=Math.random().toString(36).substring(2,12),e.src+=\"#?secret=\"+t,e.setAttribute(\"data-secret\",t)),e.contentWindow.postMessage({message:\"ready\",secret:t},\"*\")},!1)))}(window,document);\n\/* ]]> *\/\n<\/script>\n","thumbnail_url":"https:\/\/welovecinema.be\/wp-content\/uploads\/sites\/2\/2015\/02\/app8.jpg","thumbnail_width":1536,"thumbnail_height":1024,"description":"Jeudi 26 f\u00e9vrier, au Th\u00e9\u00e2tre Royal de Mons, le FIFA propose \u00e0 la Premi\u00e8re d&rsquo;un film dont nous vous entretenons depuis une petite ann\u00e9e: Deux au carr\u00e9 de Philippe Dajoux permettra en effet de retrouver sur le m\u00eame \u00e9cran, pour la premi\u00e8re fois r\u00e9uni dans des r\u00f4les principaux, le couple glamour du cin\u00e9ma belge (chabadabada). &hellip;"}

La photo du jour - vendredi 20 février 2015 - We Love Cinema

<blockquote class="wp-embedded-content" data-secret="UMXO9yTeM4"><a href="https://welovecinema.be/fr/la-photo-du-jour-vendredi-20-fevrier-2015/">La photo du jour &#8211; vendredi 20 février 2015</a></blockquote><iframe sandbox="allow-scripts" security="restricted" src="https://welovecinema.be/fr/la-photo-du-jour-vendredi-20-fevrier-2015/embed/#?secret=UMXO9yTeM4" width="600" height="338" title="« La photo du jour &#8211; vendredi 20 février 2015 » &#8212; We Love Cinema" data-secret="UMXO9yTeM4" frameborder="0" marginwidth="0" marginheight="0" scrolling="no" class="wp-embedded-content"></iframe><script type="text/javascript">
/* <![CDATA[ */
/*! This file is auto-generated */
!function(d,l){"use strict";l.querySelector&&d.addEventListener&&"undefined"!=typeof URL&&(d.wp=d.wp||{},d.wp.receiveEmbedMessage||(d.wp.receiveEmbedMessage=function(e){var t=e.data;if((t||t.secret||t.message||t.value)&&!/[^a-zA-Z0-9]/.test(t.secret)){for(var s,r,n,a=l.querySelectorAll('iframe[data-secret="'+t.secret+'"]'),o=l.querySelectorAll('blockquote[data-secret="'+t.secret+'"]'),c=new RegExp("^https?:$","i"),i=0;i<o.length;i++)o[i].style.display="none";for(i=0;i<a.length;i++)s=a[i],e.source===s.contentWindow&&(s.removeAttribute("style"),"height"===t.message?(1e3<(r=parseInt(t.value,10))?r=1e3:~~r<200&&(r=200),s.height=r):"link"===t.message&&(r=new URL(s.getAttribute("src")),n=new URL(t.value),c.test(n.protocol))&&n.host===r.host&&l.activeElement===s&&(d.top.location.href=t.value))}},d.addEventListener("message",d.wp.receiveEmbedMessage,!1),l.addEventListener("DOMContentLoaded",function(){for(var e,t,s=l.querySelectorAll("iframe.wp-embedded-content"),r=0;r<s.length;r++)(t=(e=s[r]).getAttribute("data-secret"))||(t=Math.random().toString(36).substring(2,12),e.src+="#?secret="+t,e.setAttribute("data-secret",t)),e.contentWindow.postMessage({message:"ready",secret:t},"*")},!1)))}(window,document);
/* ]]> */
</script>

Jeudi 26 février, au Théâtre Royal de Mons, le FIFA propose à la Première d&rsquo;un film dont nous vous entretenons depuis une petite année: Deux au carré de Philippe Dajoux permettra en effet de retrouver sur le même écran, pour la première fois réuni dans des rôles principaux, le couple glamour du cinéma belge (chabadabada). &hellip;
