{"version":"1.0","provider_name":"We Love Cinema","provider_url":"https:\/\/welovecinema.be\/fr\/","author_name":"Philippe.Pierquin","author_url":"https:\/\/welovecinema.be\/fr\/author\/philippe-pierquin\/","title":"La photo du jour - Mercredi 9 avril 2014 - We Love Cinema","type":"rich","width":600,"height":338,"html":"<blockquote class=\"wp-embedded-content\" data-secret=\"wg6XW79qYM\"><a href=\"https:\/\/welovecinema.be\/fr\/la-photo-du-jour-mercredi-9avril-2014\/\">La photo du jour &#8211; Mercredi 9 avril 2014<\/a><\/blockquote><iframe sandbox=\"allow-scripts\" security=\"restricted\" src=\"https:\/\/welovecinema.be\/fr\/la-photo-du-jour-mercredi-9avril-2014\/embed\/#?secret=wg6XW79qYM\" width=\"600\" height=\"338\" title=\"\u00ab\u00a0La photo du jour &#8211; Mercredi 9 avril 2014\u00a0\u00bb &#8212; We Love Cinema\" data-secret=\"wg6XW79qYM\" frameborder=\"0\" marginwidth=\"0\" marginheight=\"0\" scrolling=\"no\" class=\"wp-embedded-content\"><\/iframe><script type=\"text\/javascript\">\n\/* <![CDATA[ *\/\n\/*! This file is auto-generated *\/\n!function(d,l){\"use strict\";l.querySelector&&d.addEventListener&&\"undefined\"!=typeof URL&&(d.wp=d.wp||{},d.wp.receiveEmbedMessage||(d.wp.receiveEmbedMessage=function(e){var t=e.data;if((t||t.secret||t.message||t.value)&&!\/[^a-zA-Z0-9]\/.test(t.secret)){for(var s,r,n,a=l.querySelectorAll('iframe[data-secret=\"'+t.secret+'\"]'),o=l.querySelectorAll('blockquote[data-secret=\"'+t.secret+'\"]'),c=new RegExp(\"^https?:$\",\"i\"),i=0;i<o.length;i++)o[i].style.display=\"none\";for(i=0;i<a.length;i++)s=a[i],e.source===s.contentWindow&&(s.removeAttribute(\"style\"),\"height\"===t.message?(1e3<(r=parseInt(t.value,10))?r=1e3:~~r<200&&(r=200),s.height=r):\"link\"===t.message&&(r=new URL(s.getAttribute(\"src\")),n=new URL(t.value),c.test(n.protocol))&&n.host===r.host&&l.activeElement===s&&(d.top.location.href=t.value))}},d.addEventListener(\"message\",d.wp.receiveEmbedMessage,!1),l.addEventListener(\"DOMContentLoaded\",function(){for(var e,t,s=l.querySelectorAll(\"iframe.wp-embedded-content\"),r=0;r<s.length;r++)(t=(e=s[r]).getAttribute(\"data-secret\"))||(t=Math.random().toString(36).substring(2,12),e.src+=\"#?secret=\"+t,e.setAttribute(\"data-secret\",t)),e.contentWindow.postMessage({message:\"ready\",secret:t},\"*\")},!1)))}(window,document);\n\/* ]]> *\/\n<\/script>\n","thumbnail_url":"https:\/\/welovecinema.be\/wp-content\/uploads\/sites\/2\/2014\/04\/image1.jpg","thumbnail_width":800,"thumbnail_height":533,"description":"On \u00e9tait sur le tournage en m\u00eame temps que la Gazet van Antwerpen qui nous offre en Une, une superbe photo qui doit faire la joie de Fabrice Boutique\u00a0(blouson noir au centre). Dans Braban\u00e7onne, Fabrice h\u00e9rite d&rsquo;un tr\u00e8s joli r\u00f4le. On le retrouvera bient\u00f4t en interview vid\u00e9o sur Cinevox. &nbsp;"}

On était sur le tournage en même temps que la Gazet van Antwerpen qui nous offre en Une, une superbe photo qui doit faire la joie de Fabrice Boutique (blouson noir au centre). Dans Brabançonne, Fabrice hérite d&rsquo;un très joli rôle. On le retrouvera bientôt en interview vidéo sur Cinevox. &nbsp;
