{"version":"1.0","provider_name":"We Love Cinema","provider_url":"https:\/\/welovecinema.be\/fr\/","author_name":"Philippe.Pierquin","author_url":"https:\/\/welovecinema.be\/fr\/author\/philippe-pierquin\/","title":"La photo du jour - lundi 15 d\u00e9cembre 2014 - We Love Cinema","type":"rich","width":600,"height":338,"html":"<blockquote class=\"wp-embedded-content\" data-secret=\"78apajM1dv\"><a href=\"https:\/\/welovecinema.be\/fr\/la-photo-du-jour-lundi-15-decembre-2014\/\">La photo du jour &#8211; lundi 15 d\u00e9cembre 2014<\/a><\/blockquote><iframe sandbox=\"allow-scripts\" security=\"restricted\" src=\"https:\/\/welovecinema.be\/fr\/la-photo-du-jour-lundi-15-decembre-2014\/embed\/#?secret=78apajM1dv\" width=\"600\" height=\"338\" title=\"\u00ab\u00a0La photo du jour &#8211; lundi 15 d\u00e9cembre 2014\u00a0\u00bb &#8212; We Love Cinema\" data-secret=\"78apajM1dv\" frameborder=\"0\" marginwidth=\"0\" marginheight=\"0\" scrolling=\"no\" class=\"wp-embedded-content\"><\/iframe><script type=\"text\/javascript\">\n\/* <![CDATA[ *\/\n\/*! This file is auto-generated *\/\n!function(d,l){\"use strict\";l.querySelector&&d.addEventListener&&\"undefined\"!=typeof URL&&(d.wp=d.wp||{},d.wp.receiveEmbedMessage||(d.wp.receiveEmbedMessage=function(e){var t=e.data;if((t||t.secret||t.message||t.value)&&!\/[^a-zA-Z0-9]\/.test(t.secret)){for(var s,r,n,a=l.querySelectorAll('iframe[data-secret=\"'+t.secret+'\"]'),o=l.querySelectorAll('blockquote[data-secret=\"'+t.secret+'\"]'),c=new RegExp(\"^https?:$\",\"i\"),i=0;i<o.length;i++)o[i].style.display=\"none\";for(i=0;i<a.length;i++)s=a[i],e.source===s.contentWindow&&(s.removeAttribute(\"style\"),\"height\"===t.message?(1e3<(r=parseInt(t.value,10))?r=1e3:~~r<200&&(r=200),s.height=r):\"link\"===t.message&&(r=new URL(s.getAttribute(\"src\")),n=new URL(t.value),c.test(n.protocol))&&n.host===r.host&&l.activeElement===s&&(d.top.location.href=t.value))}},d.addEventListener(\"message\",d.wp.receiveEmbedMessage,!1),l.addEventListener(\"DOMContentLoaded\",function(){for(var e,t,s=l.querySelectorAll(\"iframe.wp-embedded-content\"),r=0;r<s.length;r++)(t=(e=s[r]).getAttribute(\"data-secret\"))||(t=Math.random().toString(36).substring(2,12),e.src+=\"#?secret=\"+t,e.setAttribute(\"data-secret\",t)),e.contentWindow.postMessage({message:\"ready\",secret:t},\"*\")},!1)))}(window,document);\n\/* ]]> *\/\n<\/script>\n","thumbnail_url":"https:\/\/welovecinema.be\/wp-content\/uploads\/sites\/2\/2014\/12\/app6.jpg","thumbnail_width":1536,"thumbnail_height":1024,"description":"Un film de t\u00e9l\u00e9 in\u00e9dit \u00e0 voir ce soir sur France 3 avec quelques\u00a0acteurs belges. Les noms de quelques-uns d&rsquo;entre eux sont sur l&rsquo;affiche. Mais d&rsquo;autres visages vous seront familiers. Ca vous tente? (NB pour les mateurs de foot : l&rsquo;\u00e9mission la Tribune est annul\u00e9e pour cause de gr\u00e8ve. La Guerre des ondes semble donc &hellip;"}

La photo du jour - lundi 15 décembre 2014 - We Love Cinema

<blockquote class="wp-embedded-content" data-secret="78apajM1dv"><a href="https://welovecinema.be/fr/la-photo-du-jour-lundi-15-decembre-2014/">La photo du jour &#8211; lundi 15 décembre 2014</a></blockquote><iframe sandbox="allow-scripts" security="restricted" src="https://welovecinema.be/fr/la-photo-du-jour-lundi-15-decembre-2014/embed/#?secret=78apajM1dv" width="600" height="338" title="« La photo du jour &#8211; lundi 15 décembre 2014 » &#8212; We Love Cinema" data-secret="78apajM1dv" frameborder="0" marginwidth="0" marginheight="0" scrolling="no" class="wp-embedded-content"></iframe><script type="text/javascript">
/* <![CDATA[ */
/*! This file is auto-generated */
!function(d,l){"use strict";l.querySelector&&d.addEventListener&&"undefined"!=typeof URL&&(d.wp=d.wp||{},d.wp.receiveEmbedMessage||(d.wp.receiveEmbedMessage=function(e){var t=e.data;if((t||t.secret||t.message||t.value)&&!/[^a-zA-Z0-9]/.test(t.secret)){for(var s,r,n,a=l.querySelectorAll('iframe[data-secret="'+t.secret+'"]'),o=l.querySelectorAll('blockquote[data-secret="'+t.secret+'"]'),c=new RegExp("^https?:$","i"),i=0;i<o.length;i++)o[i].style.display="none";for(i=0;i<a.length;i++)s=a[i],e.source===s.contentWindow&&(s.removeAttribute("style"),"height"===t.message?(1e3<(r=parseInt(t.value,10))?r=1e3:~~r<200&&(r=200),s.height=r):"link"===t.message&&(r=new URL(s.getAttribute("src")),n=new URL(t.value),c.test(n.protocol))&&n.host===r.host&&l.activeElement===s&&(d.top.location.href=t.value))}},d.addEventListener("message",d.wp.receiveEmbedMessage,!1),l.addEventListener("DOMContentLoaded",function(){for(var e,t,s=l.querySelectorAll("iframe.wp-embedded-content"),r=0;r<s.length;r++)(t=(e=s[r]).getAttribute("data-secret"))||(t=Math.random().toString(36).substring(2,12),e.src+="#?secret="+t,e.setAttribute("data-secret",t)),e.contentWindow.postMessage({message:"ready",secret:t},"*")},!1)))}(window,document);
/* ]]> */
</script>

Un film de télé inédit à voir ce soir sur France 3 avec quelques acteurs belges. Les noms de quelques-uns d&rsquo;entre eux sont sur l&rsquo;affiche. Mais d&rsquo;autres visages vous seront familiers. Ca vous tente? (NB pour les mateurs de foot : l&rsquo;émission la Tribune est annulée pour cause de grève. La Guerre des ondes semble donc &hellip;
