{"version":"1.0","provider_name":"We Love Cinema","provider_url":"https:\/\/welovecinema.be\/fr\/","author_name":"Philippe.Pierquin","author_url":"https:\/\/welovecinema.be\/fr\/author\/philippe-pierquin\/","title":"La Photo du jour - Vendredi 18 avril 2014 - We Love Cinema","type":"rich","width":600,"height":338,"html":"<blockquote class=\"wp-embedded-content\" data-secret=\"Y51uXvExGT\"><a href=\"https:\/\/welovecinema.be\/fr\/la-photo-du-jour-acid\/\">La Photo du jour &#8211; Vendredi 18 avril 2014<\/a><\/blockquote><iframe sandbox=\"allow-scripts\" security=\"restricted\" src=\"https:\/\/welovecinema.be\/fr\/la-photo-du-jour-acid\/embed\/#?secret=Y51uXvExGT\" width=\"600\" height=\"338\" title=\"\u00ab\u00a0La Photo du jour &#8211; Vendredi 18 avril 2014\u00a0\u00bb &#8212; We Love Cinema\" data-secret=\"Y51uXvExGT\" frameborder=\"0\" marginwidth=\"0\" marginheight=\"0\" scrolling=\"no\" class=\"wp-embedded-content\"><\/iframe><script type=\"text\/javascript\">\n\/* <![CDATA[ *\/\n\/*! This file is auto-generated *\/\n!function(d,l){\"use strict\";l.querySelector&&d.addEventListener&&\"undefined\"!=typeof URL&&(d.wp=d.wp||{},d.wp.receiveEmbedMessage||(d.wp.receiveEmbedMessage=function(e){var t=e.data;if((t||t.secret||t.message||t.value)&&!\/[^a-zA-Z0-9]\/.test(t.secret)){for(var s,r,n,a=l.querySelectorAll('iframe[data-secret=\"'+t.secret+'\"]'),o=l.querySelectorAll('blockquote[data-secret=\"'+t.secret+'\"]'),c=new RegExp(\"^https?:$\",\"i\"),i=0;i<o.length;i++)o[i].style.display=\"none\";for(i=0;i<a.length;i++)s=a[i],e.source===s.contentWindow&&(s.removeAttribute(\"style\"),\"height\"===t.message?(1e3<(r=parseInt(t.value,10))?r=1e3:~~r<200&&(r=200),s.height=r):\"link\"===t.message&&(r=new URL(s.getAttribute(\"src\")),n=new URL(t.value),c.test(n.protocol))&&n.host===r.host&&l.activeElement===s&&(d.top.location.href=t.value))}},d.addEventListener(\"message\",d.wp.receiveEmbedMessage,!1),l.addEventListener(\"DOMContentLoaded\",function(){for(var e,t,s=l.querySelectorAll(\"iframe.wp-embedded-content\"),r=0;r<s.length;r++)(t=(e=s[r]).getAttribute(\"data-secret\"))||(t=Math.random().toString(36).substring(2,12),e.src+=\"#?secret=\"+t,e.setAttribute(\"data-secret\",t)),e.contentWindow.postMessage({message:\"ready\",secret:t},\"*\")},!1)))}(window,document);\n\/* ]]> *\/\n<\/script>\n","thumbnail_url":"https:\/\/welovecinema.be\/wp-content\/uploads\/sites\/2\/2014\/04\/app.jpg","thumbnail_width":1536,"thumbnail_height":1024,"description":"L&rsquo;Association du cin\u00e9ma ind\u00e9pendant pour sa diffusion (Acid) accueillera plus de spectateurs \u00e0 chaque projection lors du prochain festival de Cannes puisque chaque s\u00e9ance de 20h sera doubl\u00e9e. Le film \u00e9tant projet\u00e9 simultan\u00e9ment dans deux salles. Bonne nouvelle puisque chaque s\u00e9ance \u00e9tait sold out jusqu&rsquo;ici. Rappelons que c&rsquo;est l&rsquo;ACID qui a r\u00e9v\u00e9l\u00e9 en 2012 La &hellip;"}

L&rsquo;Association du cinéma indépendant pour sa diffusion (Acid) accueillera plus de spectateurs à chaque projection lors du prochain festival de Cannes puisque chaque séance de 20h sera doublée. Le film étant projeté simultanément dans deux salles. Bonne nouvelle puisque chaque séance était sold out jusqu&rsquo;ici. Rappelons que c&rsquo;est l&rsquo;ACID qui a révélé en 2012 La &hellip;
