{"version":"1.0","provider_name":"We Love Cinema","provider_url":"https:\/\/welovecinema.be\/fr\/","author_name":"fred","author_url":"https:\/\/welovecinema.be\/fr\/author\/fred\/","title":"La der des der de Cronenberg \u00e0 Cannes\u00a0? - We Love Cinema","type":"rich","width":600,"height":338,"html":"<blockquote class=\"wp-embedded-content\" data-secret=\"rEhBfsSyyX\"><a href=\"https:\/\/welovecinema.be\/fr\/la-der-des-der-de-cronenberg-a-cannes\/\">La der des der de Cronenberg \u00e0 Cannes\u00a0?<\/a><\/blockquote><iframe sandbox=\"allow-scripts\" security=\"restricted\" src=\"https:\/\/welovecinema.be\/fr\/la-der-des-der-de-cronenberg-a-cannes\/embed\/#?secret=rEhBfsSyyX\" width=\"600\" height=\"338\" title=\"\u00ab\u00a0La der des der de Cronenberg \u00e0 Cannes\u00a0?\u00a0\u00bb &#8212; We Love Cinema\" data-secret=\"rEhBfsSyyX\" frameborder=\"0\" marginwidth=\"0\" marginheight=\"0\" scrolling=\"no\" class=\"wp-embedded-content\"><\/iframe><script type=\"text\/javascript\">\n\/* <![CDATA[ *\/\n\/*! This file is auto-generated *\/\n!function(d,l){\"use strict\";l.querySelector&&d.addEventListener&&\"undefined\"!=typeof URL&&(d.wp=d.wp||{},d.wp.receiveEmbedMessage||(d.wp.receiveEmbedMessage=function(e){var t=e.data;if((t||t.secret||t.message||t.value)&&!\/[^a-zA-Z0-9]\/.test(t.secret)){for(var s,r,n,a=l.querySelectorAll('iframe[data-secret=\"'+t.secret+'\"]'),o=l.querySelectorAll('blockquote[data-secret=\"'+t.secret+'\"]'),c=new RegExp(\"^https?:$\",\"i\"),i=0;i<o.length;i++)o[i].style.display=\"none\";for(i=0;i<a.length;i++)s=a[i],e.source===s.contentWindow&&(s.removeAttribute(\"style\"),\"height\"===t.message?(1e3<(r=parseInt(t.value,10))?r=1e3:~~r<200&&(r=200),s.height=r):\"link\"===t.message&&(r=new URL(s.getAttribute(\"src\")),n=new URL(t.value),c.test(n.protocol))&&n.host===r.host&&l.activeElement===s&&(d.top.location.href=t.value))}},d.addEventListener(\"message\",d.wp.receiveEmbedMessage,!1),l.addEventListener(\"DOMContentLoaded\",function(){for(var e,t,s=l.querySelectorAll(\"iframe.wp-embedded-content\"),r=0;r<s.length;r++)(t=(e=s[r]).getAttribute(\"data-secret\"))||(t=Math.random().toString(36).substring(2,12),e.src+=\"#?secret=\"+t,e.setAttribute(\"data-secret\",t)),e.contentWindow.postMessage({message:\"ready\",secret:t},\"*\")},!1)))}(window,document);\n\/* ]]> *\/\n<\/script>\n","thumbnail_url":"https:\/\/welovecinema.be\/wp-content\/uploads\/sites\/2\/2024\/05\/cronenberg-scaled.jpg","thumbnail_width":2560,"thumbnail_height":1704,"description":"Recordman absolu des films en comp\u00e9tition \u00e0 Cannes, David Cronenberg (81 ans) y a encore pr\u00e9sent\u00e9 son nouveau film Les Linceuls (The Shrouds en v.o.). Le r\u00e9alisateur canadien est venu sur la Croisette avec son \u00e9quipe Vincent Cassel et Diane Kr\u00fcger en t\u00eate (photo \u00a9 JP.Malherbe\/N.L.P.). C\u2019est donc la septi\u00e8me fois, cette ann\u00e9e, que le &hellip;"}

La der des der de Cronenberg à Cannes ? - We Love Cinema

<blockquote class="wp-embedded-content" data-secret="rEhBfsSyyX"><a href="https://welovecinema.be/fr/la-der-des-der-de-cronenberg-a-cannes/">La der des der de Cronenberg à Cannes ?</a></blockquote><iframe sandbox="allow-scripts" security="restricted" src="https://welovecinema.be/fr/la-der-des-der-de-cronenberg-a-cannes/embed/#?secret=rEhBfsSyyX" width="600" height="338" title="« La der des der de Cronenberg à Cannes ? » &#8212; We Love Cinema" data-secret="rEhBfsSyyX" frameborder="0" marginwidth="0" marginheight="0" scrolling="no" class="wp-embedded-content"></iframe><script type="text/javascript">
/* <![CDATA[ */
/*! This file is auto-generated */
!function(d,l){"use strict";l.querySelector&&d.addEventListener&&"undefined"!=typeof URL&&(d.wp=d.wp||{},d.wp.receiveEmbedMessage||(d.wp.receiveEmbedMessage=function(e){var t=e.data;if((t||t.secret||t.message||t.value)&&!/[^a-zA-Z0-9]/.test(t.secret)){for(var s,r,n,a=l.querySelectorAll('iframe[data-secret="'+t.secret+'"]'),o=l.querySelectorAll('blockquote[data-secret="'+t.secret+'"]'),c=new RegExp("^https?:$","i"),i=0;i<o.length;i++)o[i].style.display="none";for(i=0;i<a.length;i++)s=a[i],e.source===s.contentWindow&&(s.removeAttribute("style"),"height"===t.message?(1e3<(r=parseInt(t.value,10))?r=1e3:~~r<200&&(r=200),s.height=r):"link"===t.message&&(r=new URL(s.getAttribute("src")),n=new URL(t.value),c.test(n.protocol))&&n.host===r.host&&l.activeElement===s&&(d.top.location.href=t.value))}},d.addEventListener("message",d.wp.receiveEmbedMessage,!1),l.addEventListener("DOMContentLoaded",function(){for(var e,t,s=l.querySelectorAll("iframe.wp-embedded-content"),r=0;r<s.length;r++)(t=(e=s[r]).getAttribute("data-secret"))||(t=Math.random().toString(36).substring(2,12),e.src+="#?secret="+t,e.setAttribute("data-secret",t)),e.contentWindow.postMessage({message:"ready",secret:t},"*")},!1)))}(window,document);
/* ]]> */
</script>

Recordman absolu des films en compétition à Cannes, David Cronenberg (81 ans) y a encore présenté son nouveau film Les Linceuls (The Shrouds en v.o.). Le réalisateur canadien est venu sur la Croisette avec son équipe Vincent Cassel et Diane Krüger en tête (photo © JP.Malherbe/N.L.P.). C’est donc la septième fois, cette année, que le &hellip;
