{"version":"1.0","provider_name":"We Love Cinema","provider_url":"https:\/\/welovecinema.be\/fr\/","author_name":"Aurore Engelen","author_url":"https:\/\/welovecinema.be\/fr\/author\/aurore-engelen\/","title":"Home Cin\u00e9ma, avec Harry Cleven, Thomas Gunzig et Pierre Richard - We Love Cinema","type":"rich","width":600,"height":338,"html":"<blockquote class=\"wp-embedded-content\" data-secret=\"tkohs2jsCj\"><a href=\"https:\/\/welovecinema.be\/fr\/home-cinema-harry-cleven-thomas-gunzig-pierre-richard\/\">Home Cin\u00e9ma, avec Harry Cleven, Thomas Gunzig et Pierre Richard<\/a><\/blockquote><iframe sandbox=\"allow-scripts\" security=\"restricted\" src=\"https:\/\/welovecinema.be\/fr\/home-cinema-harry-cleven-thomas-gunzig-pierre-richard\/embed\/#?secret=tkohs2jsCj\" width=\"600\" height=\"338\" title=\"\u00ab\u00a0Home Cin\u00e9ma, avec Harry Cleven, Thomas Gunzig et Pierre Richard\u00a0\u00bb &#8212; We Love Cinema\" data-secret=\"tkohs2jsCj\" frameborder=\"0\" marginwidth=\"0\" marginheight=\"0\" scrolling=\"no\" class=\"wp-embedded-content\"><\/iframe><script type=\"text\/javascript\">\n\/* <![CDATA[ *\/\n\/*! This file is auto-generated *\/\n!function(d,l){\"use strict\";l.querySelector&&d.addEventListener&&\"undefined\"!=typeof URL&&(d.wp=d.wp||{},d.wp.receiveEmbedMessage||(d.wp.receiveEmbedMessage=function(e){var t=e.data;if((t||t.secret||t.message||t.value)&&!\/[^a-zA-Z0-9]\/.test(t.secret)){for(var s,r,n,a=l.querySelectorAll('iframe[data-secret=\"'+t.secret+'\"]'),o=l.querySelectorAll('blockquote[data-secret=\"'+t.secret+'\"]'),c=new RegExp(\"^https?:$\",\"i\"),i=0;i<o.length;i++)o[i].style.display=\"none\";for(i=0;i<a.length;i++)s=a[i],e.source===s.contentWindow&&(s.removeAttribute(\"style\"),\"height\"===t.message?(1e3<(r=parseInt(t.value,10))?r=1e3:~~r<200&&(r=200),s.height=r):\"link\"===t.message&&(r=new URL(s.getAttribute(\"src\")),n=new URL(t.value),c.test(n.protocol))&&n.host===r.host&&l.activeElement===s&&(d.top.location.href=t.value))}},d.addEventListener(\"message\",d.wp.receiveEmbedMessage,!1),l.addEventListener(\"DOMContentLoaded\",function(){for(var e,t,s=l.querySelectorAll(\"iframe.wp-embedded-content\"),r=0;r<s.length;r++)(t=(e=s[r]).getAttribute(\"data-secret\"))||(t=Math.random().toString(36).substring(2,12),e.src+=\"#?secret=\"+t,e.setAttribute(\"data-secret\",t)),e.contentWindow.postMessage({message:\"ready\",secret:t},\"*\")},!1)))}(window,document);\n\/* ]]> *\/\n<\/script>\n","thumbnail_url":"https:\/\/welovecinema.be\/wp-content\/uploads\/sites\/2\/2017\/05\/Capture-d\u2019e\u0301cran-2017-05-03-a\u0300-13.30.24.png","thumbnail_width":850,"thumbnail_height":440,"description":"Dans son \u00e9mission du 30 avril, Fabrice du Welz recevait le cultissime acteur fran\u00e7ais Pierre Richard, pour son r\u00f4le dans Un profil pour deux, mais aussi Harry Cleven et Thomas Gunzig, venus parler de Mon Ange, sorti le 3 mai dans les salles belges."}

Home Cinéma, avec Harry Cleven, Thomas Gunzig et Pierre Richard - We Love Cinema

<blockquote class="wp-embedded-content" data-secret="tkohs2jsCj"><a href="https://welovecinema.be/fr/home-cinema-harry-cleven-thomas-gunzig-pierre-richard/">Home Cinéma, avec Harry Cleven, Thomas Gunzig et Pierre Richard</a></blockquote><iframe sandbox="allow-scripts" security="restricted" src="https://welovecinema.be/fr/home-cinema-harry-cleven-thomas-gunzig-pierre-richard/embed/#?secret=tkohs2jsCj" width="600" height="338" title="« Home Cinéma, avec Harry Cleven, Thomas Gunzig et Pierre Richard » &#8212; We Love Cinema" data-secret="tkohs2jsCj" frameborder="0" marginwidth="0" marginheight="0" scrolling="no" class="wp-embedded-content"></iframe><script type="text/javascript">
/* <![CDATA[ */
/*! This file is auto-generated */
!function(d,l){"use strict";l.querySelector&&d.addEventListener&&"undefined"!=typeof URL&&(d.wp=d.wp||{},d.wp.receiveEmbedMessage||(d.wp.receiveEmbedMessage=function(e){var t=e.data;if((t||t.secret||t.message||t.value)&&!/[^a-zA-Z0-9]/.test(t.secret)){for(var s,r,n,a=l.querySelectorAll('iframe[data-secret="'+t.secret+'"]'),o=l.querySelectorAll('blockquote[data-secret="'+t.secret+'"]'),c=new RegExp("^https?:$","i"),i=0;i<o.length;i++)o[i].style.display="none";for(i=0;i<a.length;i++)s=a[i],e.source===s.contentWindow&&(s.removeAttribute("style"),"height"===t.message?(1e3<(r=parseInt(t.value,10))?r=1e3:~~r<200&&(r=200),s.height=r):"link"===t.message&&(r=new URL(s.getAttribute("src")),n=new URL(t.value),c.test(n.protocol))&&n.host===r.host&&l.activeElement===s&&(d.top.location.href=t.value))}},d.addEventListener("message",d.wp.receiveEmbedMessage,!1),l.addEventListener("DOMContentLoaded",function(){for(var e,t,s=l.querySelectorAll("iframe.wp-embedded-content"),r=0;r<s.length;r++)(t=(e=s[r]).getAttribute("data-secret"))||(t=Math.random().toString(36).substring(2,12),e.src+="#?secret="+t,e.setAttribute("data-secret",t)),e.contentWindow.postMessage({message:"ready",secret:t},"*")},!1)))}(window,document);
/* ]]> */
</script>

Dans son émission du 30 avril, Fabrice du Welz recevait le cultissime acteur français Pierre Richard, pour son rôle dans Un profil pour deux, mais aussi Harry Cleven et Thomas Gunzig, venus parler de Mon Ange, sorti le 3 mai dans les salles belges.
