{"version":"1.0","provider_name":"We Love Cinema","provider_url":"https:\/\/welovecinema.be\/fr\/","author_name":"fred","author_url":"https:\/\/welovecinema.be\/fr\/author\/fred\/","title":"Ghibli c\u00e9l\u00e9br\u00e9 \u00e0 Cannes\u2026 enfin\u00a0! - We Love Cinema","type":"rich","width":600,"height":338,"html":"<blockquote class=\"wp-embedded-content\" data-secret=\"oWv3xmA3MZ\"><a href=\"https:\/\/welovecinema.be\/fr\/ghibli-celebre-a-cannes-enfin\/\">Ghibli c\u00e9l\u00e9br\u00e9 \u00e0 Cannes\u2026 enfin\u00a0!<\/a><\/blockquote><iframe sandbox=\"allow-scripts\" security=\"restricted\" src=\"https:\/\/welovecinema.be\/fr\/ghibli-celebre-a-cannes-enfin\/embed\/#?secret=oWv3xmA3MZ\" width=\"600\" height=\"338\" title=\"\u00ab\u00a0Ghibli c\u00e9l\u00e9br\u00e9 \u00e0 Cannes\u2026 enfin\u00a0!\u00a0\u00bb &#8212; We Love Cinema\" data-secret=\"oWv3xmA3MZ\" frameborder=\"0\" marginwidth=\"0\" marginheight=\"0\" scrolling=\"no\" class=\"wp-embedded-content\"><\/iframe><script type=\"text\/javascript\">\n\/* <![CDATA[ *\/\n\/*! This file is auto-generated *\/\n!function(d,l){\"use strict\";l.querySelector&&d.addEventListener&&\"undefined\"!=typeof URL&&(d.wp=d.wp||{},d.wp.receiveEmbedMessage||(d.wp.receiveEmbedMessage=function(e){var t=e.data;if((t||t.secret||t.message||t.value)&&!\/[^a-zA-Z0-9]\/.test(t.secret)){for(var s,r,n,a=l.querySelectorAll('iframe[data-secret=\"'+t.secret+'\"]'),o=l.querySelectorAll('blockquote[data-secret=\"'+t.secret+'\"]'),c=new RegExp(\"^https?:$\",\"i\"),i=0;i<o.length;i++)o[i].style.display=\"none\";for(i=0;i<a.length;i++)s=a[i],e.source===s.contentWindow&&(s.removeAttribute(\"style\"),\"height\"===t.message?(1e3<(r=parseInt(t.value,10))?r=1e3:~~r<200&&(r=200),s.height=r):\"link\"===t.message&&(r=new URL(s.getAttribute(\"src\")),n=new URL(t.value),c.test(n.protocol))&&n.host===r.host&&l.activeElement===s&&(d.top.location.href=t.value))}},d.addEventListener(\"message\",d.wp.receiveEmbedMessage,!1),l.addEventListener(\"DOMContentLoaded\",function(){for(var e,t,s=l.querySelectorAll(\"iframe.wp-embedded-content\"),r=0;r<s.length;r++)(t=(e=s[r]).getAttribute(\"data-secret\"))||(t=Math.random().toString(36).substring(2,12),e.src+=\"#?secret=\"+t,e.setAttribute(\"data-secret\",t)),e.contentWindow.postMessage({message:\"ready\",secret:t},\"*\")},!1)))}(window,document);\n\/* ]]> *\/\n<\/script>\n","thumbnail_url":"https:\/\/welovecinema.be\/wp-content\/uploads\/sites\/2\/2024\/05\/Ghibli-scaled.jpg","thumbnail_width":2560,"thumbnail_height":1440,"description":"Il \u00e9tait temps que Cannes c\u00e9l\u00e8bre enfin officiellement le studio Ghibli, jamais s\u00e9lectionn\u00e9 en Comp\u00e9tition officielle. C\u2019est donc par un juste retour des choses que Ghibli, cofond\u00e9 par Hayao Miyazaki en 1985, a re\u00e7u une Palme d\u2019Or d\u2019Honneur. Et c\u2019est Goro Miyazaki (celui avec des lunettes sur la photo de \u00a9JP.Malherbe\/N.L.P.), fils de Hayao et &hellip;"}

Ghibli célébré à Cannes… enfin ! - We Love Cinema

<blockquote class="wp-embedded-content" data-secret="oWv3xmA3MZ"><a href="https://welovecinema.be/fr/ghibli-celebre-a-cannes-enfin/">Ghibli célébré à Cannes… enfin !</a></blockquote><iframe sandbox="allow-scripts" security="restricted" src="https://welovecinema.be/fr/ghibli-celebre-a-cannes-enfin/embed/#?secret=oWv3xmA3MZ" width="600" height="338" title="« Ghibli célébré à Cannes… enfin ! » &#8212; We Love Cinema" data-secret="oWv3xmA3MZ" frameborder="0" marginwidth="0" marginheight="0" scrolling="no" class="wp-embedded-content"></iframe><script type="text/javascript">
/* <![CDATA[ */
/*! This file is auto-generated */
!function(d,l){"use strict";l.querySelector&&d.addEventListener&&"undefined"!=typeof URL&&(d.wp=d.wp||{},d.wp.receiveEmbedMessage||(d.wp.receiveEmbedMessage=function(e){var t=e.data;if((t||t.secret||t.message||t.value)&&!/[^a-zA-Z0-9]/.test(t.secret)){for(var s,r,n,a=l.querySelectorAll('iframe[data-secret="'+t.secret+'"]'),o=l.querySelectorAll('blockquote[data-secret="'+t.secret+'"]'),c=new RegExp("^https?:$","i"),i=0;i<o.length;i++)o[i].style.display="none";for(i=0;i<a.length;i++)s=a[i],e.source===s.contentWindow&&(s.removeAttribute("style"),"height"===t.message?(1e3<(r=parseInt(t.value,10))?r=1e3:~~r<200&&(r=200),s.height=r):"link"===t.message&&(r=new URL(s.getAttribute("src")),n=new URL(t.value),c.test(n.protocol))&&n.host===r.host&&l.activeElement===s&&(d.top.location.href=t.value))}},d.addEventListener("message",d.wp.receiveEmbedMessage,!1),l.addEventListener("DOMContentLoaded",function(){for(var e,t,s=l.querySelectorAll("iframe.wp-embedded-content"),r=0;r<s.length;r++)(t=(e=s[r]).getAttribute("data-secret"))||(t=Math.random().toString(36).substring(2,12),e.src+="#?secret="+t,e.setAttribute("data-secret",t)),e.contentWindow.postMessage({message:"ready",secret:t},"*")},!1)))}(window,document);
/* ]]> */
</script>

Il était temps que Cannes célèbre enfin officiellement le studio Ghibli, jamais sélectionné en Compétition officielle. C’est donc par un juste retour des choses que Ghibli, cofondé par Hayao Miyazaki en 1985, a reçu une Palme d’Or d’Honneur. Et c’est Goro Miyazaki (celui avec des lunettes sur la photo de ©JP.Malherbe/N.L.P.), fils de Hayao et &hellip;
