{"version":"1.0","provider_name":"We Love Cinema","provider_url":"https:\/\/welovecinema.be\/fr\/","author_name":"Aurore Engelen","author_url":"https:\/\/welovecinema.be\/fr\/author\/aurore-engelen\/","title":"Flashback 2018\/ Flashforward 2019: Guillaume Senez - We Love Cinema","type":"rich","width":600,"height":338,"html":"<blockquote class=\"wp-embedded-content\" data-secret=\"L33wTGA7y2\"><a href=\"https:\/\/welovecinema.be\/fr\/flashback-2018-flashforward-2019-guillaume-senez\/\">Flashback 2018\/ Flashforward 2019: Guillaume Senez<\/a><\/blockquote><iframe sandbox=\"allow-scripts\" security=\"restricted\" src=\"https:\/\/welovecinema.be\/fr\/flashback-2018-flashforward-2019-guillaume-senez\/embed\/#?secret=L33wTGA7y2\" width=\"600\" height=\"338\" title=\"\u00ab\u00a0Flashback 2018\/ Flashforward 2019: Guillaume Senez\u00a0\u00bb &#8212; We Love Cinema\" data-secret=\"L33wTGA7y2\" frameborder=\"0\" marginwidth=\"0\" marginheight=\"0\" scrolling=\"no\" class=\"wp-embedded-content\"><\/iframe><script type=\"text\/javascript\">\n\/* <![CDATA[ *\/\n\/*! This file is auto-generated *\/\n!function(d,l){\"use strict\";l.querySelector&&d.addEventListener&&\"undefined\"!=typeof URL&&(d.wp=d.wp||{},d.wp.receiveEmbedMessage||(d.wp.receiveEmbedMessage=function(e){var t=e.data;if((t||t.secret||t.message||t.value)&&!\/[^a-zA-Z0-9]\/.test(t.secret)){for(var s,r,n,a=l.querySelectorAll('iframe[data-secret=\"'+t.secret+'\"]'),o=l.querySelectorAll('blockquote[data-secret=\"'+t.secret+'\"]'),c=new RegExp(\"^https?:$\",\"i\"),i=0;i<o.length;i++)o[i].style.display=\"none\";for(i=0;i<a.length;i++)s=a[i],e.source===s.contentWindow&&(s.removeAttribute(\"style\"),\"height\"===t.message?(1e3<(r=parseInt(t.value,10))?r=1e3:~~r<200&&(r=200),s.height=r):\"link\"===t.message&&(r=new URL(s.getAttribute(\"src\")),n=new URL(t.value),c.test(n.protocol))&&n.host===r.host&&l.activeElement===s&&(d.top.location.href=t.value))}},d.addEventListener(\"message\",d.wp.receiveEmbedMessage,!1),l.addEventListener(\"DOMContentLoaded\",function(){for(var e,t,s=l.querySelectorAll(\"iframe.wp-embedded-content\"),r=0;r<s.length;r++)(t=(e=s[r]).getAttribute(\"data-secret\"))||(t=Math.random().toString(36).substring(2,12),e.src+=\"#?secret=\"+t,e.setAttribute(\"data-secret\",t)),e.contentWindow.postMessage({message:\"ready\",secret:t},\"*\")},!1)))}(window,document);\n\/* ]]> *\/\n<\/script>\n","thumbnail_url":"https:\/\/welovecinema.be\/wp-content\/uploads\/sites\/2\/2018\/05\/IMG_7824.jpg","thumbnail_width":4032,"thumbnail_height":3024,"description":"Guillaume SENEZ, r\u00e9alisateur Actualit\u00e9 2018 En mai dernier, Guillaume Senez pr\u00e9sentait \u00e0 la Semaine de la Critique son deuxi\u00e8me long m\u00e9trage, Nos Batailles, l\u2019histoire d\u2019un p\u00e8re (Romain Duris) confront\u00e9 \u00e0 ses responsabilit\u00e9s quand sa femme dispara\u00eet sans crier gare. Le film, sorti en France et en Belgique au mois d\u2019octobre, parcourt les festivals, o\u00f9 il &hellip;"}

Guillaume SENEZ, réalisateur Actualité 2018 En mai dernier, Guillaume Senez présentait à la Semaine de la Critique son deuxième long métrage, Nos Batailles, l’histoire d’un père (Romain Duris) confronté à ses responsabilités quand sa femme disparaît sans crier gare. Le film, sorti en France et en Belgique au mois d’octobre, parcourt les festivals, où il &hellip;
