{"version":"1.0","provider_name":"We Love Cinema","provider_url":"https:\/\/welovecinema.be\/fr\/","author_name":"Philippe.Pierquin","author_url":"https:\/\/welovecinema.be\/fr\/author\/philippe-pierquin\/","title":"Faute de temps, Tout Court ne prend pas de vacances - We Love Cinema","type":"rich","width":600,"height":338,"html":"<blockquote class=\"wp-embedded-content\" data-secret=\"6Jc37gGFCc\"><a href=\"https:\/\/welovecinema.be\/fr\/faute-temps-court-prend-pas-vacances\/\">Faute de temps, Tout Court ne prend pas de vacances<\/a><\/blockquote><iframe sandbox=\"allow-scripts\" security=\"restricted\" src=\"https:\/\/welovecinema.be\/fr\/faute-temps-court-prend-pas-vacances\/embed\/#?secret=6Jc37gGFCc\" width=\"600\" height=\"338\" title=\"\u00ab\u00a0Faute de temps, Tout Court ne prend pas de vacances\u00a0\u00bb &#8212; We Love Cinema\" data-secret=\"6Jc37gGFCc\" frameborder=\"0\" marginwidth=\"0\" marginheight=\"0\" scrolling=\"no\" class=\"wp-embedded-content\"><\/iframe><script type=\"text\/javascript\">\n\/* <![CDATA[ *\/\n\/*! This file is auto-generated *\/\n!function(d,l){\"use strict\";l.querySelector&&d.addEventListener&&\"undefined\"!=typeof URL&&(d.wp=d.wp||{},d.wp.receiveEmbedMessage||(d.wp.receiveEmbedMessage=function(e){var t=e.data;if((t||t.secret||t.message||t.value)&&!\/[^a-zA-Z0-9]\/.test(t.secret)){for(var s,r,n,a=l.querySelectorAll('iframe[data-secret=\"'+t.secret+'\"]'),o=l.querySelectorAll('blockquote[data-secret=\"'+t.secret+'\"]'),c=new RegExp(\"^https?:$\",\"i\"),i=0;i<o.length;i++)o[i].style.display=\"none\";for(i=0;i<a.length;i++)s=a[i],e.source===s.contentWindow&&(s.removeAttribute(\"style\"),\"height\"===t.message?(1e3<(r=parseInt(t.value,10))?r=1e3:~~r<200&&(r=200),s.height=r):\"link\"===t.message&&(r=new URL(s.getAttribute(\"src\")),n=new URL(t.value),c.test(n.protocol))&&n.host===r.host&&l.activeElement===s&&(d.top.location.href=t.value))}},d.addEventListener(\"message\",d.wp.receiveEmbedMessage,!1),l.addEventListener(\"DOMContentLoaded\",function(){for(var e,t,s=l.querySelectorAll(\"iframe.wp-embedded-content\"),r=0;r<s.length;r++)(t=(e=s[r]).getAttribute(\"data-secret\"))||(t=Math.random().toString(36).substring(2,12),e.src+=\"#?secret=\"+t,e.setAttribute(\"data-secret\",t)),e.contentWindow.postMessage({message:\"ready\",secret:t},\"*\")},!1)))}(window,document);\n\/* ]]> *\/\n<\/script>\n","thumbnail_url":"https:\/\/welovecinema.be\/wp-content\/uploads\/sites\/2\/2014\/07\/faute-2.jpg","thumbnail_width":1920,"thumbnail_height":1080,"description":"Comme Cinevox, Tout Court ne prend jamais de vacances. C\u2019est m\u00eame avec quatre films que l\u2019\u00e9mission de B\u00e9n\u00e9dicte Bourgois aborde cette semaine. Point d\u2019in\u00e9dit, mais de l\u2019animation et deux films live dont le multi-prim\u00e9 Faute de temps\u00a0 qu&rsquo;on n&rsquo;avait\u00a0plus\u00a0vu depuis un bout de temps."}

Comme Cinevox, Tout Court ne prend jamais de vacances. C’est même avec quatre films que l’émission de Bénédicte Bourgois aborde cette semaine. Point d’inédit, mais de l’animation et deux films live dont le multi-primé Faute de temps  qu&rsquo;on n&rsquo;avait plus vu depuis un bout de temps.
