{"version":"1.0","provider_name":"We Love Cinema","provider_url":"https:\/\/welovecinema.be\/fr\/","author_name":"Philippe.Pierquin","author_url":"https:\/\/welovecinema.be\/fr\/author\/philippe-pierquin\/","title":"Deux histoires d\u2019amour compliqu\u00e9es pour Emilie Dequenne - We Love Cinema","type":"rich","width":600,"height":338,"html":"<blockquote class=\"wp-embedded-content\" data-secret=\"X6WB9bh4fo\"><a href=\"https:\/\/welovecinema.be\/fr\/deux-histoires-d%e2%80%99amour-compliquees-pour-emilie-dequenne\/\">Deux histoires d\u2019amour compliqu\u00e9es pour Emilie Dequenne<\/a><\/blockquote><iframe sandbox=\"allow-scripts\" security=\"restricted\" src=\"https:\/\/welovecinema.be\/fr\/deux-histoires-d%e2%80%99amour-compliquees-pour-emilie-dequenne\/embed\/#?secret=X6WB9bh4fo\" width=\"600\" height=\"338\" title=\"\u00ab\u00a0Deux histoires d\u2019amour compliqu\u00e9es pour Emilie Dequenne\u00a0\u00bb &#8212; We Love Cinema\" data-secret=\"X6WB9bh4fo\" frameborder=\"0\" marginwidth=\"0\" marginheight=\"0\" scrolling=\"no\" class=\"wp-embedded-content\"><\/iframe><script type=\"text\/javascript\">\n\/* <![CDATA[ *\/\n\/*! This file is auto-generated *\/\n!function(d,l){\"use strict\";l.querySelector&&d.addEventListener&&\"undefined\"!=typeof URL&&(d.wp=d.wp||{},d.wp.receiveEmbedMessage||(d.wp.receiveEmbedMessage=function(e){var t=e.data;if((t||t.secret||t.message||t.value)&&!\/[^a-zA-Z0-9]\/.test(t.secret)){for(var s,r,n,a=l.querySelectorAll('iframe[data-secret=\"'+t.secret+'\"]'),o=l.querySelectorAll('blockquote[data-secret=\"'+t.secret+'\"]'),c=new RegExp(\"^https?:$\",\"i\"),i=0;i<o.length;i++)o[i].style.display=\"none\";for(i=0;i<a.length;i++)s=a[i],e.source===s.contentWindow&&(s.removeAttribute(\"style\"),\"height\"===t.message?(1e3<(r=parseInt(t.value,10))?r=1e3:~~r<200&&(r=200),s.height=r):\"link\"===t.message&&(r=new URL(s.getAttribute(\"src\")),n=new URL(t.value),c.test(n.protocol))&&n.host===r.host&&l.activeElement===s&&(d.top.location.href=t.value))}},d.addEventListener(\"message\",d.wp.receiveEmbedMessage,!1),l.addEventListener(\"DOMContentLoaded\",function(){for(var e,t,s=l.querySelectorAll(\"iframe.wp-embedded-content\"),r=0;r<s.length;r++)(t=(e=s[r]).getAttribute(\"data-secret\"))||(t=Math.random().toString(36).substring(2,12),e.src+=\"#?secret=\"+t,e.setAttribute(\"data-secret\",t)),e.contentWindow.postMessage({message:\"ready\",secret:t},\"*\")},!1)))}(window,document);\n\/* ]]> *\/\n<\/script>\n","thumbnail_url":"https:\/\/welovecinema.be\/wp-content\/uploads\/sites\/2\/2012\/12\/554792_380375598666021_150760608294189_951813_739382018_n.jpg","thumbnail_width":"960","thumbnail_height":"648","description":"Alors qu\u2019on attend toujours de d\u00e9couvrir en Belgique, La Travers\u00e9e qu\u2019elle a tourn\u00e9 aux c\u00f4t\u00e9s d\u2019un Michael Youn m\u00e9tamorphos\u00e9 (regardez ici la bande-annonce), Emilie Dequenne sera en 2013 \u00e0 l\u2019affiche de Mobius, le thriller d\u2019\u00c9ric Rochant qui sortira en mars et dans lequel elle fait \u00e9quipe avec C\u00e9cile de France, Jean Dujardin et Tim Roth &hellip;"}

Deux histoires d’amour compliquées pour Emilie Dequenne - We Love Cinema

<blockquote class="wp-embedded-content" data-secret="X6WB9bh4fo"><a href="https://welovecinema.be/fr/deux-histoires-d%e2%80%99amour-compliquees-pour-emilie-dequenne/">Deux histoires d’amour compliquées pour Emilie Dequenne</a></blockquote><iframe sandbox="allow-scripts" security="restricted" src="https://welovecinema.be/fr/deux-histoires-d%e2%80%99amour-compliquees-pour-emilie-dequenne/embed/#?secret=X6WB9bh4fo" width="600" height="338" title="« Deux histoires d’amour compliquées pour Emilie Dequenne » &#8212; We Love Cinema" data-secret="X6WB9bh4fo" frameborder="0" marginwidth="0" marginheight="0" scrolling="no" class="wp-embedded-content"></iframe><script type="text/javascript">
/* <![CDATA[ */
/*! This file is auto-generated */
!function(d,l){"use strict";l.querySelector&&d.addEventListener&&"undefined"!=typeof URL&&(d.wp=d.wp||{},d.wp.receiveEmbedMessage||(d.wp.receiveEmbedMessage=function(e){var t=e.data;if((t||t.secret||t.message||t.value)&&!/[^a-zA-Z0-9]/.test(t.secret)){for(var s,r,n,a=l.querySelectorAll('iframe[data-secret="'+t.secret+'"]'),o=l.querySelectorAll('blockquote[data-secret="'+t.secret+'"]'),c=new RegExp("^https?:$","i"),i=0;i<o.length;i++)o[i].style.display="none";for(i=0;i<a.length;i++)s=a[i],e.source===s.contentWindow&&(s.removeAttribute("style"),"height"===t.message?(1e3<(r=parseInt(t.value,10))?r=1e3:~~r<200&&(r=200),s.height=r):"link"===t.message&&(r=new URL(s.getAttribute("src")),n=new URL(t.value),c.test(n.protocol))&&n.host===r.host&&l.activeElement===s&&(d.top.location.href=t.value))}},d.addEventListener("message",d.wp.receiveEmbedMessage,!1),l.addEventListener("DOMContentLoaded",function(){for(var e,t,s=l.querySelectorAll("iframe.wp-embedded-content"),r=0;r<s.length;r++)(t=(e=s[r]).getAttribute("data-secret"))||(t=Math.random().toString(36).substring(2,12),e.src+="#?secret="+t,e.setAttribute("data-secret",t)),e.contentWindow.postMessage({message:"ready",secret:t},"*")},!1)))}(window,document);
/* ]]> */
</script>

Alors qu’on attend toujours de découvrir en Belgique, La Traversée qu’elle a tourné aux côtés d’un Michael Youn métamorphosé (regardez ici la bande-annonce), Emilie Dequenne sera en 2013 à l’affiche de Mobius, le thriller d’Éric Rochant qui sortira en mars et dans lequel elle fait équipe avec Cécile de France, Jean Dujardin et Tim Roth &hellip;
