{"version":"1.0","provider_name":"We Love Cinema","provider_url":"https:\/\/welovecinema.be\/fr\/","author_name":"Philippe.Pierquin","author_url":"https:\/\/welovecinema.be\/fr\/author\/philippe-pierquin\/","title":"David Hainaut : nouveau pr\u00e9sident de l'UPCB - We Love Cinema","type":"rich","width":600,"height":338,"html":"<blockquote class=\"wp-embedded-content\" data-secret=\"DOgx4wCNH6\"><a href=\"https:\/\/welovecinema.be\/fr\/david-hainaut-nouveau-president-de-lupcb\/\">David Hainaut : nouveau pr\u00e9sident de l&rsquo;UPCB<\/a><\/blockquote><iframe sandbox=\"allow-scripts\" security=\"restricted\" src=\"https:\/\/welovecinema.be\/fr\/david-hainaut-nouveau-president-de-lupcb\/embed\/#?secret=DOgx4wCNH6\" width=\"600\" height=\"338\" title=\"\u00ab\u00a0David Hainaut : nouveau pr\u00e9sident de l&rsquo;UPCB\u00a0\u00bb &#8212; We Love Cinema\" data-secret=\"DOgx4wCNH6\" frameborder=\"0\" marginwidth=\"0\" marginheight=\"0\" scrolling=\"no\" class=\"wp-embedded-content\"><\/iframe><script type=\"text\/javascript\">\n\/* <![CDATA[ *\/\n\/*! This file is auto-generated *\/\n!function(d,l){\"use strict\";l.querySelector&&d.addEventListener&&\"undefined\"!=typeof URL&&(d.wp=d.wp||{},d.wp.receiveEmbedMessage||(d.wp.receiveEmbedMessage=function(e){var t=e.data;if((t||t.secret||t.message||t.value)&&!\/[^a-zA-Z0-9]\/.test(t.secret)){for(var s,r,n,a=l.querySelectorAll('iframe[data-secret=\"'+t.secret+'\"]'),o=l.querySelectorAll('blockquote[data-secret=\"'+t.secret+'\"]'),c=new RegExp(\"^https?:$\",\"i\"),i=0;i<o.length;i++)o[i].style.display=\"none\";for(i=0;i<a.length;i++)s=a[i],e.source===s.contentWindow&&(s.removeAttribute(\"style\"),\"height\"===t.message?(1e3<(r=parseInt(t.value,10))?r=1e3:~~r<200&&(r=200),s.height=r):\"link\"===t.message&&(r=new URL(s.getAttribute(\"src\")),n=new URL(t.value),c.test(n.protocol))&&n.host===r.host&&l.activeElement===s&&(d.top.location.href=t.value))}},d.addEventListener(\"message\",d.wp.receiveEmbedMessage,!1),l.addEventListener(\"DOMContentLoaded\",function(){for(var e,t,s=l.querySelectorAll(\"iframe.wp-embedded-content\"),r=0;r<s.length;r++)(t=(e=s[r]).getAttribute(\"data-secret\"))||(t=Math.random().toString(36).substring(2,12),e.src+=\"#?secret=\"+t,e.setAttribute(\"data-secret\",t)),e.contentWindow.postMessage({message:\"ready\",secret:t},\"*\")},!1)))}(window,document);\n\/* ]]> *\/\n<\/script>\n","thumbnail_url":"https:\/\/welovecinema.be\/wp-content\/uploads\/sites\/2\/2012\/01\/BER_0346b.jpg","thumbnail_width":"1181","thumbnail_height":"1082","description":"Ce jeudi 12 janvier s\u2019est tenue \u00e0 Bruxelles l\u2019Assembl\u00e9e G\u00e9n\u00e9rale de l\u2019Union de la Presse Cin\u00e9matographique Belge (UPCB). L\u2019organisme, qui existe en Belgique depuis 1925, regroupe une centaine de journalistes et de r\u00e9dacteurs ayant un lien \u00e9troit avec le cin\u00e9ma. Les membres ont d\u00e9sign\u00e9 le successeur de St\u00e9phane Fefer, au terme de son mandat de &hellip;"}

David Hainaut : nouveau président de l'UPCB - We Love Cinema

<blockquote class="wp-embedded-content" data-secret="DOgx4wCNH6"><a href="https://welovecinema.be/fr/david-hainaut-nouveau-president-de-lupcb/">David Hainaut : nouveau président de l&rsquo;UPCB</a></blockquote><iframe sandbox="allow-scripts" security="restricted" src="https://welovecinema.be/fr/david-hainaut-nouveau-president-de-lupcb/embed/#?secret=DOgx4wCNH6" width="600" height="338" title="« David Hainaut : nouveau président de l&rsquo;UPCB » &#8212; We Love Cinema" data-secret="DOgx4wCNH6" frameborder="0" marginwidth="0" marginheight="0" scrolling="no" class="wp-embedded-content"></iframe><script type="text/javascript">
/* <![CDATA[ */
/*! This file is auto-generated */
!function(d,l){"use strict";l.querySelector&&d.addEventListener&&"undefined"!=typeof URL&&(d.wp=d.wp||{},d.wp.receiveEmbedMessage||(d.wp.receiveEmbedMessage=function(e){var t=e.data;if((t||t.secret||t.message||t.value)&&!/[^a-zA-Z0-9]/.test(t.secret)){for(var s,r,n,a=l.querySelectorAll('iframe[data-secret="'+t.secret+'"]'),o=l.querySelectorAll('blockquote[data-secret="'+t.secret+'"]'),c=new RegExp("^https?:$","i"),i=0;i<o.length;i++)o[i].style.display="none";for(i=0;i<a.length;i++)s=a[i],e.source===s.contentWindow&&(s.removeAttribute("style"),"height"===t.message?(1e3<(r=parseInt(t.value,10))?r=1e3:~~r<200&&(r=200),s.height=r):"link"===t.message&&(r=new URL(s.getAttribute("src")),n=new URL(t.value),c.test(n.protocol))&&n.host===r.host&&l.activeElement===s&&(d.top.location.href=t.value))}},d.addEventListener("message",d.wp.receiveEmbedMessage,!1),l.addEventListener("DOMContentLoaded",function(){for(var e,t,s=l.querySelectorAll("iframe.wp-embedded-content"),r=0;r<s.length;r++)(t=(e=s[r]).getAttribute("data-secret"))||(t=Math.random().toString(36).substring(2,12),e.src+="#?secret="+t,e.setAttribute("data-secret",t)),e.contentWindow.postMessage({message:"ready",secret:t},"*")},!1)))}(window,document);
/* ]]> */
</script>

Ce jeudi 12 janvier s’est tenue à Bruxelles l’Assemblée Générale de l’Union de la Presse Cinématographique Belge (UPCB). L’organisme, qui existe en Belgique depuis 1925, regroupe une centaine de journalistes et de rédacteurs ayant un lien étroit avec le cinéma. Les membres ont désigné le successeur de Stéphane Fefer, au terme de son mandat de &hellip;
