{"version":"1.0","provider_name":"We Love Cinema","provider_url":"https:\/\/welovecinema.be\/fr\/","author_name":"Philippe.Pierquin","author_url":"https:\/\/welovecinema.be\/fr\/author\/philippe-pierquin\/","title":"Cinevox Happening : Une Marche qui soul\u00e8ve les foules - We Love Cinema","type":"rich","width":600,"height":338,"html":"<blockquote class=\"wp-embedded-content\" data-secret=\"hBOiuzqR8s\"><a href=\"https:\/\/welovecinema.be\/fr\/cinevox-happening-marche-souleve-les-foules\/\">Cinevox Happening : Une Marche qui soul\u00e8ve les foules<\/a><\/blockquote><iframe sandbox=\"allow-scripts\" security=\"restricted\" src=\"https:\/\/welovecinema.be\/fr\/cinevox-happening-marche-souleve-les-foules\/embed\/#?secret=hBOiuzqR8s\" width=\"600\" height=\"338\" title=\"\u00ab\u00a0Cinevox Happening : Une Marche qui soul\u00e8ve les foules\u00a0\u00bb &#8212; We Love Cinema\" data-secret=\"hBOiuzqR8s\" frameborder=\"0\" marginwidth=\"0\" marginheight=\"0\" scrolling=\"no\" class=\"wp-embedded-content\"><\/iframe><script type=\"text\/javascript\">\n\/* <![CDATA[ *\/\n\/*! This file is auto-generated *\/\n!function(d,l){\"use strict\";l.querySelector&&d.addEventListener&&\"undefined\"!=typeof URL&&(d.wp=d.wp||{},d.wp.receiveEmbedMessage||(d.wp.receiveEmbedMessage=function(e){var t=e.data;if((t||t.secret||t.message||t.value)&&!\/[^a-zA-Z0-9]\/.test(t.secret)){for(var s,r,n,a=l.querySelectorAll('iframe[data-secret=\"'+t.secret+'\"]'),o=l.querySelectorAll('blockquote[data-secret=\"'+t.secret+'\"]'),c=new RegExp(\"^https?:$\",\"i\"),i=0;i<o.length;i++)o[i].style.display=\"none\";for(i=0;i<a.length;i++)s=a[i],e.source===s.contentWindow&&(s.removeAttribute(\"style\"),\"height\"===t.message?(1e3<(r=parseInt(t.value,10))?r=1e3:~~r<200&&(r=200),s.height=r):\"link\"===t.message&&(r=new URL(s.getAttribute(\"src\")),n=new URL(t.value),c.test(n.protocol))&&n.host===r.host&&l.activeElement===s&&(d.top.location.href=t.value))}},d.addEventListener(\"message\",d.wp.receiveEmbedMessage,!1),l.addEventListener(\"DOMContentLoaded\",function(){for(var e,t,s=l.querySelectorAll(\"iframe.wp-embedded-content\"),r=0;r<s.length;r++)(t=(e=s[r]).getAttribute(\"data-secret\"))||(t=Math.random().toString(36).substring(2,12),e.src+=\"#?secret=\"+t,e.setAttribute(\"data-secret\",t)),e.contentWindow.postMessage({message:\"ready\",secret:t},\"*\")},!1)))}(window,document);\n\/* ]]> *\/\n<\/script>\n","thumbnail_url":"https:\/\/welovecinema.be\/wp-content\/uploads\/sites\/2\/2013\/11\/2013-11-07-18.44.17-800x600.jpg","thumbnail_width":800,"thumbnail_height":600,"description":"On parle souvent de chambouler la chronologie des m\u00e9dias, de r\u00e9duire la dur\u00e9e entre la sortie d\u2019un film en salle et sa parution DVD. Les arguments, essentiellement \u00e9conomiques, d\u00e9velopp\u00e9s par les partisans de cette th\u00e8se sont justes et respectables\u2026 mais on ne nous enl\u00e8vera pas notre id\u00e9e fixe : la meilleure fa\u00e7on de savourer un &hellip;"}

Cinevox Happening : Une Marche qui soulève les foules - We Love Cinema

<blockquote class="wp-embedded-content" data-secret="hBOiuzqR8s"><a href="https://welovecinema.be/fr/cinevox-happening-marche-souleve-les-foules/">Cinevox Happening : Une Marche qui soulève les foules</a></blockquote><iframe sandbox="allow-scripts" security="restricted" src="https://welovecinema.be/fr/cinevox-happening-marche-souleve-les-foules/embed/#?secret=hBOiuzqR8s" width="600" height="338" title="« Cinevox Happening : Une Marche qui soulève les foules » &#8212; We Love Cinema" data-secret="hBOiuzqR8s" frameborder="0" marginwidth="0" marginheight="0" scrolling="no" class="wp-embedded-content"></iframe><script type="text/javascript">
/* <![CDATA[ */
/*! This file is auto-generated */
!function(d,l){"use strict";l.querySelector&&d.addEventListener&&"undefined"!=typeof URL&&(d.wp=d.wp||{},d.wp.receiveEmbedMessage||(d.wp.receiveEmbedMessage=function(e){var t=e.data;if((t||t.secret||t.message||t.value)&&!/[^a-zA-Z0-9]/.test(t.secret)){for(var s,r,n,a=l.querySelectorAll('iframe[data-secret="'+t.secret+'"]'),o=l.querySelectorAll('blockquote[data-secret="'+t.secret+'"]'),c=new RegExp("^https?:$","i"),i=0;i<o.length;i++)o[i].style.display="none";for(i=0;i<a.length;i++)s=a[i],e.source===s.contentWindow&&(s.removeAttribute("style"),"height"===t.message?(1e3<(r=parseInt(t.value,10))?r=1e3:~~r<200&&(r=200),s.height=r):"link"===t.message&&(r=new URL(s.getAttribute("src")),n=new URL(t.value),c.test(n.protocol))&&n.host===r.host&&l.activeElement===s&&(d.top.location.href=t.value))}},d.addEventListener("message",d.wp.receiveEmbedMessage,!1),l.addEventListener("DOMContentLoaded",function(){for(var e,t,s=l.querySelectorAll("iframe.wp-embedded-content"),r=0;r<s.length;r++)(t=(e=s[r]).getAttribute("data-secret"))||(t=Math.random().toString(36).substring(2,12),e.src+="#?secret="+t,e.setAttribute("data-secret",t)),e.contentWindow.postMessage({message:"ready",secret:t},"*")},!1)))}(window,document);
/* ]]> */
</script>

On parle souvent de chambouler la chronologie des médias, de réduire la durée entre la sortie d’un film en salle et sa parution DVD. Les arguments, essentiellement économiques, développés par les partisans de cette thèse sont justes et respectables… mais on ne nous enlèvera pas notre idée fixe : la meilleure façon de savourer un &hellip;
