{"version":"1.0","provider_name":"We Love Cinema","provider_url":"https:\/\/welovecinema.be\/fr\/","author_name":"Aurore Engelen","author_url":"https:\/\/welovecinema.be\/fr\/author\/aurore-engelen\/","title":"Le cin\u00e9ma belge et moi, \u00e9p.16: Achille Ridolfi - We Love Cinema","type":"rich","width":600,"height":338,"html":"<blockquote class=\"wp-embedded-content\" data-secret=\"ZnYWq6Q50m\"><a href=\"https:\/\/welovecinema.be\/fr\/cinema-belge-moi-ep-16-achille-ridolfi\/\">Le cin\u00e9ma belge et moi, \u00e9p.16: Achille Ridolfi<\/a><\/blockquote><iframe sandbox=\"allow-scripts\" security=\"restricted\" src=\"https:\/\/welovecinema.be\/fr\/cinema-belge-moi-ep-16-achille-ridolfi\/embed\/#?secret=ZnYWq6Q50m\" width=\"600\" height=\"338\" title=\"\u00ab\u00a0Le cin\u00e9ma belge et moi, \u00e9p.16: Achille Ridolfi\u00a0\u00bb &#8212; We Love Cinema\" data-secret=\"ZnYWq6Q50m\" frameborder=\"0\" marginwidth=\"0\" marginheight=\"0\" scrolling=\"no\" class=\"wp-embedded-content\"><\/iframe><script type=\"text\/javascript\">\n\/* <![CDATA[ *\/\n\/*! This file is auto-generated *\/\n!function(d,l){\"use strict\";l.querySelector&&d.addEventListener&&\"undefined\"!=typeof URL&&(d.wp=d.wp||{},d.wp.receiveEmbedMessage||(d.wp.receiveEmbedMessage=function(e){var t=e.data;if((t||t.secret||t.message||t.value)&&!\/[^a-zA-Z0-9]\/.test(t.secret)){for(var s,r,n,a=l.querySelectorAll('iframe[data-secret=\"'+t.secret+'\"]'),o=l.querySelectorAll('blockquote[data-secret=\"'+t.secret+'\"]'),c=new RegExp(\"^https?:$\",\"i\"),i=0;i<o.length;i++)o[i].style.display=\"none\";for(i=0;i<a.length;i++)s=a[i],e.source===s.contentWindow&&(s.removeAttribute(\"style\"),\"height\"===t.message?(1e3<(r=parseInt(t.value,10))?r=1e3:~~r<200&&(r=200),s.height=r):\"link\"===t.message&&(r=new URL(s.getAttribute(\"src\")),n=new URL(t.value),c.test(n.protocol))&&n.host===r.host&&l.activeElement===s&&(d.top.location.href=t.value))}},d.addEventListener(\"message\",d.wp.receiveEmbedMessage,!1),l.addEventListener(\"DOMContentLoaded\",function(){for(var e,t,s=l.querySelectorAll(\"iframe.wp-embedded-content\"),r=0;r<s.length;r++)(t=(e=s[r]).getAttribute(\"data-secret\"))||(t=Math.random().toString(36).substring(2,12),e.src+=\"#?secret=\"+t,e.setAttribute(\"data-secret\",t)),e.contentWindow.postMessage({message:\"ready\",secret:t},\"*\")},!1)))}(window,document);\n\/* ]]> *\/\n<\/script>\n","thumbnail_url":"https:\/\/welovecinema.be\/wp-content\/uploads\/sites\/2\/2017\/08\/Achille-Ridolfi-Cinevox.jpg","thumbnail_width":2840,"thumbnail_height":1602,"description":"R\u00e9v\u00e9l\u00e9 en 2013 par Au nom du fils de Vincent Lannoo qui lui valut un Magritte du Meilleur Espoir Masculin, on a notamment vu depuis Achille Ridolfi dans Je suis \u00e0 toi de David Lambert. On le verra bient\u00f4t dans Dr\u00f4le de p\u00e8re d&rsquo;Am\u00e9lie van Elmbt, et on le voit \u00e9galement r\u00e9guli\u00e8rement sur les planches, &hellip;"}

Le cinéma belge et moi, ép.16: Achille Ridolfi - We Love Cinema

<blockquote class="wp-embedded-content" data-secret="ZnYWq6Q50m"><a href="https://welovecinema.be/fr/cinema-belge-moi-ep-16-achille-ridolfi/">Le cinéma belge et moi, ép.16: Achille Ridolfi</a></blockquote><iframe sandbox="allow-scripts" security="restricted" src="https://welovecinema.be/fr/cinema-belge-moi-ep-16-achille-ridolfi/embed/#?secret=ZnYWq6Q50m" width="600" height="338" title="« Le cinéma belge et moi, ép.16: Achille Ridolfi » &#8212; We Love Cinema" data-secret="ZnYWq6Q50m" frameborder="0" marginwidth="0" marginheight="0" scrolling="no" class="wp-embedded-content"></iframe><script type="text/javascript">
/* <![CDATA[ */
/*! This file is auto-generated */
!function(d,l){"use strict";l.querySelector&&d.addEventListener&&"undefined"!=typeof URL&&(d.wp=d.wp||{},d.wp.receiveEmbedMessage||(d.wp.receiveEmbedMessage=function(e){var t=e.data;if((t||t.secret||t.message||t.value)&&!/[^a-zA-Z0-9]/.test(t.secret)){for(var s,r,n,a=l.querySelectorAll('iframe[data-secret="'+t.secret+'"]'),o=l.querySelectorAll('blockquote[data-secret="'+t.secret+'"]'),c=new RegExp("^https?:$","i"),i=0;i<o.length;i++)o[i].style.display="none";for(i=0;i<a.length;i++)s=a[i],e.source===s.contentWindow&&(s.removeAttribute("style"),"height"===t.message?(1e3<(r=parseInt(t.value,10))?r=1e3:~~r<200&&(r=200),s.height=r):"link"===t.message&&(r=new URL(s.getAttribute("src")),n=new URL(t.value),c.test(n.protocol))&&n.host===r.host&&l.activeElement===s&&(d.top.location.href=t.value))}},d.addEventListener("message",d.wp.receiveEmbedMessage,!1),l.addEventListener("DOMContentLoaded",function(){for(var e,t,s=l.querySelectorAll("iframe.wp-embedded-content"),r=0;r<s.length;r++)(t=(e=s[r]).getAttribute("data-secret"))||(t=Math.random().toString(36).substring(2,12),e.src+="#?secret="+t,e.setAttribute("data-secret",t)),e.contentWindow.postMessage({message:"ready",secret:t},"*")},!1)))}(window,document);
/* ]]> */
</script>

Révélé en 2013 par Au nom du fils de Vincent Lannoo qui lui valut un Magritte du Meilleur Espoir Masculin, on a notamment vu depuis Achille Ridolfi dans Je suis à toi de David Lambert. On le verra bientôt dans Drôle de père d&rsquo;Amélie van Elmbt, et on le voit également régulièrement sur les planches, &hellip;
