{"version":"1.0","provider_name":"We Love Cinema","provider_url":"https:\/\/welovecinema.be\/fr\/","author_name":"Aurore Engelen","author_url":"https:\/\/welovecinema.be\/fr\/author\/aurore-engelen\/","title":"St\u00e9phane de Groodt \u00e0 l'affiche de \"Champagne!\" - We Love Cinema","type":"rich","width":600,"height":338,"html":"<blockquote class=\"wp-embedded-content\" data-secret=\"IVwbSZWrg0\"><a href=\"https:\/\/welovecinema.be\/fr\/champagne-pour-stephane-de-groodt-2\/\">St\u00e9phane de Groodt \u00e0 l&rsquo;affiche de \u00ab\u00a0Champagne!\u00a0\u00bb<\/a><\/blockquote><iframe sandbox=\"allow-scripts\" security=\"restricted\" src=\"https:\/\/welovecinema.be\/fr\/champagne-pour-stephane-de-groodt-2\/embed\/#?secret=IVwbSZWrg0\" width=\"600\" height=\"338\" title=\"\u00ab\u00a0St\u00e9phane de Groodt \u00e0 l&rsquo;affiche de \u00ab\u00a0Champagne!\u00a0\u00bb\u00a0\u00bb &#8212; We Love Cinema\" data-secret=\"IVwbSZWrg0\" frameborder=\"0\" marginwidth=\"0\" marginheight=\"0\" scrolling=\"no\" class=\"wp-embedded-content\"><\/iframe><script type=\"text\/javascript\">\n\/* <![CDATA[ *\/\n\/*! This file is auto-generated *\/\n!function(d,l){\"use strict\";l.querySelector&&d.addEventListener&&\"undefined\"!=typeof URL&&(d.wp=d.wp||{},d.wp.receiveEmbedMessage||(d.wp.receiveEmbedMessage=function(e){var t=e.data;if((t||t.secret||t.message||t.value)&&!\/[^a-zA-Z0-9]\/.test(t.secret)){for(var s,r,n,a=l.querySelectorAll('iframe[data-secret=\"'+t.secret+'\"]'),o=l.querySelectorAll('blockquote[data-secret=\"'+t.secret+'\"]'),c=new RegExp(\"^https?:$\",\"i\"),i=0;i<o.length;i++)o[i].style.display=\"none\";for(i=0;i<a.length;i++)s=a[i],e.source===s.contentWindow&&(s.removeAttribute(\"style\"),\"height\"===t.message?(1e3<(r=parseInt(t.value,10))?r=1e3:~~r<200&&(r=200),s.height=r):\"link\"===t.message&&(r=new URL(s.getAttribute(\"src\")),n=new URL(t.value),c.test(n.protocol))&&n.host===r.host&&l.activeElement===s&&(d.top.location.href=t.value))}},d.addEventListener(\"message\",d.wp.receiveEmbedMessage,!1),l.addEventListener(\"DOMContentLoaded\",function(){for(var e,t,s=l.querySelectorAll(\"iframe.wp-embedded-content\"),r=0;r<s.length;r++)(t=(e=s[r]).getAttribute(\"data-secret\"))||(t=Math.random().toString(36).substring(2,12),e.src+=\"#?secret=\"+t,e.setAttribute(\"data-secret\",t)),e.contentWindow.postMessage({message:\"ready\",secret:t},\"*\")},!1)))}(window,document);\n\/* ]]> *\/\n<\/script>\n","thumbnail_url":"https:\/\/welovecinema.be\/wp-content\/uploads\/sites\/2\/2022\/06\/0950083.jpg-r_1920_1080-f_jpg-q_x-xxyxx.jpg","thumbnail_width":1600,"thumbnail_height":1067,"description":"Le com\u00e9dien belge est au coeur de Champagne, com\u00e9die chorale de Nicolas Vanier qui sort ce mercredi en Belgique. Les week-ends entre amis, forc\u00e9ment, c&rsquo;est plein de rires et de larmes, de complicit\u00e9 et de conflits, de souvenirs et de projets, de vieilles anecdotes et de nouvelles blagues. Alors quand en plus, \u00e7a se passe &hellip;"}

Stéphane de Groodt à l'affiche de "Champagne!" - We Love Cinema

<blockquote class="wp-embedded-content" data-secret="IVwbSZWrg0"><a href="https://welovecinema.be/fr/champagne-pour-stephane-de-groodt-2/">Stéphane de Groodt à l&rsquo;affiche de « Champagne! »</a></blockquote><iframe sandbox="allow-scripts" security="restricted" src="https://welovecinema.be/fr/champagne-pour-stephane-de-groodt-2/embed/#?secret=IVwbSZWrg0" width="600" height="338" title="« Stéphane de Groodt à l&rsquo;affiche de « Champagne! » » &#8212; We Love Cinema" data-secret="IVwbSZWrg0" frameborder="0" marginwidth="0" marginheight="0" scrolling="no" class="wp-embedded-content"></iframe><script type="text/javascript">
/* <![CDATA[ */
/*! This file is auto-generated */
!function(d,l){"use strict";l.querySelector&&d.addEventListener&&"undefined"!=typeof URL&&(d.wp=d.wp||{},d.wp.receiveEmbedMessage||(d.wp.receiveEmbedMessage=function(e){var t=e.data;if((t||t.secret||t.message||t.value)&&!/[^a-zA-Z0-9]/.test(t.secret)){for(var s,r,n,a=l.querySelectorAll('iframe[data-secret="'+t.secret+'"]'),o=l.querySelectorAll('blockquote[data-secret="'+t.secret+'"]'),c=new RegExp("^https?:$","i"),i=0;i<o.length;i++)o[i].style.display="none";for(i=0;i<a.length;i++)s=a[i],e.source===s.contentWindow&&(s.removeAttribute("style"),"height"===t.message?(1e3<(r=parseInt(t.value,10))?r=1e3:~~r<200&&(r=200),s.height=r):"link"===t.message&&(r=new URL(s.getAttribute("src")),n=new URL(t.value),c.test(n.protocol))&&n.host===r.host&&l.activeElement===s&&(d.top.location.href=t.value))}},d.addEventListener("message",d.wp.receiveEmbedMessage,!1),l.addEventListener("DOMContentLoaded",function(){for(var e,t,s=l.querySelectorAll("iframe.wp-embedded-content"),r=0;r<s.length;r++)(t=(e=s[r]).getAttribute("data-secret"))||(t=Math.random().toString(36).substring(2,12),e.src+="#?secret="+t,e.setAttribute("data-secret",t)),e.contentWindow.postMessage({message:"ready",secret:t},"*")},!1)))}(window,document);
/* ]]> */
</script>

Le comédien belge est au coeur de Champagne, comédie chorale de Nicolas Vanier qui sort ce mercredi en Belgique. Les week-ends entre amis, forcément, c&rsquo;est plein de rires et de larmes, de complicité et de conflits, de souvenirs et de projets, de vieilles anecdotes et de nouvelles blagues. Alors quand en plus, ça se passe &hellip;
