{"version":"1.0","provider_name":"We Love Cinema","provider_url":"https:\/\/welovecinema.be\/fr\/","author_name":"Aurore Engelen","author_url":"https:\/\/welovecinema.be\/fr\/author\/aurore-engelen\/","title":"Casting pour le prochain film des fr\u00e8res Dardenne - We Love Cinema","type":"rich","width":600,"height":338,"html":"<blockquote class=\"wp-embedded-content\" data-secret=\"WoEyZvo8ZA\"><a href=\"https:\/\/welovecinema.be\/fr\/casting-pour-le-prochain-film-des-freres-dardenne\/\">Casting pour le prochain film des fr\u00e8res Dardenne<\/a><\/blockquote><iframe sandbox=\"allow-scripts\" security=\"restricted\" src=\"https:\/\/welovecinema.be\/fr\/casting-pour-le-prochain-film-des-freres-dardenne\/embed\/#?secret=WoEyZvo8ZA\" width=\"600\" height=\"338\" title=\"\u00ab\u00a0Casting pour le prochain film des fr\u00e8res Dardenne\u00a0\u00bb &#8212; We Love Cinema\" data-secret=\"WoEyZvo8ZA\" frameborder=\"0\" marginwidth=\"0\" marginheight=\"0\" scrolling=\"no\" class=\"wp-embedded-content\"><\/iframe><script type=\"text\/javascript\">\n\/* <![CDATA[ *\/\n\/*! This file is auto-generated *\/\n!function(d,l){\"use strict\";l.querySelector&&d.addEventListener&&\"undefined\"!=typeof URL&&(d.wp=d.wp||{},d.wp.receiveEmbedMessage||(d.wp.receiveEmbedMessage=function(e){var t=e.data;if((t||t.secret||t.message||t.value)&&!\/[^a-zA-Z0-9]\/.test(t.secret)){for(var s,r,n,a=l.querySelectorAll('iframe[data-secret=\"'+t.secret+'\"]'),o=l.querySelectorAll('blockquote[data-secret=\"'+t.secret+'\"]'),c=new RegExp(\"^https?:$\",\"i\"),i=0;i<o.length;i++)o[i].style.display=\"none\";for(i=0;i<a.length;i++)s=a[i],e.source===s.contentWindow&&(s.removeAttribute(\"style\"),\"height\"===t.message?(1e3<(r=parseInt(t.value,10))?r=1e3:~~r<200&&(r=200),s.height=r):\"link\"===t.message&&(r=new URL(s.getAttribute(\"src\")),n=new URL(t.value),c.test(n.protocol))&&n.host===r.host&&l.activeElement===s&&(d.top.location.href=t.value))}},d.addEventListener(\"message\",d.wp.receiveEmbedMessage,!1),l.addEventListener(\"DOMContentLoaded\",function(){for(var e,t,s=l.querySelectorAll(\"iframe.wp-embedded-content\"),r=0;r<s.length;r++)(t=(e=s[r]).getAttribute(\"data-secret\"))||(t=Math.random().toString(36).substring(2,12),e.src+=\"#?secret=\"+t,e.setAttribute(\"data-secret\",t)),e.contentWindow.postMessage({message:\"ready\",secret:t},\"*\")},!1)))}(window,document);\n\/* ]]> *\/\n<\/script>\n","thumbnail_url":"https:\/\/welovecinema.be\/wp-content\/uploads\/sites\/2\/2019\/05\/EA88A841-CBD9-4D3B-8594-474F2EA41ED4.jpeg","thumbnail_width":4032,"thumbnail_height":3024,"description":"Dans le cadre du prochain long m\u00e9trage de Jean-Pierre et Luc Dardenne produit par les Films du Fleuve (tournage pr\u00e9vu en \u00e9t\u00e9 2021), on recherche des profils suivants pour les r\u00f4les principaux :\u00a0 Un jeune gar\u00e7on noir, (Afrique subsaharienne)\u00a0\u00a0\u00e2g\u00e9 de 11\/ 13 ans. Une jeune fille noire (Afrique subsaharienne)\u00a0\u00a0\u00e2g\u00e9e de 15\/17 ans Si votre enfant &hellip;"}

Casting pour le prochain film des frères Dardenne - We Love Cinema

<blockquote class="wp-embedded-content" data-secret="WoEyZvo8ZA"><a href="https://welovecinema.be/fr/casting-pour-le-prochain-film-des-freres-dardenne/">Casting pour le prochain film des frères Dardenne</a></blockquote><iframe sandbox="allow-scripts" security="restricted" src="https://welovecinema.be/fr/casting-pour-le-prochain-film-des-freres-dardenne/embed/#?secret=WoEyZvo8ZA" width="600" height="338" title="« Casting pour le prochain film des frères Dardenne » &#8212; We Love Cinema" data-secret="WoEyZvo8ZA" frameborder="0" marginwidth="0" marginheight="0" scrolling="no" class="wp-embedded-content"></iframe><script type="text/javascript">
/* <![CDATA[ */
/*! This file is auto-generated */
!function(d,l){"use strict";l.querySelector&&d.addEventListener&&"undefined"!=typeof URL&&(d.wp=d.wp||{},d.wp.receiveEmbedMessage||(d.wp.receiveEmbedMessage=function(e){var t=e.data;if((t||t.secret||t.message||t.value)&&!/[^a-zA-Z0-9]/.test(t.secret)){for(var s,r,n,a=l.querySelectorAll('iframe[data-secret="'+t.secret+'"]'),o=l.querySelectorAll('blockquote[data-secret="'+t.secret+'"]'),c=new RegExp("^https?:$","i"),i=0;i<o.length;i++)o[i].style.display="none";for(i=0;i<a.length;i++)s=a[i],e.source===s.contentWindow&&(s.removeAttribute("style"),"height"===t.message?(1e3<(r=parseInt(t.value,10))?r=1e3:~~r<200&&(r=200),s.height=r):"link"===t.message&&(r=new URL(s.getAttribute("src")),n=new URL(t.value),c.test(n.protocol))&&n.host===r.host&&l.activeElement===s&&(d.top.location.href=t.value))}},d.addEventListener("message",d.wp.receiveEmbedMessage,!1),l.addEventListener("DOMContentLoaded",function(){for(var e,t,s=l.querySelectorAll("iframe.wp-embedded-content"),r=0;r<s.length;r++)(t=(e=s[r]).getAttribute("data-secret"))||(t=Math.random().toString(36).substring(2,12),e.src+="#?secret="+t,e.setAttribute("data-secret",t)),e.contentWindow.postMessage({message:"ready",secret:t},"*")},!1)))}(window,document);
/* ]]> */
</script>

Dans le cadre du prochain long métrage de Jean-Pierre et Luc Dardenne produit par les Films du Fleuve (tournage prévu en été 2021), on recherche des profils suivants pour les rôles principaux :  Un jeune garçon noir, (Afrique subsaharienne)  âgé de 11/ 13 ans. Une jeune fille noire (Afrique subsaharienne)  âgée de 15/17 ans Si votre enfant &hellip;
