{"version":"1.0","provider_name":"We Love Cinema","provider_url":"https:\/\/welovecinema.be\/fr\/","author_name":"Philippe.Pierquin","author_url":"https:\/\/welovecinema.be\/fr\/author\/philippe-pierquin\/","title":"Une caravane du court en r\u00e9gion namuroise - We Love Cinema","type":"rich","width":600,"height":338,"html":"<blockquote class=\"wp-embedded-content\" data-secret=\"LMKhQnPbKq\"><a href=\"https:\/\/welovecinema.be\/fr\/caravane-du-court-en-region-namuroise\/\">Une caravane du court en r\u00e9gion namuroise<\/a><\/blockquote><iframe sandbox=\"allow-scripts\" security=\"restricted\" src=\"https:\/\/welovecinema.be\/fr\/caravane-du-court-en-region-namuroise\/embed\/#?secret=LMKhQnPbKq\" width=\"600\" height=\"338\" title=\"\u00ab\u00a0Une caravane du court en r\u00e9gion namuroise\u00a0\u00bb &#8212; We Love Cinema\" data-secret=\"LMKhQnPbKq\" frameborder=\"0\" marginwidth=\"0\" marginheight=\"0\" scrolling=\"no\" class=\"wp-embedded-content\"><\/iframe><script type=\"text\/javascript\">\n\/* <![CDATA[ *\/\n\/*! This file is auto-generated *\/\n!function(d,l){\"use strict\";l.querySelector&&d.addEventListener&&\"undefined\"!=typeof URL&&(d.wp=d.wp||{},d.wp.receiveEmbedMessage||(d.wp.receiveEmbedMessage=function(e){var t=e.data;if((t||t.secret||t.message||t.value)&&!\/[^a-zA-Z0-9]\/.test(t.secret)){for(var s,r,n,a=l.querySelectorAll('iframe[data-secret=\"'+t.secret+'\"]'),o=l.querySelectorAll('blockquote[data-secret=\"'+t.secret+'\"]'),c=new RegExp(\"^https?:$\",\"i\"),i=0;i<o.length;i++)o[i].style.display=\"none\";for(i=0;i<a.length;i++)s=a[i],e.source===s.contentWindow&&(s.removeAttribute(\"style\"),\"height\"===t.message?(1e3<(r=parseInt(t.value,10))?r=1e3:~~r<200&&(r=200),s.height=r):\"link\"===t.message&&(r=new URL(s.getAttribute(\"src\")),n=new URL(t.value),c.test(n.protocol))&&n.host===r.host&&l.activeElement===s&&(d.top.location.href=t.value))}},d.addEventListener(\"message\",d.wp.receiveEmbedMessage,!1),l.addEventListener(\"DOMContentLoaded\",function(){for(var e,t,s=l.querySelectorAll(\"iframe.wp-embedded-content\"),r=0;r<s.length;r++)(t=(e=s[r]).getAttribute(\"data-secret\"))||(t=Math.random().toString(36).substring(2,12),e.src+=\"#?secret=\"+t,e.setAttribute(\"data-secret\",t)),e.contentWindow.postMessage({message:\"ready\",secret:t},\"*\")},!1)))}(window,document);\n\/* ]]> *\/\n<\/script>\n","thumbnail_url":"https:\/\/welovecinema.be\/wp-content\/uploads\/sites\/2\/2014\/11\/892752_513255002054344_2136601701_o.jpg","thumbnail_width":2048,"thumbnail_height":871,"description":"Du 18 au 21 novembre 2014, le FIFF et la Province de Namur s&rsquo;associent pour mettre les courts m\u00e9trages belges \u00e0 l&rsquo;honneur en Province de Namur avec \u00ab La Caravane du court \u00bb qui sillonnera les routes namuroises. Elle fera halte dans cinq cin\u00e9mas et centres culturels num\u00e9ris\u00e9s par la Province de Namur."}

Une caravane du court en région namuroise - We Love Cinema

<blockquote class="wp-embedded-content" data-secret="LMKhQnPbKq"><a href="https://welovecinema.be/fr/caravane-du-court-en-region-namuroise/">Une caravane du court en région namuroise</a></blockquote><iframe sandbox="allow-scripts" security="restricted" src="https://welovecinema.be/fr/caravane-du-court-en-region-namuroise/embed/#?secret=LMKhQnPbKq" width="600" height="338" title="« Une caravane du court en région namuroise » &#8212; We Love Cinema" data-secret="LMKhQnPbKq" frameborder="0" marginwidth="0" marginheight="0" scrolling="no" class="wp-embedded-content"></iframe><script type="text/javascript">
/* <![CDATA[ */
/*! This file is auto-generated */
!function(d,l){"use strict";l.querySelector&&d.addEventListener&&"undefined"!=typeof URL&&(d.wp=d.wp||{},d.wp.receiveEmbedMessage||(d.wp.receiveEmbedMessage=function(e){var t=e.data;if((t||t.secret||t.message||t.value)&&!/[^a-zA-Z0-9]/.test(t.secret)){for(var s,r,n,a=l.querySelectorAll('iframe[data-secret="'+t.secret+'"]'),o=l.querySelectorAll('blockquote[data-secret="'+t.secret+'"]'),c=new RegExp("^https?:$","i"),i=0;i<o.length;i++)o[i].style.display="none";for(i=0;i<a.length;i++)s=a[i],e.source===s.contentWindow&&(s.removeAttribute("style"),"height"===t.message?(1e3<(r=parseInt(t.value,10))?r=1e3:~~r<200&&(r=200),s.height=r):"link"===t.message&&(r=new URL(s.getAttribute("src")),n=new URL(t.value),c.test(n.protocol))&&n.host===r.host&&l.activeElement===s&&(d.top.location.href=t.value))}},d.addEventListener("message",d.wp.receiveEmbedMessage,!1),l.addEventListener("DOMContentLoaded",function(){for(var e,t,s=l.querySelectorAll("iframe.wp-embedded-content"),r=0;r<s.length;r++)(t=(e=s[r]).getAttribute("data-secret"))||(t=Math.random().toString(36).substring(2,12),e.src+="#?secret="+t,e.setAttribute("data-secret",t)),e.contentWindow.postMessage({message:"ready",secret:t},"*")},!1)))}(window,document);
/* ]]> */
</script>

Du 18 au 21 novembre 2014, le FIFF et la Province de Namur s&rsquo;associent pour mettre les courts métrages belges à l&rsquo;honneur en Province de Namur avec « La Caravane du court » qui sillonnera les routes namuroises. Elle fera halte dans cinq cinémas et centres culturels numérisés par la Province de Namur.
