{"version":"1.0","provider_name":"We Love Cinema","provider_url":"https:\/\/welovecinema.be\/fr\/","author_name":"Philippe.Pierquin","author_url":"https:\/\/welovecinema.be\/fr\/author\/philippe-pierquin\/","title":"Le Canada fait la f\u00eate au cin\u00e9ma belge francophone - We Love Cinema","type":"rich","width":600,"height":338,"html":"<blockquote class=\"wp-embedded-content\" data-secret=\"cjI0H3dF4Z\"><a href=\"https:\/\/welovecinema.be\/fr\/canada-fait-fete-au-cinema-belge-francophone\/\">Le Canada fait la f\u00eate au cin\u00e9ma belge francophone<\/a><\/blockquote><iframe sandbox=\"allow-scripts\" security=\"restricted\" src=\"https:\/\/welovecinema.be\/fr\/canada-fait-fete-au-cinema-belge-francophone\/embed\/#?secret=cjI0H3dF4Z\" width=\"600\" height=\"338\" title=\"\u00ab\u00a0Le Canada fait la f\u00eate au cin\u00e9ma belge francophone\u00a0\u00bb &#8212; We Love Cinema\" data-secret=\"cjI0H3dF4Z\" frameborder=\"0\" marginwidth=\"0\" marginheight=\"0\" scrolling=\"no\" class=\"wp-embedded-content\"><\/iframe><script type=\"text\/javascript\">\n\/* <![CDATA[ *\/\n\/*! This file is auto-generated *\/\n!function(d,l){\"use strict\";l.querySelector&&d.addEventListener&&\"undefined\"!=typeof URL&&(d.wp=d.wp||{},d.wp.receiveEmbedMessage||(d.wp.receiveEmbedMessage=function(e){var t=e.data;if((t||t.secret||t.message||t.value)&&!\/[^a-zA-Z0-9]\/.test(t.secret)){for(var s,r,n,a=l.querySelectorAll('iframe[data-secret=\"'+t.secret+'\"]'),o=l.querySelectorAll('blockquote[data-secret=\"'+t.secret+'\"]'),c=new RegExp(\"^https?:$\",\"i\"),i=0;i<o.length;i++)o[i].style.display=\"none\";for(i=0;i<a.length;i++)s=a[i],e.source===s.contentWindow&&(s.removeAttribute(\"style\"),\"height\"===t.message?(1e3<(r=parseInt(t.value,10))?r=1e3:~~r<200&&(r=200),s.height=r):\"link\"===t.message&&(r=new URL(s.getAttribute(\"src\")),n=new URL(t.value),c.test(n.protocol))&&n.host===r.host&&l.activeElement===s&&(d.top.location.href=t.value))}},d.addEventListener(\"message\",d.wp.receiveEmbedMessage,!1),l.addEventListener(\"DOMContentLoaded\",function(){for(var e,t,s=l.querySelectorAll(\"iframe.wp-embedded-content\"),r=0;r<s.length;r++)(t=(e=s[r]).getAttribute(\"data-secret\"))||(t=Math.random().toString(36).substring(2,12),e.src+=\"#?secret=\"+t,e.setAttribute(\"data-secret\",t)),e.contentWindow.postMessage({message:\"ready\",secret:t},\"*\")},!1)))}(window,document);\n\/* ]]> *\/\n<\/script>\n","thumbnail_url":"https:\/\/welovecinema.be\/wp-content\/uploads\/sites\/2\/2014\/08\/Tokyo-fiancee-3-800x422.jpg","thumbnail_width":800,"thumbnail_height":422,"description":"Petit moment d&rsquo;intense satisfaction : au festival de Toronto comme au Festival des films du Monde de Montr\u00e9al, les productions belges francophones brilleront tout particuli\u00e8rement. Avec les derniers ajouts tout r\u00e9cemment annonc\u00e9s, ce sont dix films soutenus par le Centre du Cin\u00e9ma et de l\u2019Audiovisuel qui y seront pr\u00e9sent\u00e9s. Un raz de mar\u00e9e qui n\u2019a &hellip;"}

Le Canada fait la fête au cinéma belge francophone - We Love Cinema

<blockquote class="wp-embedded-content" data-secret="cjI0H3dF4Z"><a href="https://welovecinema.be/fr/canada-fait-fete-au-cinema-belge-francophone/">Le Canada fait la fête au cinéma belge francophone</a></blockquote><iframe sandbox="allow-scripts" security="restricted" src="https://welovecinema.be/fr/canada-fait-fete-au-cinema-belge-francophone/embed/#?secret=cjI0H3dF4Z" width="600" height="338" title="« Le Canada fait la fête au cinéma belge francophone » &#8212; We Love Cinema" data-secret="cjI0H3dF4Z" frameborder="0" marginwidth="0" marginheight="0" scrolling="no" class="wp-embedded-content"></iframe><script type="text/javascript">
/* <![CDATA[ */
/*! This file is auto-generated */
!function(d,l){"use strict";l.querySelector&&d.addEventListener&&"undefined"!=typeof URL&&(d.wp=d.wp||{},d.wp.receiveEmbedMessage||(d.wp.receiveEmbedMessage=function(e){var t=e.data;if((t||t.secret||t.message||t.value)&&!/[^a-zA-Z0-9]/.test(t.secret)){for(var s,r,n,a=l.querySelectorAll('iframe[data-secret="'+t.secret+'"]'),o=l.querySelectorAll('blockquote[data-secret="'+t.secret+'"]'),c=new RegExp("^https?:$","i"),i=0;i<o.length;i++)o[i].style.display="none";for(i=0;i<a.length;i++)s=a[i],e.source===s.contentWindow&&(s.removeAttribute("style"),"height"===t.message?(1e3<(r=parseInt(t.value,10))?r=1e3:~~r<200&&(r=200),s.height=r):"link"===t.message&&(r=new URL(s.getAttribute("src")),n=new URL(t.value),c.test(n.protocol))&&n.host===r.host&&l.activeElement===s&&(d.top.location.href=t.value))}},d.addEventListener("message",d.wp.receiveEmbedMessage,!1),l.addEventListener("DOMContentLoaded",function(){for(var e,t,s=l.querySelectorAll("iframe.wp-embedded-content"),r=0;r<s.length;r++)(t=(e=s[r]).getAttribute("data-secret"))||(t=Math.random().toString(36).substring(2,12),e.src+="#?secret="+t,e.setAttribute("data-secret",t)),e.contentWindow.postMessage({message:"ready",secret:t},"*")},!1)))}(window,document);
/* ]]> */
</script>

Petit moment d&rsquo;intense satisfaction : au festival de Toronto comme au Festival des films du Monde de Montréal, les productions belges francophones brilleront tout particulièrement. Avec les derniers ajouts tout récemment annoncés, ce sont dix films soutenus par le Centre du Cinéma et de l’Audiovisuel qui y seront présentés. Un raz de marée qui n’a &hellip;
