{"version":"1.0","provider_name":"We Love Cinema","provider_url":"https:\/\/welovecinema.be\/fr\/","author_name":"Philippe.Pierquin","author_url":"https:\/\/welovecinema.be\/fr\/author\/philippe-pierquin\/","title":"Benoit et Olivier sur la L(ag)une   - We Love Cinema","type":"rich","width":600,"height":338,"html":"<blockquote class=\"wp-embedded-content\" data-secret=\"uKVquirJ4f\"><a href=\"https:\/\/welovecinema.be\/fr\/benoit-olivier-lagune\/\">Benoit et Olivier sur la L(ag)une<\/a><\/blockquote><iframe sandbox=\"allow-scripts\" security=\"restricted\" src=\"https:\/\/welovecinema.be\/fr\/benoit-olivier-lagune\/embed\/#?secret=uKVquirJ4f\" width=\"600\" height=\"338\" title=\"\u00ab\u00a0Benoit et Olivier sur la L(ag)une\u00a0\u00bb &#8212; We Love Cinema\" data-secret=\"uKVquirJ4f\" frameborder=\"0\" marginwidth=\"0\" marginheight=\"0\" scrolling=\"no\" class=\"wp-embedded-content\"><\/iframe><script type=\"text\/javascript\">\n\/* <![CDATA[ *\/\n\/*! This file is auto-generated *\/\n!function(d,l){\"use strict\";l.querySelector&&d.addEventListener&&\"undefined\"!=typeof URL&&(d.wp=d.wp||{},d.wp.receiveEmbedMessage||(d.wp.receiveEmbedMessage=function(e){var t=e.data;if((t||t.secret||t.message||t.value)&&!\/[^a-zA-Z0-9]\/.test(t.secret)){for(var s,r,n,a=l.querySelectorAll('iframe[data-secret=\"'+t.secret+'\"]'),o=l.querySelectorAll('blockquote[data-secret=\"'+t.secret+'\"]'),c=new RegExp(\"^https?:$\",\"i\"),i=0;i<o.length;i++)o[i].style.display=\"none\";for(i=0;i<a.length;i++)s=a[i],e.source===s.contentWindow&&(s.removeAttribute(\"style\"),\"height\"===t.message?(1e3<(r=parseInt(t.value,10))?r=1e3:~~r<200&&(r=200),s.height=r):\"link\"===t.message&&(r=new URL(s.getAttribute(\"src\")),n=new URL(t.value),c.test(n.protocol))&&n.host===r.host&&l.activeElement===s&&(d.top.location.href=t.value))}},d.addEventListener(\"message\",d.wp.receiveEmbedMessage,!1),l.addEventListener(\"DOMContentLoaded\",function(){for(var e,t,s=l.querySelectorAll(\"iframe.wp-embedded-content\"),r=0;r<s.length;r++)(t=(e=s[r]).getAttribute(\"data-secret\"))||(t=Math.random().toString(36).substring(2,12),e.src+=\"#?secret=\"+t,e.setAttribute(\"data-secret\",t)),e.contentWindow.postMessage({message:\"ready\",secret:t},\"*\")},!1)))}(window,document);\n\/* ]]> *\/\n<\/script>\n","thumbnail_url":"https:\/\/welovecinema.be\/wp-content\/uploads\/sites\/2\/2014\/07\/rien-a-declarer-rien-a-declarer-02-02-2011-02-02-2011-22-g.jpg","thumbnail_width":1500,"thumbnail_height":1000,"description":"Ils tournent beaucoup et s\u00e9lectionnent de mieux en mieux leurs films. Cons\u00e9quence logique\u00a0: on les voit de plus en plus souvent \u00e0 l\u2019affiche des festivals les plus prestigieux. Ce sera encore le cas \u00e0 la prochaine Mostra de Venise o\u00f9 Benoit Poelvoorde et Olivier Gourmet\u00a0apr\u00e8s s&rsquo;\u00eatre notamment crois\u00e9s dans CowBoy et Rien \u00e0 d\u00e9clarer (photo &hellip;"}

Ils tournent beaucoup et sélectionnent de mieux en mieux leurs films. Conséquence logique : on les voit de plus en plus souvent à l’affiche des festivals les plus prestigieux. Ce sera encore le cas à la prochaine Mostra de Venise où Benoit Poelvoorde et Olivier Gourmet après s&rsquo;être notamment croisés dans CowBoy et Rien à déclarer (photo &hellip;
