{"version":"1.0","provider_name":"We Love Cinema","provider_url":"https:\/\/welovecinema.be\/fr\/","author_name":"Aurore Engelen","author_url":"https:\/\/welovecinema.be\/fr\/author\/aurore-engelen\/","title":"Bande-annonce: \"Yuku et la fleur de l'Himalaya\" - We Love Cinema","type":"rich","width":600,"height":338,"html":"<blockquote class=\"wp-embedded-content\" data-secret=\"JJDLis8Bgn\"><a href=\"https:\/\/welovecinema.be\/fr\/bande-annonce-yuku-et-la-fleur-de-lhimalaya\/\">Bande-annonce: \u00ab\u00a0Yuku et la fleur de l&rsquo;Himalaya\u00a0\u00bb<\/a><\/blockquote><iframe sandbox=\"allow-scripts\" security=\"restricted\" src=\"https:\/\/welovecinema.be\/fr\/bande-annonce-yuku-et-la-fleur-de-lhimalaya\/embed\/#?secret=JJDLis8Bgn\" width=\"600\" height=\"338\" title=\"\u00ab\u00a0Bande-annonce: \u00ab\u00a0Yuku et la fleur de l&rsquo;Himalaya\u00a0\u00bb\u00a0\u00bb &#8212; We Love Cinema\" data-secret=\"JJDLis8Bgn\" frameborder=\"0\" marginwidth=\"0\" marginheight=\"0\" scrolling=\"no\" class=\"wp-embedded-content\"><\/iframe><script type=\"text\/javascript\">\n\/* <![CDATA[ *\/\n\/*! This file is auto-generated *\/\n!function(d,l){\"use strict\";l.querySelector&&d.addEventListener&&\"undefined\"!=typeof URL&&(d.wp=d.wp||{},d.wp.receiveEmbedMessage||(d.wp.receiveEmbedMessage=function(e){var t=e.data;if((t||t.secret||t.message||t.value)&&!\/[^a-zA-Z0-9]\/.test(t.secret)){for(var s,r,n,a=l.querySelectorAll('iframe[data-secret=\"'+t.secret+'\"]'),o=l.querySelectorAll('blockquote[data-secret=\"'+t.secret+'\"]'),c=new RegExp(\"^https?:$\",\"i\"),i=0;i<o.length;i++)o[i].style.display=\"none\";for(i=0;i<a.length;i++)s=a[i],e.source===s.contentWindow&&(s.removeAttribute(\"style\"),\"height\"===t.message?(1e3<(r=parseInt(t.value,10))?r=1e3:~~r<200&&(r=200),s.height=r):\"link\"===t.message&&(r=new URL(s.getAttribute(\"src\")),n=new URL(t.value),c.test(n.protocol))&&n.host===r.host&&l.activeElement===s&&(d.top.location.href=t.value))}},d.addEventListener(\"message\",d.wp.receiveEmbedMessage,!1),l.addEventListener(\"DOMContentLoaded\",function(){for(var e,t,s=l.querySelectorAll(\"iframe.wp-embedded-content\"),r=0;r<s.length;r++)(t=(e=s[r]).getAttribute(\"data-secret\"))||(t=Math.random().toString(36).substring(2,12),e.src+=\"#?secret=\"+t,e.setAttribute(\"data-secret\",t)),e.contentWindow.postMessage({message:\"ready\",secret:t},\"*\")},!1)))}(window,document);\n\/* ]]> *\/\n<\/script>\n","thumbnail_url":"https:\/\/welovecinema.be\/wp-content\/uploads\/sites\/2\/2022\/06\/x1080.jpeg","thumbnail_width":1920,"thumbnail_height":1080,"description":"D\u00e9couvrez la bande-annonce de Yuku et la Fleur de l&rsquo;Himalaya, premier long m\u00e9trage d&rsquo;animation co-r\u00e9alis\u00e9 par R\u00e9mi Durin et Arnaud Demuynck, dont on connait d\u00e9j\u00e0 les programmes de court m\u00e9trages \u00e0 succ\u00e8s, notamment les diff\u00e9rents volumes de La Chouette du Cin\u00e9ma. De quoi \u00e7a parle? En haut des plus hautes montagnes de la terre vit &hellip;"}

Découvrez la bande-annonce de Yuku et la Fleur de l&rsquo;Himalaya, premier long métrage d&rsquo;animation co-réalisé par Rémi Durin et Arnaud Demuynck, dont on connait déjà les programmes de court métrages à succès, notamment les différents volumes de La Chouette du Cinéma. De quoi ça parle? En haut des plus hautes montagnes de la terre vit &hellip;
