{"version":"1.0","provider_name":"We Love Cinema","provider_url":"https:\/\/welovecinema.be\/fr\/","author_name":"Philippe.Pierquin","author_url":"https:\/\/welovecinema.be\/fr\/author\/philippe-pierquin\/","title":"All\u00e9luia : du sang, de la sueur et des larmes (un peu de sexe aussi) ! - We Love Cinema","type":"rich","width":600,"height":338,"html":"<blockquote class=\"wp-embedded-content\" data-secret=\"0W3oXW4R3X\"><a href=\"https:\/\/welovecinema.be\/fr\/alleluia-du-sang-sueur-larmes-peu-sexe\/\">All\u00e9luia : du sang, de la sueur et des larmes (un peu de sexe aussi) !<\/a><\/blockquote><iframe sandbox=\"allow-scripts\" security=\"restricted\" src=\"https:\/\/welovecinema.be\/fr\/alleluia-du-sang-sueur-larmes-peu-sexe\/embed\/#?secret=0W3oXW4R3X\" width=\"600\" height=\"338\" title=\"\u00ab\u00a0All\u00e9luia : du sang, de la sueur et des larmes (un peu de sexe aussi) !\u00a0\u00bb &#8212; We Love Cinema\" data-secret=\"0W3oXW4R3X\" frameborder=\"0\" marginwidth=\"0\" marginheight=\"0\" scrolling=\"no\" class=\"wp-embedded-content\"><\/iframe><script type=\"text\/javascript\">\n\/* <![CDATA[ *\/\n\/*! This file is auto-generated *\/\n!function(d,l){\"use strict\";l.querySelector&&d.addEventListener&&\"undefined\"!=typeof URL&&(d.wp=d.wp||{},d.wp.receiveEmbedMessage||(d.wp.receiveEmbedMessage=function(e){var t=e.data;if((t||t.secret||t.message||t.value)&&!\/[^a-zA-Z0-9]\/.test(t.secret)){for(var s,r,n,a=l.querySelectorAll('iframe[data-secret=\"'+t.secret+'\"]'),o=l.querySelectorAll('blockquote[data-secret=\"'+t.secret+'\"]'),c=new RegExp(\"^https?:$\",\"i\"),i=0;i<o.length;i++)o[i].style.display=\"none\";for(i=0;i<a.length;i++)s=a[i],e.source===s.contentWindow&&(s.removeAttribute(\"style\"),\"height\"===t.message?(1e3<(r=parseInt(t.value,10))?r=1e3:~~r<200&&(r=200),s.height=r):\"link\"===t.message&&(r=new URL(s.getAttribute(\"src\")),n=new URL(t.value),c.test(n.protocol))&&n.host===r.host&&l.activeElement===s&&(d.top.location.href=t.value))}},d.addEventListener(\"message\",d.wp.receiveEmbedMessage,!1),l.addEventListener(\"DOMContentLoaded\",function(){for(var e,t,s=l.querySelectorAll(\"iframe.wp-embedded-content\"),r=0;r<s.length;r++)(t=(e=s[r]).getAttribute(\"data-secret\"))||(t=Math.random().toString(36).substring(2,12),e.src+=\"#?secret=\"+t,e.setAttribute(\"data-secret\",t)),e.contentWindow.postMessage({message:\"ready\",secret:t},\"*\")},!1)))}(window,document);\n\/* ]]> *\/\n<\/script>\n","thumbnail_url":"https:\/\/welovecinema.be\/wp-content\/uploads\/sites\/2\/2010\/10\/DSC02077.jpg","thumbnail_width":1024,"thumbnail_height":768,"description":"\u00ab\u00a0All\u00e9luia !\u00a0\u00bb, s&rsquo;exclame le cin\u00e9phile ! Fabrice Du Welz est de retour sur le plateau de son quatri\u00e8me long m\u00e9trage, deuxi\u00e8me volet de la d\u00e9j\u00e0 mythique trilogie ardennaise entam\u00e9e avec Calvaire. Au d\u00e9part, ce nouveau long devait \u00eatre une esp\u00e8ce de fausse suite, reprenant un personnage dont on parlait dans le film original sans jamais &hellip;"}

Alléluia : du sang, de la sueur et des larmes (un peu de sexe aussi) ! - We Love Cinema

<blockquote class="wp-embedded-content" data-secret="0W3oXW4R3X"><a href="https://welovecinema.be/fr/alleluia-du-sang-sueur-larmes-peu-sexe/">Alléluia : du sang, de la sueur et des larmes (un peu de sexe aussi) !</a></blockquote><iframe sandbox="allow-scripts" security="restricted" src="https://welovecinema.be/fr/alleluia-du-sang-sueur-larmes-peu-sexe/embed/#?secret=0W3oXW4R3X" width="600" height="338" title="« Alléluia : du sang, de la sueur et des larmes (un peu de sexe aussi) ! » &#8212; We Love Cinema" data-secret="0W3oXW4R3X" frameborder="0" marginwidth="0" marginheight="0" scrolling="no" class="wp-embedded-content"></iframe><script type="text/javascript">
/* <![CDATA[ */
/*! This file is auto-generated */
!function(d,l){"use strict";l.querySelector&&d.addEventListener&&"undefined"!=typeof URL&&(d.wp=d.wp||{},d.wp.receiveEmbedMessage||(d.wp.receiveEmbedMessage=function(e){var t=e.data;if((t||t.secret||t.message||t.value)&&!/[^a-zA-Z0-9]/.test(t.secret)){for(var s,r,n,a=l.querySelectorAll('iframe[data-secret="'+t.secret+'"]'),o=l.querySelectorAll('blockquote[data-secret="'+t.secret+'"]'),c=new RegExp("^https?:$","i"),i=0;i<o.length;i++)o[i].style.display="none";for(i=0;i<a.length;i++)s=a[i],e.source===s.contentWindow&&(s.removeAttribute("style"),"height"===t.message?(1e3<(r=parseInt(t.value,10))?r=1e3:~~r<200&&(r=200),s.height=r):"link"===t.message&&(r=new URL(s.getAttribute("src")),n=new URL(t.value),c.test(n.protocol))&&n.host===r.host&&l.activeElement===s&&(d.top.location.href=t.value))}},d.addEventListener("message",d.wp.receiveEmbedMessage,!1),l.addEventListener("DOMContentLoaded",function(){for(var e,t,s=l.querySelectorAll("iframe.wp-embedded-content"),r=0;r<s.length;r++)(t=(e=s[r]).getAttribute("data-secret"))||(t=Math.random().toString(36).substring(2,12),e.src+="#?secret="+t,e.setAttribute("data-secret",t)),e.contentWindow.postMessage({message:"ready",secret:t},"*")},!1)))}(window,document);
/* ]]> */
</script>

« Alléluia ! », s&rsquo;exclame le cinéphile ! Fabrice Du Welz est de retour sur le plateau de son quatrième long métrage, deuxième volet de la déjà mythique trilogie ardennaise entamée avec Calvaire. Au départ, ce nouveau long devait être une espèce de fausse suite, reprenant un personnage dont on parlait dans le film original sans jamais &hellip;
