{"version":"1.0","provider_name":"We Love Cinema","provider_url":"https:\/\/welovecinema.be\/fr\/","author_name":"Aurore Engelen","author_url":"https:\/\/welovecinema.be\/fr\/author\/aurore-engelen\/","title":"\"Adorables\": la guerre (des nerfs) est d\u00e9clar\u00e9e - We Love Cinema","type":"rich","width":600,"height":338,"html":"<blockquote class=\"wp-embedded-content\" data-secret=\"tGSVnYGfjy\"><a href=\"https:\/\/welovecinema.be\/fr\/adorables-la-guerre-des-nerfs-est-declaree\/\">\u00ab\u00a0Adorables\u00a0\u00bb: la guerre (des nerfs) est d\u00e9clar\u00e9e<\/a><\/blockquote><iframe sandbox=\"allow-scripts\" security=\"restricted\" src=\"https:\/\/welovecinema.be\/fr\/adorables-la-guerre-des-nerfs-est-declaree\/embed\/#?secret=tGSVnYGfjy\" width=\"600\" height=\"338\" title=\"\u00ab\u00a0\u00ab\u00a0Adorables\u00a0\u00bb: la guerre (des nerfs) est d\u00e9clar\u00e9e\u00a0\u00bb &#8212; We Love Cinema\" data-secret=\"tGSVnYGfjy\" frameborder=\"0\" marginwidth=\"0\" marginheight=\"0\" scrolling=\"no\" class=\"wp-embedded-content\"><\/iframe><script type=\"text\/javascript\">\n\/* <![CDATA[ *\/\n\/*! This file is auto-generated *\/\n!function(d,l){\"use strict\";l.querySelector&&d.addEventListener&&\"undefined\"!=typeof URL&&(d.wp=d.wp||{},d.wp.receiveEmbedMessage||(d.wp.receiveEmbedMessage=function(e){var t=e.data;if((t||t.secret||t.message||t.value)&&!\/[^a-zA-Z0-9]\/.test(t.secret)){for(var s,r,n,a=l.querySelectorAll('iframe[data-secret=\"'+t.secret+'\"]'),o=l.querySelectorAll('blockquote[data-secret=\"'+t.secret+'\"]'),c=new RegExp(\"^https?:$\",\"i\"),i=0;i<o.length;i++)o[i].style.display=\"none\";for(i=0;i<a.length;i++)s=a[i],e.source===s.contentWindow&&(s.removeAttribute(\"style\"),\"height\"===t.message?(1e3<(r=parseInt(t.value,10))?r=1e3:~~r<200&&(r=200),s.height=r):\"link\"===t.message&&(r=new URL(s.getAttribute(\"src\")),n=new URL(t.value),c.test(n.protocol))&&n.host===r.host&&l.activeElement===s&&(d.top.location.href=t.value))}},d.addEventListener(\"message\",d.wp.receiveEmbedMessage,!1),l.addEventListener(\"DOMContentLoaded\",function(){for(var e,t,s=l.querySelectorAll(\"iframe.wp-embedded-content\"),r=0;r<s.length;r++)(t=(e=s[r]).getAttribute(\"data-secret\"))||(t=Math.random().toString(36).substring(2,12),e.src+=\"#?secret=\"+t,e.setAttribute(\"data-secret\",t)),e.contentWindow.postMessage({message:\"ready\",secret:t},\"*\")},!1)))}(window,document);\n\/* ]]> *\/\n<\/script>\n","thumbnail_url":"https:\/\/welovecinema.be\/wp-content\/uploads\/sites\/2\/2020\/06\/14112018-adorables8743-\u220f-Nicolas-Velter-1.jpg","thumbnail_width":847,"thumbnail_height":423,"description":"Apr\u00e8s avoir remport\u00e9 le Magritte du Meilleur premier film pour Faut pas lui dire, Solange Cicurel revient avec un nouveau film pop et p\u00e9tillant, une com\u00e9die familiale autour de l&rsquo;adolescence qui devrait parler \u00e0 nombre d&rsquo;entre nous, que l&rsquo;on soit parent, ado&#8230; ou ex-ado!\u00a0 Emma est psychologue, autrice d&rsquo;un livre sur ses rapports avec sa &hellip;"}

"Adorables": la guerre (des nerfs) est déclarée - We Love Cinema

<blockquote class="wp-embedded-content" data-secret="tGSVnYGfjy"><a href="https://welovecinema.be/fr/adorables-la-guerre-des-nerfs-est-declaree/">« Adorables »: la guerre (des nerfs) est déclarée</a></blockquote><iframe sandbox="allow-scripts" security="restricted" src="https://welovecinema.be/fr/adorables-la-guerre-des-nerfs-est-declaree/embed/#?secret=tGSVnYGfjy" width="600" height="338" title="« « Adorables »: la guerre (des nerfs) est déclarée » &#8212; We Love Cinema" data-secret="tGSVnYGfjy" frameborder="0" marginwidth="0" marginheight="0" scrolling="no" class="wp-embedded-content"></iframe><script type="text/javascript">
/* <![CDATA[ */
/*! This file is auto-generated */
!function(d,l){"use strict";l.querySelector&&d.addEventListener&&"undefined"!=typeof URL&&(d.wp=d.wp||{},d.wp.receiveEmbedMessage||(d.wp.receiveEmbedMessage=function(e){var t=e.data;if((t||t.secret||t.message||t.value)&&!/[^a-zA-Z0-9]/.test(t.secret)){for(var s,r,n,a=l.querySelectorAll('iframe[data-secret="'+t.secret+'"]'),o=l.querySelectorAll('blockquote[data-secret="'+t.secret+'"]'),c=new RegExp("^https?:$","i"),i=0;i<o.length;i++)o[i].style.display="none";for(i=0;i<a.length;i++)s=a[i],e.source===s.contentWindow&&(s.removeAttribute("style"),"height"===t.message?(1e3<(r=parseInt(t.value,10))?r=1e3:~~r<200&&(r=200),s.height=r):"link"===t.message&&(r=new URL(s.getAttribute("src")),n=new URL(t.value),c.test(n.protocol))&&n.host===r.host&&l.activeElement===s&&(d.top.location.href=t.value))}},d.addEventListener("message",d.wp.receiveEmbedMessage,!1),l.addEventListener("DOMContentLoaded",function(){for(var e,t,s=l.querySelectorAll("iframe.wp-embedded-content"),r=0;r<s.length;r++)(t=(e=s[r]).getAttribute("data-secret"))||(t=Math.random().toString(36).substring(2,12),e.src+="#?secret="+t,e.setAttribute("data-secret",t)),e.contentWindow.postMessage({message:"ready",secret:t},"*")},!1)))}(window,document);
/* ]]> */
</script>

Après avoir remporté le Magritte du Meilleur premier film pour Faut pas lui dire, Solange Cicurel revient avec un nouveau film pop et pétillant, une comédie familiale autour de l&rsquo;adolescence qui devrait parler à nombre d&rsquo;entre nous, que l&rsquo;on soit parent, ado&#8230; ou ex-ado!  Emma est psychologue, autrice d&rsquo;un livre sur ses rapports avec sa &hellip;
